{"id":759529,"date":"2025-08-28T08:37:38","date_gmt":"2025-08-28T05:37:38","guid":{"rendered":"https:\/\/roveyayinevi.com.tr\/index.php\/urun\/izmirde-son-gemi\/"},"modified":"2026-04-16T03:12:34","modified_gmt":"2026-04-16T00:12:34","slug":"izmirde-son-gemi","status":"publish","type":"product","link":"https:\/\/roveyayinevi.com.tr\/index.php\/urun\/izmirde-son-gemi\/","title":{"rendered":"\u0130zmir\u2019de Son Gemi"},"content":{"rendered":"<p>Sava\u015f\u0131n, \u00fcst\u00fcne g\u00f6lge d\u00fc\u015f\u00fcremedi\u011fi karde\u015fli\u011fin ve a\u015fk\u0131n roman\u0131   \u0130zmir\u2019de Son Gemi, resmi tarihin d\u0131\u015f\u0131ndan seslenen ve tarih bilincine yaslanan bir roman.   Suyun iki yakas\u0131ndaki halklar\u0131n, egemenlerin kurdu\u011fu tuzaklardan ar\u0131nd\u0131\u011f\u0131nda, karde\u015f\u00e7e ve i\u00e7tenlikle nas\u0131l kucakla\u015fabileceklerini, ayn\u0131 kederde ve sevin\u00e7te bir b\u00fct\u00fcn olabileceklerini son derece yal\u0131n ve lirik bir dille anlat\u0131yor.   \u0130zmir\u2019de Son Gemi\u2019nin ser\u00fcveni her \u015feye kar\u015f\u0131n h\u00e2l\u00e2 suyun iki yan\u0131nda da s\u00fcrmekte&#8230; <\/p>\n","protected":false},"excerpt":{"rendered":"<p>Sava\u015f\u0131n, \u00fcst\u00fcne g\u00f6lge d\u00fc\u015f\u00fcremedi\u011fi karde\u015fli\u011fin ve a\u015fk\u0131n roman\u0131 \u0130zmir\u2019de Son Gemi, resmi tarihin d\u0131\u015f\u0131ndan seslenen ve tarih bilincine yaslanan bir roman. Suyun iki yakas\u0131ndaki halklar\u0131n, egemenlerin<span class=\"excerpt-hellip\"> [\u2026]<\/span><\/p>\n","protected":false},"featured_media":0,"template":"","meta":{"_monsterinsights_skip_tracking":false,"_monsterinsights_sitenote_active":false,"_monsterinsights_sitenote_note":"","_monsterinsights_sitenote_category":0},"product_brand":[],"product_cat":[12291,12711],"product_tag":[],"class_list":{"0":"post-759529","1":"product","2":"type-product","3":"status-publish","5":"product_cat-edebiyat","6":"product_cat-roman-oyku","7":"pa_cilt-ciltsiz","8":"pa_tur-kitap","9":"pa_yayinevi-destek-yayinlari","10":"pa_yazar-huseyin-cengiz","12":"first","13":"instock","14":"sale","15":"shipping-taxable","16":"purchasable","17":"product-type-simple"},"_links":{"self":[{"href":"https:\/\/roveyayinevi.com.tr\/index.php\/wp-json\/wp\/v2\/product\/759529","targetHints":{"allow":["GET"]}}],"collection":[{"href":"https:\/\/roveyayinevi.com.tr\/index.php\/wp-json\/wp\/v2\/product"}],"about":[{"href":"https:\/\/roveyayinevi.com.tr\/index.php\/wp-json\/wp\/v2\/types\/product"}],"wp:attachment":[{"href":"https:\/\/roveyayinevi.com.tr\/index.php\/wp-json\/wp\/v2\/media?parent=759529"}],"wp:term":[{"taxonomy":"product_brand","embeddable":true,"href":"https:\/\/roveyayinevi.com.tr\/index.php\/wp-json\/wp\/v2\/product_brand?post=759529"},{"taxonomy":"product_cat","embeddable":true,"href":"https:\/\/roveyayinevi.com.tr\/index.php\/wp-json\/wp\/v2\/product_cat?post=759529"},{"taxonomy":"product_tag","embeddable":true,"href":"https:\/\/roveyayinevi.com.tr\/index.php\/wp-json\/wp\/v2\/product_tag?post=759529"}],"curies":[{"name":"wp","href":"https:\/\/api.w.org\/{rel}","templated":true}]}}