{"id":759518,"date":"2025-08-28T08:37:20","date_gmt":"2025-08-28T05:37:20","guid":{"rendered":"https:\/\/roveyayinevi.com.tr\/index.php\/urun\/cingene-hocanin-ruyasi\/"},"modified":"2026-04-16T03:12:34","modified_gmt":"2026-04-16T00:12:34","slug":"cingene-hocanin-ruyasi","status":"publish","type":"product","link":"https:\/\/roveyayinevi.com.tr\/index.php\/urun\/cingene-hocanin-ruyasi\/","title":{"rendered":"\u00c7ingene Hocan\u0131n R\u00fcyas\u0131"},"content":{"rendered":"<p>Mimar-ressam-yazar Cihat Burak\u2019\u0131n yaz\u0131 ar\u015fivinde bulunan ve 1960\u2019l\u0131 y\u0131llarda Paris\u2019te yaz\u0131ld\u0131\u011f\u0131 anla\u015f\u0131lan \u00c7ingene Hocan\u0131n R\u00fcyas\u0131, sanat\u00e7\u0131 taraf\u0131ndan, 1990\u2019lar\u0131n ba\u015f\u0131nda bir yar\u0131\u015fma vesilesiyle yeniden ele al\u0131nm\u0131\u015f tek perdelik bir oyun, k\u00fclliyat\u0131n\u0131n en \u00f6zel metinlerinden biri&#8230; \u201cAyd\u0131n ge\u00e7inen yar\u0131 m\u00fcnevver\u201d \u00c7ingene Hoca ile \u201chayatta i\u015fi g\u00fcc\u00fc, dini iman\u0131 para olan, para burjuvas\u0131 cahil i\u015fadam\u0131\u201d Gani\u2019yi bir araya getiren oyun, \u00f6yk\u00fclerinde par\u0131ldayan kendine \u00f6zg\u00fc ironik \u00fcslubu gelene\u011fin yans\u0131malar\u0131yla harmanlayarak yepyeni karakterler yaratan, bu karakterleri resimleyerek daha da g\u00f6r\u00fcn\u00fcr k\u0131lan Cihat Burak\u2019tan \u201ctema\u015fa sanat\u0131m\u0131z\u201da bir arma\u011fan&#8230; \u201cHi\u00e7 i\u015fim olmad\u0131\u011f\u0131 halde bu gerilemenin her alanda oldu\u011fu gibi tiyatro alan\u0131nda da oldu\u011funu d\u00fc\u015f\u00fcnd\u00fcm, gelene\u011fe ba\u011fl\u0131 olman\u0131n bir gerilik olmad\u0131\u011f\u0131 kanaatine vard\u0131ktan sonra g\u00f6rene\u011fe ba\u011fl\u0131 olman\u0131n da bir ileri d\u00fc\u015f\u00fcnce say\u0131lamayaca\u011f\u0131 kanaatine vard\u0131m ve Paris\u2019te, k\u00fc\u00e7\u00fck odamda oturup bu denemeyi yazd\u0131m.\u201d<\/p>\n","protected":false},"excerpt":{"rendered":"<p>Mimar-ressam-yazar Cihat Burak\u2019\u0131n yaz\u0131 ar\u015fivinde bulunan ve 1960\u2019l\u0131 y\u0131llarda Paris\u2019te yaz\u0131ld\u0131\u011f\u0131 anla\u015f\u0131lan \u00c7ingene Hocan\u0131n R\u00fcyas\u0131, sanat\u00e7\u0131 taraf\u0131ndan, 1990\u2019lar\u0131n ba\u015f\u0131nda bir yar\u0131\u015fma vesilesiyle yeniden ele al\u0131nm\u0131\u015f tek<span class=\"excerpt-hellip\"> [\u2026]<\/span><\/p>\n","protected":false},"featured_media":0,"template":"","meta":{"_monsterinsights_skip_tracking":false,"_monsterinsights_sitenote_active":false,"_monsterinsights_sitenote_note":"","_monsterinsights_sitenote_category":0},"product_brand":[],"product_cat":[12291,14272],"product_tag":[],"class_list":{"0":"post-759518","1":"product","2":"type-product","3":"status-publish","5":"product_cat-edebiyat","6":"product_cat-tiyatro","7":"pa_cilt-ciltsiz","8":"pa_tur-kitap","9":"pa_yayinevi-everest-yayinlari","10":"pa_yazar-cihat-burak","12":"first","13":"instock","14":"sale","15":"shipping-taxable","16":"purchasable","17":"product-type-simple"},"_links":{"self":[{"href":"https:\/\/roveyayinevi.com.tr\/index.php\/wp-json\/wp\/v2\/product\/759518","targetHints":{"allow":["GET"]}}],"collection":[{"href":"https:\/\/roveyayinevi.com.tr\/index.php\/wp-json\/wp\/v2\/product"}],"about":[{"href":"https:\/\/roveyayinevi.com.tr\/index.php\/wp-json\/wp\/v2\/types\/product"}],"wp:attachment":[{"href":"https:\/\/roveyayinevi.com.tr\/index.php\/wp-json\/wp\/v2\/media?parent=759518"}],"wp:term":[{"taxonomy":"product_brand","embeddable":true,"href":"https:\/\/roveyayinevi.com.tr\/index.php\/wp-json\/wp\/v2\/product_brand?post=759518"},{"taxonomy":"product_cat","embeddable":true,"href":"https:\/\/roveyayinevi.com.tr\/index.php\/wp-json\/wp\/v2\/product_cat?post=759518"},{"taxonomy":"product_tag","embeddable":true,"href":"https:\/\/roveyayinevi.com.tr\/index.php\/wp-json\/wp\/v2\/product_tag?post=759518"}],"curies":[{"name":"wp","href":"https:\/\/api.w.org\/{rel}","templated":true}]}}