{"id":759502,"date":"2025-08-28T08:36:51","date_gmt":"2025-08-28T05:36:51","guid":{"rendered":"https:\/\/roveyayinevi.com.tr\/index.php\/urun\/hayvan-atlasi-ciltli-dunya-haritasi-ve-cikartma-hediyeli\/"},"modified":"2026-04-16T03:12:34","modified_gmt":"2026-04-16T00:12:34","slug":"hayvan-atlasi-ciltli-dunya-haritasi-ve-cikartma-hediyeli","status":"publish","type":"product","link":"https:\/\/roveyayinevi.com.tr\/index.php\/urun\/hayvan-atlasi-ciltli-dunya-haritasi-ve-cikartma-hediyeli\/","title":{"rendered":"Hayvan Atlas\u0131 (Ciltli &#8211; D\u00fcnya Haritas\u0131 ve \u00c7\u0131kartma Hediyeli)"},"content":{"rendered":"<p>Hayvan Atlas\u0131 g\u00fcncellenmi\u015f yeni bask\u0131s\u0131yla raflarda!   Kongo\u2019dan pijamal\u0131 okapiler, Rusya\u2019dan u\u00e7an sincaplar, Endonezya\u2019dan Komodo ejderleri, Japonya\u2019dan hamam keyfi yapan makaklar, Kanada\u2019dan do\u011fu\u015ftan m\u00fchendis kunduzlar, Kolombiya\u2019dan zehri 2 fil \u00f6ld\u00fcrebilen alt\u0131n kurba\u011falar, Kamerun\u2019dan \u00f6fkelenince esneyen su ayg\u0131rlar\u0131, Avusturya\u2019dan dans ederek avlanan gelincikler\u2026 52 \u00fclkeden 52 ilgin\u00e7 canl\u0131 Hayvan Atlas\u0131\u2019nda!   Dr. Fatih Dikmen ve Zeynep Sevde\u2019nin kaleme ald\u0131\u011f\u0131, S\u00fcmeyye Ero\u011flu \u0130skit&#8217;in capcanl\u0131 \u00e7izimleriyle s\u00fcsledi\u011fi Hayvan Atlas\u0131; d\u00fcnyan\u0131n d\u00f6rt bir yan\u0131ndaki hayvanlar\u0131 yak\u0131ndan tan\u0131mak isteyen macerasever ve merakl\u0131 \u00e7ocuklar i\u00e7in yaz\u0131ld\u0131. Atlas\u0131n i\u00e7inden \u00e7\u0131kan dev d\u00fcnya haritas\u0131 ve hayvan \u00e7\u0131kartmalar\u0131yla kitap boyunca anlat\u0131lan bilgileri oyuna d\u00f6n\u00fc\u015ft\u00fcrmek de bu ne\u015feli ansiklopedinin en e\u011flenceli k\u0131sm\u0131!<\/p>\n","protected":false},"excerpt":{"rendered":"<p>Hayvan Atlas\u0131 g\u00fcncellenmi\u015f yeni bask\u0131s\u0131yla raflarda! Kongo\u2019dan pijamal\u0131 okapiler, Rusya\u2019dan u\u00e7an sincaplar, Endonezya\u2019dan Komodo ejderleri, Japonya\u2019dan hamam keyfi yapan makaklar, Kanada\u2019dan do\u011fu\u015ftan m\u00fchendis kunduzlar, Kolombiya\u2019dan zehri<span class=\"excerpt-hellip\"> [\u2026]<\/span><\/p>\n","protected":false},"featured_media":0,"template":"","meta":{"_monsterinsights_skip_tracking":false,"_monsterinsights_sitenote_active":false,"_monsterinsights_sitenote_note":"","_monsterinsights_sitenote_category":0},"product_brand":[],"product_cat":[12274,15842],"product_tag":[],"class_list":{"0":"post-759502","1":"product","2":"type-product","3":"status-publish","5":"product_cat-cocuk-ve-genclik-kitaplari","6":"product_cat-egitici-kitaplar","7":"pa_cilt-ciltli","8":"pa_tur-kitap","9":"pa_yayinevi-taze-kitap","10":"pa_yazar-fatih-dikmen-zeynep-sevde","12":"first","13":"instock","14":"sale","15":"shipping-taxable","16":"purchasable","17":"product-type-simple"},"_links":{"self":[{"href":"https:\/\/roveyayinevi.com.tr\/index.php\/wp-json\/wp\/v2\/product\/759502","targetHints":{"allow":["GET"]}}],"collection":[{"href":"https:\/\/roveyayinevi.com.tr\/index.php\/wp-json\/wp\/v2\/product"}],"about":[{"href":"https:\/\/roveyayinevi.com.tr\/index.php\/wp-json\/wp\/v2\/types\/product"}],"wp:attachment":[{"href":"https:\/\/roveyayinevi.com.tr\/index.php\/wp-json\/wp\/v2\/media?parent=759502"}],"wp:term":[{"taxonomy":"product_brand","embeddable":true,"href":"https:\/\/roveyayinevi.com.tr\/index.php\/wp-json\/wp\/v2\/product_brand?post=759502"},{"taxonomy":"product_cat","embeddable":true,"href":"https:\/\/roveyayinevi.com.tr\/index.php\/wp-json\/wp\/v2\/product_cat?post=759502"},{"taxonomy":"product_tag","embeddable":true,"href":"https:\/\/roveyayinevi.com.tr\/index.php\/wp-json\/wp\/v2\/product_tag?post=759502"}],"curies":[{"name":"wp","href":"https:\/\/api.w.org\/{rel}","templated":true}]}}