{"id":759500,"date":"2025-08-28T08:36:48","date_gmt":"2025-08-28T05:36:48","guid":{"rendered":"https:\/\/roveyayinevi.com.tr\/index.php\/urun\/duvarin-arkasinda-ne-var-organik-kitap-ciltli\/"},"modified":"2026-04-16T03:12:34","modified_gmt":"2026-04-16T00:12:34","slug":"duvarin-arkasinda-ne-var-organik-kitap-ciltli","status":"publish","type":"product","link":"https:\/\/roveyayinevi.com.tr\/index.php\/urun\/duvarin-arkasinda-ne-var-organik-kitap-ciltli\/","title":{"rendered":"Duvar\u0131n Arkas\u0131nda Ne Var? (Organik Kitap) (Ciltli)"},"content":{"rendered":"<p>\u0130ki \u00fclke aras\u0131nda y\u00fcksek bir duvar varm\u0131\u015f. Duvar hep oradaym\u0131\u015f. Duvar\u0131n do\u011fru taraf\u0131nda iyiler ya\u015farm\u0131\u015f, \u00f6teki taraf\u0131nda ise k\u00f6t\u00fcler. Duvar\u0131n her iki taraf\u0131ndakiler de b\u00f6yle s\u00f6yl\u00fcyormu\u015f. Derken bir g\u00fcn bir \u00e7ocuk duvarda bir delik g\u00f6rm\u00fc\u015f. Ve duvar\u0131n arkas\u0131n\u0131 g\u00f6rebilmek i\u00e7in deli\u011fi b\u00fcy\u00fctmeye ba\u015flam\u0131\u015f. Yava\u015f yava\u015f. Sessizce. Duvar\u0131n arkas\u0131nda ne varm\u0131\u015f acaba? Bunu nihayet kendi g\u00f6zleriyle g\u00f6rebilecekmi\u015f.  Duvar\u0131n Arkas\u0131nda Ne Var? bilinmeyene duyulan korku, ba\u015fkalar\u0131n\u0131 kabul etmenin ve ho\u015fg\u00f6r\u00fcn\u00fcn hayat\u0131m\u0131za katt\u0131\u011f\u0131 zenginlikler \u00fczerine evrensel bir hik\u00e2ye.<\/p>\n","protected":false},"excerpt":{"rendered":"<p>\u0130ki \u00fclke aras\u0131nda y\u00fcksek bir duvar varm\u0131\u015f. Duvar hep oradaym\u0131\u015f. Duvar\u0131n do\u011fru taraf\u0131nda iyiler ya\u015farm\u0131\u015f, \u00f6teki taraf\u0131nda ise k\u00f6t\u00fcler. Duvar\u0131n her iki taraf\u0131ndakiler de b\u00f6yle s\u00f6yl\u00fcyormu\u015f.<span class=\"excerpt-hellip\"> [\u2026]<\/span><\/p>\n","protected":false},"featured_media":0,"template":"","meta":{"_monsterinsights_skip_tracking":false,"_monsterinsights_sitenote_active":false,"_monsterinsights_sitenote_note":"","_monsterinsights_sitenote_category":0},"product_brand":[],"product_cat":[12274,12284],"product_tag":[],"class_list":{"0":"post-759500","1":"product","2":"type-product","3":"status-publish","5":"product_cat-cocuk-ve-genclik-kitaplari","6":"product_cat-hikayeler","7":"pa_cilt-ciltli","8":"pa_tur-kitap","9":"pa_yayinevi-beyaz-balina-yayinlari","10":"pa_yazar-marido-viale","12":"first","13":"instock","14":"sale","15":"shipping-taxable","16":"purchasable","17":"product-type-simple"},"_links":{"self":[{"href":"https:\/\/roveyayinevi.com.tr\/index.php\/wp-json\/wp\/v2\/product\/759500","targetHints":{"allow":["GET"]}}],"collection":[{"href":"https:\/\/roveyayinevi.com.tr\/index.php\/wp-json\/wp\/v2\/product"}],"about":[{"href":"https:\/\/roveyayinevi.com.tr\/index.php\/wp-json\/wp\/v2\/types\/product"}],"wp:attachment":[{"href":"https:\/\/roveyayinevi.com.tr\/index.php\/wp-json\/wp\/v2\/media?parent=759500"}],"wp:term":[{"taxonomy":"product_brand","embeddable":true,"href":"https:\/\/roveyayinevi.com.tr\/index.php\/wp-json\/wp\/v2\/product_brand?post=759500"},{"taxonomy":"product_cat","embeddable":true,"href":"https:\/\/roveyayinevi.com.tr\/index.php\/wp-json\/wp\/v2\/product_cat?post=759500"},{"taxonomy":"product_tag","embeddable":true,"href":"https:\/\/roveyayinevi.com.tr\/index.php\/wp-json\/wp\/v2\/product_tag?post=759500"}],"curies":[{"name":"wp","href":"https:\/\/api.w.org\/{rel}","templated":true}]}}