{"id":759484,"date":"2025-08-28T08:36:20","date_gmt":"2025-08-28T05:36:20","guid":{"rendered":"https:\/\/roveyayinevi.com.tr\/index.php\/urun\/disaridaki-kiz-2\/"},"modified":"2026-04-16T03:12:33","modified_gmt":"2026-04-16T00:12:33","slug":"disaridaki-kiz-2","status":"publish","type":"product","link":"https:\/\/roveyayinevi.com.tr\/index.php\/urun\/disaridaki-kiz-2\/","title":{"rendered":"D\u0131\u015far\u0131\u2019daki K\u0131z 2"},"content":{"rendered":"<p>K\u0130MSEYE DOKUNMAMALARI GEREK\u0130YORDU.   Doktor\u2019a ait olmayan so\u011fuk ve siyah bir el Shiva\u2019n\u0131n yana\u011f\u0131na dokundu. Bu dokunu\u015f lanetlenip D\u0131\u015far\u0131l\u0131 biri olmak demekti. Kafas\u0131 kar\u0131\u015fan bu ku\u0308\u00e7u\u0308k, k\u0131r\u0131lgan k\u0131za \u015fimdi ne olacak? Peki ya ona dokunan tuhaf yabanc\u0131n\u0131n u\u011fursuz bir f\u0131s\u0131lt\u0131yla s\u00f6yledi\u011fi \u201canne\u201d kelimesi ne anlama geliyor?   Bu, gece ve gu\u0308ndu\u0308zu\u0308 birbirinden ay\u0131ran o belirsiz anda ortaya \u00e7\u0131kan ikilinin destans\u0131 hik\u00e2yesi. <\/p>\n","protected":false},"excerpt":{"rendered":"<p>K\u0130MSEYE DOKUNMAMALARI GEREK\u0130YORDU. Doktor\u2019a ait olmayan so\u011fuk ve siyah bir el Shiva\u2019n\u0131n yana\u011f\u0131na dokundu. Bu dokunu\u015f lanetlenip D\u0131\u015far\u0131l\u0131 biri olmak demekti. Kafas\u0131 kar\u0131\u015fan bu ku\u0308\u00e7u\u0308k, k\u0131r\u0131lgan<span class=\"excerpt-hellip\"> [\u2026]<\/span><\/p>\n","protected":false},"featured_media":0,"template":"","meta":{"_monsterinsights_skip_tracking":false,"_monsterinsights_sitenote_active":false,"_monsterinsights_sitenote_note":"","_monsterinsights_sitenote_category":0},"product_brand":[],"product_cat":[12416,12291],"product_tag":[],"class_list":{"0":"post-759484","1":"product","2":"type-product","3":"status-publish","5":"product_cat-cizgi-roman","6":"product_cat-edebiyat","7":"pa_cilt-ciltsiz","8":"pa_tur-kitap","9":"pa_yayinevi-athica-yayinlari","10":"pa_yazar-nagabe","12":"first","13":"instock","14":"sale","15":"shipping-taxable","16":"purchasable","17":"product-type-simple"},"_links":{"self":[{"href":"https:\/\/roveyayinevi.com.tr\/index.php\/wp-json\/wp\/v2\/product\/759484","targetHints":{"allow":["GET"]}}],"collection":[{"href":"https:\/\/roveyayinevi.com.tr\/index.php\/wp-json\/wp\/v2\/product"}],"about":[{"href":"https:\/\/roveyayinevi.com.tr\/index.php\/wp-json\/wp\/v2\/types\/product"}],"wp:attachment":[{"href":"https:\/\/roveyayinevi.com.tr\/index.php\/wp-json\/wp\/v2\/media?parent=759484"}],"wp:term":[{"taxonomy":"product_brand","embeddable":true,"href":"https:\/\/roveyayinevi.com.tr\/index.php\/wp-json\/wp\/v2\/product_brand?post=759484"},{"taxonomy":"product_cat","embeddable":true,"href":"https:\/\/roveyayinevi.com.tr\/index.php\/wp-json\/wp\/v2\/product_cat?post=759484"},{"taxonomy":"product_tag","embeddable":true,"href":"https:\/\/roveyayinevi.com.tr\/index.php\/wp-json\/wp\/v2\/product_tag?post=759484"}],"curies":[{"name":"wp","href":"https:\/\/api.w.org\/{rel}","templated":true}]}}