{"id":759470,"date":"2025-08-28T08:35:56","date_gmt":"2025-08-28T05:35:56","guid":{"rendered":"https:\/\/roveyayinevi.com.tr\/index.php\/urun\/aklini-kullanan-cocuklar\/"},"modified":"2026-04-16T03:12:33","modified_gmt":"2026-04-16T00:12:33","slug":"aklini-kullanan-cocuklar","status":"publish","type":"product","link":"https:\/\/roveyayinevi.com.tr\/index.php\/urun\/aklini-kullanan-cocuklar\/","title":{"rendered":"Akl\u0131n\u0131 Kullanan \u00c7ocuklar"},"content":{"rendered":"<p>Akl\u0131n\u0131 kullan! Genellikle uyar\u0131 amac\u0131yla kullan\u0131lan bu s\u00f6z\u00fc bir yerlerde mutlaka duymu\u015fsundur. Sen \u015fimdi, &#8220;Nedir bu akl\u0131n\u0131 kullanmak?\u201d diye sorabilirsin. \u00c7\u00f6z\u00fcm akl\u0131 kullanmaksa acaba ak\u0131l nedir? Akl\u0131m\u0131z\u0131 kullanmak nas\u0131l bir \u015feydir? Akl\u0131 do\u011fru kullanmam\u0131za engel olan fakt\u00f6rler nelerdir? Peki, akl\u0131n\u0131 en iyi kullananlar kimlerdir? Akl\u0131na bunlar ve daha bir\u00e7ok soru gelmi\u015f olabilir.<\/p>\n","protected":false},"excerpt":{"rendered":"<p>Akl\u0131n\u0131 kullan! Genellikle uyar\u0131 amac\u0131yla kullan\u0131lan bu s\u00f6z\u00fc bir yerlerde mutlaka duymu\u015fsundur. Sen \u015fimdi, &#8220;Nedir bu akl\u0131n\u0131 kullanmak?\u201d diye sorabilirsin. \u00c7\u00f6z\u00fcm akl\u0131 kullanmaksa acaba ak\u0131l nedir?<span class=\"excerpt-hellip\"> [\u2026]<\/span><\/p>\n","protected":false},"featured_media":0,"template":"","meta":{"_monsterinsights_skip_tracking":false,"_monsterinsights_sitenote_active":false,"_monsterinsights_sitenote_note":"","_monsterinsights_sitenote_category":0},"product_brand":[],"product_cat":[12274],"product_tag":[],"class_list":{"0":"post-759470","1":"product","2":"type-product","3":"status-publish","5":"product_cat-cocuk-ve-genclik-kitaplari","6":"pa_cilt-ciltsiz","7":"pa_tur-kitap","8":"pa_yayinevi-beta-kids","9":"pa_yazar-ozlem-ozyurt","11":"first","12":"instock","13":"sale","14":"shipping-taxable","15":"purchasable","16":"product-type-simple"},"_links":{"self":[{"href":"https:\/\/roveyayinevi.com.tr\/index.php\/wp-json\/wp\/v2\/product\/759470","targetHints":{"allow":["GET"]}}],"collection":[{"href":"https:\/\/roveyayinevi.com.tr\/index.php\/wp-json\/wp\/v2\/product"}],"about":[{"href":"https:\/\/roveyayinevi.com.tr\/index.php\/wp-json\/wp\/v2\/types\/product"}],"wp:attachment":[{"href":"https:\/\/roveyayinevi.com.tr\/index.php\/wp-json\/wp\/v2\/media?parent=759470"}],"wp:term":[{"taxonomy":"product_brand","embeddable":true,"href":"https:\/\/roveyayinevi.com.tr\/index.php\/wp-json\/wp\/v2\/product_brand?post=759470"},{"taxonomy":"product_cat","embeddable":true,"href":"https:\/\/roveyayinevi.com.tr\/index.php\/wp-json\/wp\/v2\/product_cat?post=759470"},{"taxonomy":"product_tag","embeddable":true,"href":"https:\/\/roveyayinevi.com.tr\/index.php\/wp-json\/wp\/v2\/product_tag?post=759470"}],"curies":[{"name":"wp","href":"https:\/\/api.w.org\/{rel}","templated":true}]}}