{"id":759455,"date":"2025-08-28T08:35:26","date_gmt":"2025-08-28T05:35:26","guid":{"rendered":"https:\/\/roveyayinevi.com.tr\/index.php\/urun\/mektup-agaci\/"},"modified":"2026-04-16T03:12:33","modified_gmt":"2026-04-16T00:12:33","slug":"mektup-agaci","status":"publish","type":"product","link":"https:\/\/roveyayinevi.com.tr\/index.php\/urun\/mektup-agaci\/","title":{"rendered":"Mektup A\u011fac\u0131"},"content":{"rendered":"<p>\u201c\u0130nsanlar bu a\u011fac\u0131 \u00f6nemsiyorlard\u0131; a\u011fac\u0131n yan\u0131na gelip onu suluyorlar ve benim \u015fu anda kelimeler ve g\u00f6zya\u015flar\u0131yla yapt\u0131\u011f\u0131m gibi onunla konu\u015fuyorlard\u0131. Bunun d\u0131\u015f\u0131nda d\u00fcnya tozdan ibaretti.\u201d Nyx, kurakl\u0131k ve orman yang\u0131nlar\u0131ndan fazlas\u0131yla pay\u0131n\u0131 alm\u0131\u015f 2093\u2019u\u0308n Tasmanya\u2019s\u0131nda ya\u015f\u0131yor. Ada, son zamanlarda deniz seviyesinin de yu\u0308kselmesiyle birlikte kaderine terk edilmek u\u0308zere\u2026 Nyx\u2019in babas\u0131 vakit varken buray\u0131 terk etmek ister fakat Nyx i\u00e7in West Hobart bildi\u011fi tek yerdir. Teselliyi, evinin yak\u0131n\u0131ndaki tozlu arazide topra\u011fa tutunup ya\u015famaya devam eden tek \u015feyde; bir a\u011fa\u00e7ta bulur. \u015eimdiki zamanda, e\u015fsiz gu\u0308zelliklerle dolu Tasmanya\u2019da ya\u015fayan Bea ise ailesiyle birlikte \u00e7ok sevdi\u011fi bu yerden ta\u015f\u0131nmak u\u0308zeredir. Bir gu\u0308n t\u0131rmand\u0131\u011f\u0131 a\u011fac\u0131n g\u00f6vdesindeki kovu\u011fa bir not b\u0131rak\u0131r; i\u00e7indekileri \u00e7aresizce d\u00f6kt\u00fc\u011f\u00fc\u0308 bir k\u00e2\u011f\u0131t par\u00e7as\u0131n\u0131\u2026 Bu not, zaman\u0131n s\u0131n\u0131rlar\u0131n\u0131 a\u015farak Nyx\u2019in eline ge\u00e7er ve Nyx hemen ona cevap yazar. K\u0131zlar iki farkl\u0131 zaman diliminde yaz\u0131\u015fmaya ba\u015flar ve b\u00f6ylelikle zaman\u0131n mant\u0131\u011f\u0131na meydan okuyan bir dostluk kurarlar. Nyx \u00f6nce yang\u0131n, ard\u0131ndan da sel felaketiyle kar\u015f\u0131 kar\u015f\u0131ya kal\u0131nca, gelece\u011fi de\u011fi\u015ftirmek i\u00e7in arkada\u015f\u0131 Bea\u2019dan yard\u0131m ister. Mektup A\u011fac\u0131, zaman\u0131n s\u0131n\u0131rlar\u0131n\u0131 zorlamaya ve gelece\u011fi birlikte in\u015fa etmeye cesaret edenler i\u00e7in\u2026 \u0130klim de\u011fi\u015fimi hakk\u0131nda hassas ve nihayetinde umut verici bir hik\u00e2ye\u2026<\/p>\n","protected":false},"excerpt":{"rendered":"<p>\u201c\u0130nsanlar bu a\u011fac\u0131 \u00f6nemsiyorlard\u0131; a\u011fac\u0131n yan\u0131na gelip onu suluyorlar ve benim \u015fu anda kelimeler ve g\u00f6zya\u015flar\u0131yla yapt\u0131\u011f\u0131m gibi onunla konu\u015fuyorlard\u0131. Bunun d\u0131\u015f\u0131nda d\u00fcnya tozdan ibaretti.\u201d Nyx,<span class=\"excerpt-hellip\"> [\u2026]<\/span><\/p>\n","protected":false},"featured_media":0,"template":"","meta":{"_monsterinsights_skip_tracking":false,"_monsterinsights_sitenote_active":false,"_monsterinsights_sitenote_note":"","_monsterinsights_sitenote_category":0},"product_brand":[],"product_cat":[12291,12711],"product_tag":[],"class_list":{"0":"post-759455","1":"product","2":"type-product","3":"status-publish","5":"product_cat-edebiyat","6":"product_cat-roman-oyku","7":"pa_cilt-ciltsiz","8":"pa_tur-kitap","9":"pa_yayinevi-ketebe-yayinlari","10":"pa_yazar-rebecca-lim-kate-gordon","12":"first","13":"instock","14":"sale","15":"shipping-taxable","16":"purchasable","17":"product-type-simple"},"_links":{"self":[{"href":"https:\/\/roveyayinevi.com.tr\/index.php\/wp-json\/wp\/v2\/product\/759455","targetHints":{"allow":["GET"]}}],"collection":[{"href":"https:\/\/roveyayinevi.com.tr\/index.php\/wp-json\/wp\/v2\/product"}],"about":[{"href":"https:\/\/roveyayinevi.com.tr\/index.php\/wp-json\/wp\/v2\/types\/product"}],"wp:attachment":[{"href":"https:\/\/roveyayinevi.com.tr\/index.php\/wp-json\/wp\/v2\/media?parent=759455"}],"wp:term":[{"taxonomy":"product_brand","embeddable":true,"href":"https:\/\/roveyayinevi.com.tr\/index.php\/wp-json\/wp\/v2\/product_brand?post=759455"},{"taxonomy":"product_cat","embeddable":true,"href":"https:\/\/roveyayinevi.com.tr\/index.php\/wp-json\/wp\/v2\/product_cat?post=759455"},{"taxonomy":"product_tag","embeddable":true,"href":"https:\/\/roveyayinevi.com.tr\/index.php\/wp-json\/wp\/v2\/product_tag?post=759455"}],"curies":[{"name":"wp","href":"https:\/\/api.w.org\/{rel}","templated":true}]}}