{"id":759452,"date":"2025-08-28T08:35:21","date_gmt":"2025-08-28T05:35:21","guid":{"rendered":"https:\/\/roveyayinevi.com.tr\/index.php\/urun\/ayni-yildizin-altinda\/"},"modified":"2026-04-16T03:12:33","modified_gmt":"2026-04-16T00:12:33","slug":"ayni-yildizin-altinda","status":"publish","type":"product","link":"https:\/\/roveyayinevi.com.tr\/index.php\/urun\/ayni-yildizin-altinda\/","title":{"rendered":"Ayn\u0131 Y\u0131ld\u0131z\u0131n Alt\u0131nda"},"content":{"rendered":"<p>\u201cIst\u0131rab\u0131n, s\u0131k\u0131nt\u0131n\u0131n y\u00fcrekte yeri sevin\u00e7ten daha uzun ve unutulmazd\u0131r. Mutluluk, bolluk bize normal geliyordu. Oysa her canl\u0131 yarat\u0131k, ne kadar uzun s\u00fcrerse s\u00fcrs\u00fcn, s\u0131k\u0131nt\u0131 ve zorlu\u011fa isyan eder.  Bunlar\u0131 hep i\u00e7ime att\u0131m ben. Kendime yapt\u0131\u011f\u0131m yanl\u0131\u015f\u0131n cezas\u0131n\u0131 kestim. Asl\u0131nda bizim gibi insanlar \u00e7ok zorlukla kar\u015f\u0131la\u015ft\u0131ktan sonra daha olgun bir ruha kavu\u015fuyormu\u015f. T\u0131pk\u0131 \u015fimdi i\u00e7inde oldu\u011fumuz halimiz gibi\u2026\u201d   Ayn\u0131 Y\u0131ld\u0131z\u0131n Alt\u0131nda, Osmanl\u0131 \u0130mparatorlu\u011fu&#8217;nun \u00e7alkant\u0131l\u0131 son d\u00f6nemleri, \u00fc\u00e7 farkl\u0131 kad\u0131n\u0131n g\u00f6z\u00fcnden anlat\u0131l\u0131r. Geleneksel normlarla m\u00fccadele ederken modernle\u015fme r\u00fczg\u00e2rlar\u0131na kap\u0131lan, birbirinden farkl\u0131 ama bir o kadar da i\u00e7 i\u00e7e ge\u00e7mi\u015f ya\u015famlar\u0131yla okuyucuyu etkiler. Roman, d\u00f6nemin toplumsal de\u011fi\u015fimlerini, sava\u015f\u0131n yaratt\u0131\u011f\u0131 zorluklar\u0131 ve kad\u0131nlar\u0131n bu karma\u015fada bulduklar\u0131 g\u00fc\u00e7l\u00fc duru\u015fu ele alarak, tarihi bir perspektif sunar. Ayn\u0131 zamanda, a\u015fk\u0131n, dostlu\u011fun ve direncin g\u00fc\u00e7l\u00fc temsillerini i\u00e7erir.   Yazar, \u00fc\u00e7 kad\u0131n\u0131n hik\u00e2yesini anlat\u0131rken, onlar\u0131n i\u00e7sel d\u00fcnyalar\u0131na ve duygusal geli\u015fimlerine odaklanarak, karakterlerin derinli\u011fini ve karma\u015f\u0131kl\u0131\u011f\u0131n\u0131 ortaya koyar. B\u00f6ylece, sadece tarih\u00ee bir d\u00f6nemi de\u011fil, ayn\u0131 zamanda insan\u0131n evrensel duygular\u0131n\u0131 da ke\u015ffetme f\u0131rsat\u0131 verir <\/p>\n","protected":false},"excerpt":{"rendered":"<p>\u201cIst\u0131rab\u0131n, s\u0131k\u0131nt\u0131n\u0131n y\u00fcrekte yeri sevin\u00e7ten daha uzun ve unutulmazd\u0131r. Mutluluk, bolluk bize normal geliyordu. Oysa her canl\u0131 yarat\u0131k, ne kadar uzun s\u00fcrerse s\u00fcrs\u00fcn, s\u0131k\u0131nt\u0131 ve zorlu\u011fa<span class=\"excerpt-hellip\"> [\u2026]<\/span><\/p>\n","protected":false},"featured_media":0,"template":"","meta":{"_monsterinsights_skip_tracking":false,"_monsterinsights_sitenote_active":false,"_monsterinsights_sitenote_note":"","_monsterinsights_sitenote_category":0},"product_brand":[],"product_cat":[12291,12711],"product_tag":[],"class_list":{"0":"post-759452","1":"product","2":"type-product","3":"status-publish","5":"product_cat-edebiyat","6":"product_cat-roman-oyku","7":"pa_cilt-ciltsiz","8":"pa_tur-kitap","9":"pa_yayinevi-ayrikotu-yayinlari","10":"pa_yazar-oya-akcizmeci","12":"first","13":"instock","14":"sale","15":"shipping-taxable","16":"purchasable","17":"product-type-simple"},"_links":{"self":[{"href":"https:\/\/roveyayinevi.com.tr\/index.php\/wp-json\/wp\/v2\/product\/759452","targetHints":{"allow":["GET"]}}],"collection":[{"href":"https:\/\/roveyayinevi.com.tr\/index.php\/wp-json\/wp\/v2\/product"}],"about":[{"href":"https:\/\/roveyayinevi.com.tr\/index.php\/wp-json\/wp\/v2\/types\/product"}],"wp:attachment":[{"href":"https:\/\/roveyayinevi.com.tr\/index.php\/wp-json\/wp\/v2\/media?parent=759452"}],"wp:term":[{"taxonomy":"product_brand","embeddable":true,"href":"https:\/\/roveyayinevi.com.tr\/index.php\/wp-json\/wp\/v2\/product_brand?post=759452"},{"taxonomy":"product_cat","embeddable":true,"href":"https:\/\/roveyayinevi.com.tr\/index.php\/wp-json\/wp\/v2\/product_cat?post=759452"},{"taxonomy":"product_tag","embeddable":true,"href":"https:\/\/roveyayinevi.com.tr\/index.php\/wp-json\/wp\/v2\/product_tag?post=759452"}],"curies":[{"name":"wp","href":"https:\/\/api.w.org\/{rel}","templated":true}]}}