{"id":759448,"date":"2025-08-28T08:35:13","date_gmt":"2025-08-28T05:35:13","guid":{"rendered":"https:\/\/roveyayinevi.com.tr\/index.php\/urun\/disk-dunya-08-muhafizlar-muhafizlar\/"},"modified":"2026-04-11T03:22:51","modified_gmt":"2026-04-11T00:22:51","slug":"disk-dunya-08-muhafizlar-muhafizlar","status":"publish","type":"product","link":"https:\/\/roveyayinevi.com.tr\/index.php\/urun\/disk-dunya-08-muhafizlar-muhafizlar\/","title":{"rendered":"Disk D\u00fcnya 08: Muhaf\u0131zlar! Muhaf\u0131zlar!"},"content":{"rendered":"<p>&#8220;D\u00fcnyan\u0131n onca kentinde o kadar batakl\u0131k dururken, o ejderha benimkine u\u00e7tu\u2026 Ankh-Morpork! Y\u00fcz bin ruhtan olu\u015fan karga\u015fa dolu bir \u015fehir! Ve o say\u0131n\u0131n on kat\u0131 kadar da bir n\u00fcfus\u2026\u201d Yak\u0131n ge\u00e7mi\u015fte, sonsuzlu\u011fun b\u00fcy\u00fcl\u00fc evrenine u\u011furlad\u0131\u011f\u0131m\u0131z Sir Terry Pratchett\u2019\u0131n, d\u00fcnya \u00e7ap\u0131nda 85 milyonun \u00fczerinde satan 41 kitapl\u0131k, k\u00fcltle\u015fmi\u015f &#8220;DiskD\u00fcnya\u201d serisi, B\u00fcy\u00fcn\u00fcn Rengi, Fantastik I\u015f\u0131k,E\u015fit Haklar, Mort, Hasb\u00fcy\u00fc, Ucube Kocakar\u0131lar ve Piramitler\u2019\u0131n ard\u0131ndan Muhaf\u0131zlar! Muhaf\u0131zlar! ile devam ediyor.Niran El\u00e7i\u2019nin p\u00fcr\u00fczs\u00fcz T\u00fcrk\u00e7esi ve Delidolu\u2019nun \u00f6zenli bask\u0131s\u0131yla okurlar\u0131n\u0131n be\u011fenisine sunulan efsane dizinin sekizinci kitab\u0131, envai \u00e7e\u015fit ejderhan\u0131n, c\u00fccenin ve bakire kurban\u0131n cirit att\u0131\u011f\u0131 eski usul ama d\u00e2hice kurgulanm\u0131\u015f klasik bir kara polisiyeye d\u00f6n\u00fc\u015f\u00fcyor.Sarho\u015flar\u0131n, h\u0131rs\u0131zlar\u0131n, sihirbazlar\u0131n, \u00e2\u015f\u0131klar\u0131n, d\u00fc\u015fmanlar\u0131n, iyilerin ve k\u00f6t\u00fclerin bulu\u015fma yeri olarak nam salan, DiskD\u00fcnya\u2019n\u0131n en b\u00fcy\u00fck, en kalabal\u0131k ve en pis \u015fehri Ankh-Morpork\u2019a \u015fimdi de davetsiz misafirler musallat oluyor. Nereden geldi\u011fi belli olmayan ve kenti kendine hedef alan devasa ve \u00f6l\u00fcmc\u00fcl bir ejderhaya kar\u015f\u0131 tek umut; itibar\u0131 ancak b\u00fcy\u00fcte\u00e7 ile g\u00f6r\u00fclebilen muhaf\u0131z te\u015fkilat\u0131n\u0131n, yani Bek\u00e7ilerin komutan\u0131, Y\u00fczba\u015f\u0131 Sam Vimes&#8217;a ba\u011flan\u0131yor. Vimes, z\u0131mba gibi bir Bek\u00e7i. Tabii sadece ay\u0131k oldu\u011fu ve Lady Sybil Ramkin\u2019le birlikte olmad\u0131\u011f\u0131 zamanlarda\u2026 Terry Pratchett, Muhaf\u0131zlar! Muhaf\u0131zlar!&#8217;da mizah\u0131n ve ironinin dozunu iyice y\u00fckselterek, &#8220;uyu\u015fuk\u201d ejderhalar\u0131n Ankh-Morpork\u2019un labirentvari ve tehlikeli sokaklar\u0131n\u0131 nas\u0131l birbirine katt\u0131klar\u0131n\u0131 g\u00f6zler \u00f6n\u00fcne sererken \u00f6nemli bir noktaya de\u011finmeyi de ihmal etmiyor. Kudretli bir ejderhay\u0131 \u00e7a\u011f\u0131rmak b\u00fcy\u00fck bir sorumlulu\u011fu da beraberinde getirir. DiskD\u00fcnya serisi, hayal g\u00fcc\u00fcn\u00fcn s\u0131n\u0131rlar\u0131n\u0131 zorlayan kurgusunun yan\u0131 s\u0131ra kuantum fizi\u011finden sanayi devrimine, pop\u00fcler k\u00fclt\u00fcr kli\u015felerinden edebiyat ve sinema klasiklerine uzanan de\u011fi\u015fik k\u00fclt\u00fcr unsurlar\u0131na sayg\u0131 duru\u015funda bulunarak ger\u00e7ek d\u00fcnyadaki pek \u00e7ok konuyla dalga ge\u00e7mesini bilen g\u00f6z kama\u015ft\u0131r\u0131c\u0131 bir edebiyat harikas\u0131\u2026 <\/p>\n","protected":false},"excerpt":{"rendered":"<p>&#8220;D\u00fcnyan\u0131n onca kentinde o kadar batakl\u0131k dururken, o ejderha benimkine u\u00e7tu\u2026 Ankh-Morpork! Y\u00fcz bin ruhtan olu\u015fan karga\u015fa dolu bir \u015fehir! Ve o say\u0131n\u0131n on kat\u0131 kadar<span class=\"excerpt-hellip\"> [\u2026]<\/span><\/p>\n","protected":false},"featured_media":0,"template":"","meta":{"_monsterinsights_skip_tracking":false,"_monsterinsights_sitenote_active":false,"_monsterinsights_sitenote_note":"","_monsterinsights_sitenote_category":0},"product_brand":[],"product_cat":[12291,12711],"product_tag":[],"class_list":{"0":"post-759448","1":"product","2":"type-product","3":"status-publish","5":"product_cat-edebiyat","6":"product_cat-roman-oyku","7":"pa_cilt-ciltsiz","8":"pa_tur-kitap","9":"pa_yayinevi-tudem-yayinlari","10":"pa_yazar-terry-pratchett","12":"first","13":"instock","14":"sale","15":"shipping-taxable","16":"purchasable","17":"product-type-simple"},"_links":{"self":[{"href":"https:\/\/roveyayinevi.com.tr\/index.php\/wp-json\/wp\/v2\/product\/759448","targetHints":{"allow":["GET"]}}],"collection":[{"href":"https:\/\/roveyayinevi.com.tr\/index.php\/wp-json\/wp\/v2\/product"}],"about":[{"href":"https:\/\/roveyayinevi.com.tr\/index.php\/wp-json\/wp\/v2\/types\/product"}],"wp:attachment":[{"href":"https:\/\/roveyayinevi.com.tr\/index.php\/wp-json\/wp\/v2\/media?parent=759448"}],"wp:term":[{"taxonomy":"product_brand","embeddable":true,"href":"https:\/\/roveyayinevi.com.tr\/index.php\/wp-json\/wp\/v2\/product_brand?post=759448"},{"taxonomy":"product_cat","embeddable":true,"href":"https:\/\/roveyayinevi.com.tr\/index.php\/wp-json\/wp\/v2\/product_cat?post=759448"},{"taxonomy":"product_tag","embeddable":true,"href":"https:\/\/roveyayinevi.com.tr\/index.php\/wp-json\/wp\/v2\/product_tag?post=759448"}],"curies":[{"name":"wp","href":"https:\/\/api.w.org\/{rel}","templated":true}]}}