{"id":759443,"date":"2025-08-28T08:35:04","date_gmt":"2025-08-28T05:35:04","guid":{"rendered":"https:\/\/roveyayinevi.com.tr\/index.php\/urun\/disney-aristokedicikler-buyuk-tavsan-yarisi\/"},"modified":"2026-04-16T03:12:32","modified_gmt":"2026-04-16T00:12:32","slug":"disney-aristokedicikler-buyuk-tavsan-yarisi","status":"publish","type":"product","link":"https:\/\/roveyayinevi.com.tr\/index.php\/urun\/disney-aristokedicikler-buyuk-tavsan-yarisi\/","title":{"rendered":"Disney Aristokedicikler B\u00fcy\u00fck Tav\u015fan Yar\u0131\u015f\u0131"},"content":{"rendered":"<p>Aristokediciklerle tan\u0131\u015f! Paris&#8217;te hayvanlar i\u00e7in gizli bir pastane i\u015fleten \u00fc\u00e7\u00fczlerle!   Kediciklerin pastanesi her y\u0131l d\u00fczenlenen B\u00fcy\u00fck Tav\u015fan Yar\u0131\u015f\u0131 i\u00e7in d\u00fcnyan\u0131n d\u00f6rt bir yan\u0131ndan gelen sporcularla ve yeni m\u00fc\u015fterilerle dolup ta\u015f\u0131yor. Berlioz, yar\u0131\u015fa ilk kez kat\u0131lacak olan Angeligue ile hemen arkada\u015f olur, ama onun di\u011fer yar\u0131\u015fmac\u0131 arkada\u015flar\u0131na uyum sa\u011flayamad\u0131\u011f\u0131n\u0131 fark eder Etkileyici ve gizemli bir ki\u015filik olan Skip Hopper&#8217;\u0131n son anda yar\u0131\u015fa kat\u0131lmas\u0131yla Berlioz etrafta tuhaf bir \u015feylerin d\u00f6nd\u00fc\u011f\u00fcnden \u015f\u00fcphelenir. Yar\u0131\u015f\u00e7\u0131lar biti\u015f \u00e7izgisini ge\u00e7meden \u00f6nce, karde\u015fleri ile birlikte olan biteni ortaya \u00e7\u0131karmay\u0131 ba\u015farabilecek mi?   Aristokediciklerin di\u011fer maceralar\u0131n\u0131 ka\u00e7\u0131rma!<\/p>\n","protected":false},"excerpt":{"rendered":"<p>Aristokediciklerle tan\u0131\u015f! Paris&#8217;te hayvanlar i\u00e7in gizli bir pastane i\u015fleten \u00fc\u00e7\u00fczlerle! Kediciklerin pastanesi her y\u0131l d\u00fczenlenen B\u00fcy\u00fck Tav\u015fan Yar\u0131\u015f\u0131 i\u00e7in d\u00fcnyan\u0131n d\u00f6rt bir yan\u0131ndan gelen sporcularla ve<span class=\"excerpt-hellip\"> [\u2026]<\/span><\/p>\n","protected":false},"featured_media":0,"template":"","meta":{"_monsterinsights_skip_tracking":false,"_monsterinsights_sitenote_active":false,"_monsterinsights_sitenote_note":"","_monsterinsights_sitenote_category":0},"product_brand":[],"product_cat":[12274,12284],"product_tag":[],"class_list":{"0":"post-759443","1":"product","2":"type-product","3":"status-publish","5":"product_cat-cocuk-ve-genclik-kitaplari","6":"product_cat-hikayeler","7":"pa_cilt-ciltsiz","8":"pa_tur-kitap","9":"pa_yayinevi-beta-kids","10":"pa_yazar-jennifer-castle","12":"first","13":"instock","14":"sale","15":"shipping-taxable","16":"purchasable","17":"product-type-simple"},"_links":{"self":[{"href":"https:\/\/roveyayinevi.com.tr\/index.php\/wp-json\/wp\/v2\/product\/759443","targetHints":{"allow":["GET"]}}],"collection":[{"href":"https:\/\/roveyayinevi.com.tr\/index.php\/wp-json\/wp\/v2\/product"}],"about":[{"href":"https:\/\/roveyayinevi.com.tr\/index.php\/wp-json\/wp\/v2\/types\/product"}],"wp:attachment":[{"href":"https:\/\/roveyayinevi.com.tr\/index.php\/wp-json\/wp\/v2\/media?parent=759443"}],"wp:term":[{"taxonomy":"product_brand","embeddable":true,"href":"https:\/\/roveyayinevi.com.tr\/index.php\/wp-json\/wp\/v2\/product_brand?post=759443"},{"taxonomy":"product_cat","embeddable":true,"href":"https:\/\/roveyayinevi.com.tr\/index.php\/wp-json\/wp\/v2\/product_cat?post=759443"},{"taxonomy":"product_tag","embeddable":true,"href":"https:\/\/roveyayinevi.com.tr\/index.php\/wp-json\/wp\/v2\/product_tag?post=759443"}],"curies":[{"name":"wp","href":"https:\/\/api.w.org\/{rel}","templated":true}]}}