{"id":759437,"date":"2025-08-28T08:34:54","date_gmt":"2025-08-28T05:34:54","guid":{"rendered":"https:\/\/roveyayinevi.com.tr\/index.php\/urun\/soylenmemis-son-soz\/"},"modified":"2026-04-16T03:12:32","modified_gmt":"2026-04-16T00:12:32","slug":"soylenmemis-son-soz","status":"publish","type":"product","link":"https:\/\/roveyayinevi.com.tr\/index.php\/urun\/soylenmemis-son-soz\/","title":{"rendered":"S\u00f6ylenmemi\u015f Son S\u00f6z"},"content":{"rendered":"<p>YALNIZLIK, AYNI ZAMANDA \u00d6ZG\u00dcRL\u00dc\u011e\u00dcN DE OLDU\u011eU YERD\u0130R. BA\u015eKA B\u0130R DEY\u0130\u015eLE, \u00d6ZG\u00dcRL\u00dc\u011e\u00dcN BEDEL\u0130D\u0130R. Di\u015filik ve onun yak\u0131c\u0131 enerjisi; g\u00fczelli\u011fi, g\u00fcc\u00fc, \u0131\u015f\u0131\u011f\u0131&#8230; Ve bu g\u00fc\u00e7le kendi cenaze t\u00f6renlerinde s\u00f6z alarak, tutkuyla ve tarihin onlar\u0131 marjinalle\u015ftirmesine duyduklar\u0131 \u00f6fkeyle, su\u00e7lama niteli\u011fi ta\u015f\u0131yan bir veda konu\u015fmas\u0131 yapan kad\u0131nlar&#8230; Concita De Gregorio\u2019nun Dora Maar gibi \u00e7ocukken ya da Amelia Rosselli gibi ergenken y\u00fcz y\u00fcze geldi\u011fi veya b\u00fcy\u00fcd\u00fc\u011f\u00fcnde tan\u0131madan tan\u0131\u015ft\u0131\u011f\u0131 ve daha sonra eserlerinde arad\u0131\u011f\u0131 kad\u0131nlar: Carol Rama, Nise da Silveira, Vivian Maier, Silvina Ocampo, Maria Lai, Lisetta Carmi ve daha bir\u00e7oklar\u0131. Hepsi b\u00f6yle tan\u0131nm\u0131\u015f de\u011filler, hatta \u00e7o\u011fu zaman \u00e7\u0131kmaz sokaklarda kald\u0131lar, yasakland\u0131lar, d\u0131\u015fland\u0131lar, geride b\u0131rak\u0131ld\u0131lar. Zamana, geleneklere, topluma g\u00f6re \u00f6nde olduklar\u0131 i\u00e7in, erkek egemen d\u00fcnyan\u0131n g\u00f6z\u00fcnde bir kara leke haline geldiler. Ve \u015fimdi her biri bize veda ederken ger\u00e7e\u011fi iletmek i\u00e7in aya\u011fa kalk\u0131yor. Herhangi bir erke\u011fin \u201cbir \u015feyi\u201d, bir niteli\u011fi olmaya mahk\u00fbm edilen kad\u0131nlar bu sayfalarda sakland\u0131klar\u0131 g\u00f6lgelerden \u0131\u015f\u0131\u011fa \u00e7\u0131k\u0131p seslerini geri kazan\u0131yor. <\/p>\n","protected":false},"excerpt":{"rendered":"<p>YALNIZLIK, AYNI ZAMANDA \u00d6ZG\u00dcRL\u00dc\u011e\u00dcN DE OLDU\u011eU YERD\u0130R. BA\u015eKA B\u0130R DEY\u0130\u015eLE, \u00d6ZG\u00dcRL\u00dc\u011e\u00dcN BEDEL\u0130D\u0130R. Di\u015filik ve onun yak\u0131c\u0131 enerjisi; g\u00fczelli\u011fi, g\u00fcc\u00fc, \u0131\u015f\u0131\u011f\u0131&#8230; Ve bu g\u00fc\u00e7le kendi cenaze t\u00f6renlerinde<span class=\"excerpt-hellip\"> [\u2026]<\/span><\/p>\n","protected":false},"featured_media":0,"template":"","meta":{"_monsterinsights_skip_tracking":false,"_monsterinsights_sitenote_active":false,"_monsterinsights_sitenote_note":"","_monsterinsights_sitenote_category":0},"product_brand":[],"product_cat":[18545,12291],"product_tag":[],"class_list":{"0":"post-759437","1":"product","2":"type-product","3":"status-publish","5":"product_cat-anlati","6":"product_cat-edebiyat","7":"pa_cilt-ciltsiz","8":"pa_tur-kitap","9":"pa_yayinevi-beyaz-baykus-yayinlari","10":"pa_yazar-concita-de-gregorio","12":"first","13":"instock","14":"sale","15":"shipping-taxable","16":"purchasable","17":"product-type-simple"},"_links":{"self":[{"href":"https:\/\/roveyayinevi.com.tr\/index.php\/wp-json\/wp\/v2\/product\/759437","targetHints":{"allow":["GET"]}}],"collection":[{"href":"https:\/\/roveyayinevi.com.tr\/index.php\/wp-json\/wp\/v2\/product"}],"about":[{"href":"https:\/\/roveyayinevi.com.tr\/index.php\/wp-json\/wp\/v2\/types\/product"}],"wp:attachment":[{"href":"https:\/\/roveyayinevi.com.tr\/index.php\/wp-json\/wp\/v2\/media?parent=759437"}],"wp:term":[{"taxonomy":"product_brand","embeddable":true,"href":"https:\/\/roveyayinevi.com.tr\/index.php\/wp-json\/wp\/v2\/product_brand?post=759437"},{"taxonomy":"product_cat","embeddable":true,"href":"https:\/\/roveyayinevi.com.tr\/index.php\/wp-json\/wp\/v2\/product_cat?post=759437"},{"taxonomy":"product_tag","embeddable":true,"href":"https:\/\/roveyayinevi.com.tr\/index.php\/wp-json\/wp\/v2\/product_tag?post=759437"}],"curies":[{"name":"wp","href":"https:\/\/api.w.org\/{rel}","templated":true}]}}