{"id":759409,"date":"2025-08-28T08:33:59","date_gmt":"2025-08-28T05:33:59","guid":{"rendered":"https:\/\/roveyayinevi.com.tr\/index.php\/urun\/turkiyede-ve-dunyada-goc-ve-butunlestirme-politikalari\/"},"modified":"2026-04-16T03:12:32","modified_gmt":"2026-04-16T00:12:32","slug":"turkiyede-ve-dunyada-goc-ve-butunlestirme-politikalari","status":"publish","type":"product","link":"https:\/\/roveyayinevi.com.tr\/index.php\/urun\/turkiyede-ve-dunyada-goc-ve-butunlestirme-politikalari\/","title":{"rendered":"T\u00fcrkiye\u2019de ve D\u00fcnyada G\u00f6\u00e7 ve B\u00fct\u00fcnle\u015ftirme Politikalar\u0131"},"content":{"rendered":"<p>\u0130\u00e7indekiler :      1. TAR\u0130HSEL S\u00dcRE\u00c7TE G\u00d6\u00c7, G\u00d6\u00c7LER\u0130N NEDENLER\u0130, T\u00dcRLER\u0130 VE SONU\u00c7LARI      2. G\u00d6\u00c7\u00dcN B\u0130R SONUCU OLARAK KENTSEL B\u00dcT\u00dcNLE\u015eME SORUNU      3. B\u00dcT\u00dcNLE\u015eMEY\u0130 ZORUNLU KILAN NEDENLER VE B\u00dcT\u00dcNLE\u015eME BOYUTLARI      4. YO\u011eUN G\u00d6\u00c7 ALAN \u00dcLKELERDEN \u00d6RNEKLERLE G\u00d6\u00c7 VE B\u00dcT\u00dcNLE\u015eT\u0130RME                         POL\u0130T\u0130KALARI      5. T\u00dcRK\u0130YE\u2019N\u0130N G\u00d6\u00c7 VE B\u00dcT\u00dcNLE\u015eT\u0130RME POL\u0130T\u0130KASI <\/p>\n","protected":false},"excerpt":{"rendered":"<p>\u0130\u00e7indekiler : 1. TAR\u0130HSEL S\u00dcRE\u00c7TE G\u00d6\u00c7, G\u00d6\u00c7LER\u0130N NEDENLER\u0130, T\u00dcRLER\u0130 VE SONU\u00c7LARI 2. G\u00d6\u00c7\u00dcN B\u0130R SONUCU OLARAK KENTSEL B\u00dcT\u00dcNLE\u015eME SORUNU 3. B\u00dcT\u00dcNLE\u015eMEY\u0130 ZORUNLU KILAN NEDENLER VE B\u00dcT\u00dcNLE\u015eME<span class=\"excerpt-hellip\"> [\u2026]<\/span><\/p>\n","protected":false},"featured_media":0,"template":"","meta":{"_monsterinsights_skip_tracking":false,"_monsterinsights_sitenote_active":false,"_monsterinsights_sitenote_note":"","_monsterinsights_sitenote_category":0},"product_brand":[],"product_cat":[13005,40995],"product_tag":[],"class_list":{"0":"post-759409","1":"product","2":"type-product","3":"status-publish","5":"product_cat-bilim-muhendislik","6":"product_cat-sosyal-bilimler","7":"pa_cilt-ciltsiz","8":"pa_tur-kitap","9":"pa_yayinevi-gazi-kitabevi","10":"pa_yazar-ibrahim-yildiz","12":"first","13":"instock","14":"sale","15":"shipping-taxable","16":"purchasable","17":"product-type-simple"},"_links":{"self":[{"href":"https:\/\/roveyayinevi.com.tr\/index.php\/wp-json\/wp\/v2\/product\/759409","targetHints":{"allow":["GET"]}}],"collection":[{"href":"https:\/\/roveyayinevi.com.tr\/index.php\/wp-json\/wp\/v2\/product"}],"about":[{"href":"https:\/\/roveyayinevi.com.tr\/index.php\/wp-json\/wp\/v2\/types\/product"}],"wp:attachment":[{"href":"https:\/\/roveyayinevi.com.tr\/index.php\/wp-json\/wp\/v2\/media?parent=759409"}],"wp:term":[{"taxonomy":"product_brand","embeddable":true,"href":"https:\/\/roveyayinevi.com.tr\/index.php\/wp-json\/wp\/v2\/product_brand?post=759409"},{"taxonomy":"product_cat","embeddable":true,"href":"https:\/\/roveyayinevi.com.tr\/index.php\/wp-json\/wp\/v2\/product_cat?post=759409"},{"taxonomy":"product_tag","embeddable":true,"href":"https:\/\/roveyayinevi.com.tr\/index.php\/wp-json\/wp\/v2\/product_tag?post=759409"}],"curies":[{"name":"wp","href":"https:\/\/api.w.org\/{rel}","templated":true}]}}