{"id":759395,"date":"2025-08-28T08:33:30","date_gmt":"2025-08-28T05:33:30","guid":{"rendered":"https:\/\/roveyayinevi.com.tr\/index.php\/urun\/egitgen\/"},"modified":"2026-04-16T03:12:31","modified_gmt":"2026-04-16T00:12:31","slug":"egitgen","status":"publish","type":"product","link":"https:\/\/roveyayinevi.com.tr\/index.php\/urun\/egitgen\/","title":{"rendered":"E\u011fitgen"},"content":{"rendered":"<p>\u2026Kariyerimin 25. y\u0131l\u0131nda c\u0327okc\u0327a eg\u0306itim tasarlam\u0131s\u0327, eg\u0306itim sunmus\u0327, du\u0308nyan\u0131n neresine giderse gitsin kars\u0327\u0131las\u0327t\u0131klar\u0131n\u0131 \u201cAcaba bunu eg\u0306itimde nas\u0131l bir mesajla aktarabilirim,\u201d diye du\u0308s\u0327u\u0308nmekten vazgec\u0327emeyen bir eg\u0306itmen olarak kendimi \u201ceg\u0306itgen\u201d ilan etmeyi hak go\u0308rdu\u0308m. \u2026Bu kitap, konusu ne olursa olsun yetis\u0327kin eg\u0306itimlerinin tasar\u0131m\u0131ndan sunumuna, eg\u0306itim sonras\u0131 raporlama ve o\u0308lc\u0327u\u0308mden izleme ve geribildirime kadar tu\u0308m as\u0327amalar\u0131 bulabileceg\u0306iniz s\u0327ekilde yas\u0327anm\u0131s\u0327l\u0131klara dayanarak haz\u0131rland\u0131. Elma Yay\u0131nevi, Mehpare \u015eayan Kileci\u2019nin yeni kitab\u0131 E\u011fitgen ile bulu\u015fuyor okurlar\u0131yla\u2026 <\/p>\n","protected":false},"excerpt":{"rendered":"<p>\u2026Kariyerimin 25. y\u0131l\u0131nda c\u0327okc\u0327a eg\u0306itim tasarlam\u0131s\u0327, eg\u0306itim sunmus\u0327, du\u0308nyan\u0131n neresine giderse gitsin kars\u0327\u0131las\u0327t\u0131klar\u0131n\u0131 \u201cAcaba bunu eg\u0306itimde nas\u0131l bir mesajla aktarabilirim,\u201d diye du\u0308s\u0327u\u0308nmekten vazgec\u0327emeyen bir eg\u0306itmen olarak<span class=\"excerpt-hellip\"> [\u2026]<\/span><\/p>\n","protected":false},"featured_media":0,"template":"","meta":{"_monsterinsights_skip_tracking":false,"_monsterinsights_sitenote_active":false,"_monsterinsights_sitenote_note":"","_monsterinsights_sitenote_category":0},"product_brand":[],"product_cat":[13043,19008],"product_tag":[],"class_list":{"0":"post-759395","1":"product","2":"type-product","3":"status-publish","5":"product_cat-ekonomi","6":"product_cat-yonetim","7":"pa_cilt-ciltsiz","8":"pa_tur-kitap","9":"pa_yayinevi-elma-yayinevi","10":"pa_yazar-mehpare-sayan-kileci","12":"first","13":"instock","14":"sale","15":"shipping-taxable","16":"purchasable","17":"product-type-simple"},"_links":{"self":[{"href":"https:\/\/roveyayinevi.com.tr\/index.php\/wp-json\/wp\/v2\/product\/759395","targetHints":{"allow":["GET"]}}],"collection":[{"href":"https:\/\/roveyayinevi.com.tr\/index.php\/wp-json\/wp\/v2\/product"}],"about":[{"href":"https:\/\/roveyayinevi.com.tr\/index.php\/wp-json\/wp\/v2\/types\/product"}],"wp:attachment":[{"href":"https:\/\/roveyayinevi.com.tr\/index.php\/wp-json\/wp\/v2\/media?parent=759395"}],"wp:term":[{"taxonomy":"product_brand","embeddable":true,"href":"https:\/\/roveyayinevi.com.tr\/index.php\/wp-json\/wp\/v2\/product_brand?post=759395"},{"taxonomy":"product_cat","embeddable":true,"href":"https:\/\/roveyayinevi.com.tr\/index.php\/wp-json\/wp\/v2\/product_cat?post=759395"},{"taxonomy":"product_tag","embeddable":true,"href":"https:\/\/roveyayinevi.com.tr\/index.php\/wp-json\/wp\/v2\/product_tag?post=759395"}],"curies":[{"name":"wp","href":"https:\/\/api.w.org\/{rel}","templated":true}]}}