{"id":759394,"date":"2025-08-28T08:33:28","date_gmt":"2025-08-28T05:33:28","guid":{"rendered":"https:\/\/roveyayinevi.com.tr\/index.php\/urun\/mali-sosyoloji-yontem-tarih-teori-yeni-yollar\/"},"modified":"2026-04-16T03:12:31","modified_gmt":"2026-04-16T00:12:31","slug":"mali-sosyoloji-yontem-tarih-teori-yeni-yollar","status":"publish","type":"product","link":"https:\/\/roveyayinevi.com.tr\/index.php\/urun\/mali-sosyoloji-yontem-tarih-teori-yeni-yollar\/","title":{"rendered":"Mali Sosyoloji Y\u00f6ntem, Tarih, Teori, Yeni Yollar"},"content":{"rendered":"<p>Kamu maliyesi biliminde disipliner bilgi sorununun a\u015f\u0131lmas\u0131n\u0131 ve \u00e7a\u011f\u0131n modern bilimsel tutumlar\u0131na ve y\u00f6nelimlerine bilim dal\u0131n\u0131n a\u00e7\u0131labilmesini m\u00fcmk\u00fcn k\u0131lan en g\u00fc\u00e7l\u00fc \u00e7al\u0131\u015fma alan\u0131 olarak mali sosyoloji \u00f6n plana gelmektedir. Geli\u015fiminin hen\u00fcz y\u00fcz y\u0131ll\u0131k bir s\u00fcrecini izledi\u011fimiz maliyeye \u00f6zg\u00fc bu disiplinleraras\u0131 alan kamu maliyesi ile sosyolojinin yak\u0131n temaslar\u0131n\u0131 i\u00e7ermektedir. Toplumsal de\u011fi\u015fimin ve \u00f6rg\u00fctlenmenin inceleme alan\u0131 olarak sosyolojinin kamu maliyesine sunaca\u011f\u0131 katk\u0131 az\u0131msanmayacak \u00f6l\u00e7\u00fcde ve \u00f6nemdedir. Kitap mali sosyolojiyi maliyeye \u00f6zg\u00fc bir alt disiplin alan\u0131 olarak ba\u015fl\u0131 ba\u015f\u0131na inceliyor, onu bir perspektif olarak kullan\u0131p kamu maliyesine \u00f6zg\u00fc y\u00f6ntem, tarih ve teori alan\u0131n\u0131 disiplinleraras\u0131 perspektifle irdeliyor ve disiplin-\u00f6tesi bir konuma uzanan yeni yollar \u00e7izmek i\u00e7in aray\u0131\u015flarda ve \u00e7abalarda bulunuyor. Mali sosyoloji perspektifinden kitab\u0131n sundu\u011fu kapsaml\u0131 ara\u015ft\u0131rma g\u00fcndemi, y\u00f6neldi\u011fi y\u00f6ntem tart\u0131\u015fmalar\u0131, teorik alan incelemeleri ve iki disiplinli basit disiplinleraras\u0131 konumu a\u015fmaya d\u00f6n\u00fck yeni yollar aray\u0131\u015f\u0131 ayn\u0131 zamanda kom\u015fu sosyal bilim disiplinlerine ait geni\u015f bir literat\u00fcrle kesi\u015fmektedir. <\/p>\n","protected":false},"excerpt":{"rendered":"<p>Kamu maliyesi biliminde disipliner bilgi sorununun a\u015f\u0131lmas\u0131n\u0131 ve \u00e7a\u011f\u0131n modern bilimsel tutumlar\u0131na ve y\u00f6nelimlerine bilim dal\u0131n\u0131n a\u00e7\u0131labilmesini m\u00fcmk\u00fcn k\u0131lan en g\u00fc\u00e7l\u00fc \u00e7al\u0131\u015fma alan\u0131 olarak mali sosyoloji<span class=\"excerpt-hellip\"> [\u2026]<\/span><\/p>\n","protected":false},"featured_media":0,"template":"","meta":{"_monsterinsights_skip_tracking":false,"_monsterinsights_sitenote_active":false,"_monsterinsights_sitenote_note":"","_monsterinsights_sitenote_category":0},"product_brand":[],"product_cat":[12573,12566],"product_tag":[],"class_list":{"0":"post-759394","1":"product","2":"type-product","3":"status-publish","5":"product_cat-akademik-kitaplar","6":"product_cat-egitim","7":"pa_cilt-ciltsiz","8":"pa_tur-kitap","9":"pa_yayinevi-siyasal-kitabevi","10":"pa_yazar-ceyhun-gurkan","12":"first","13":"instock","14":"sale","15":"shipping-taxable","16":"purchasable","17":"product-type-simple"},"_links":{"self":[{"href":"https:\/\/roveyayinevi.com.tr\/index.php\/wp-json\/wp\/v2\/product\/759394","targetHints":{"allow":["GET"]}}],"collection":[{"href":"https:\/\/roveyayinevi.com.tr\/index.php\/wp-json\/wp\/v2\/product"}],"about":[{"href":"https:\/\/roveyayinevi.com.tr\/index.php\/wp-json\/wp\/v2\/types\/product"}],"wp:attachment":[{"href":"https:\/\/roveyayinevi.com.tr\/index.php\/wp-json\/wp\/v2\/media?parent=759394"}],"wp:term":[{"taxonomy":"product_brand","embeddable":true,"href":"https:\/\/roveyayinevi.com.tr\/index.php\/wp-json\/wp\/v2\/product_brand?post=759394"},{"taxonomy":"product_cat","embeddable":true,"href":"https:\/\/roveyayinevi.com.tr\/index.php\/wp-json\/wp\/v2\/product_cat?post=759394"},{"taxonomy":"product_tag","embeddable":true,"href":"https:\/\/roveyayinevi.com.tr\/index.php\/wp-json\/wp\/v2\/product_tag?post=759394"}],"curies":[{"name":"wp","href":"https:\/\/api.w.org\/{rel}","templated":true}]}}