{"id":759379,"date":"2025-08-28T08:33:00","date_gmt":"2025-08-28T05:33:00","guid":{"rendered":"https:\/\/roveyayinevi.com.tr\/index.php\/urun\/kayda-gecsin-istedim\/"},"modified":"2026-01-30T03:50:41","modified_gmt":"2026-01-30T00:50:41","slug":"kayda-gecsin-istedim","status":"publish","type":"product","link":"https:\/\/roveyayinevi.com.tr\/index.php\/urun\/kayda-gecsin-istedim\/","title":{"rendered":"Kayda Ge\u00e7sin \u0130stedim"},"content":{"rendered":"<p>Ne cepten arars\u0131n ne internetten, Faksla da bileyim g\u00f6n\u00fcl halinden, Ruhlar\u0131 yok eden moderniteden, Bir k\u00e2bus \u00e7\u00f6k\u00fcyor umutlar\u0131ma.   Ge\u00e7ilmez \u00e7a\u011f\u0131m\u0131n entellerinden, \u0130\u00e7ilmez yapmac\u0131k sevgi selinden, Her sabah medyan\u0131n s\u00fcsl\u00fc dilinden, Bir \u00e7amur ak\u0131yor yar\u0131nlar\u0131ma.   Kendisi pisli\u011fin sebebi iken, \u0130\u00e7i ile d\u0131\u015f\u0131 apayr\u0131 iken, Hakikatten uzak \u00e7\u00f6z\u00fcm\u00fc bile, Bir d\u00fc\u011f\u00fcm oluyor sorunlar\u0131ma.   Haberin de\u011feri yalan\u0131nda var, Reklam\u0131 toz pembe hayaller sunar, A\u011flanacak hale g\u00fcl\u00fcyor iken, Bir a\u011fr\u0131 giriyor kar\u0131nlar\u0131ma. <\/p>\n","protected":false},"excerpt":{"rendered":"<p>Ne cepten arars\u0131n ne internetten, Faksla da bileyim g\u00f6n\u00fcl halinden, Ruhlar\u0131 yok eden moderniteden, Bir k\u00e2bus \u00e7\u00f6k\u00fcyor umutlar\u0131ma. Ge\u00e7ilmez \u00e7a\u011f\u0131m\u0131n entellerinden, \u0130\u00e7ilmez yapmac\u0131k sevgi selinden, Her<span class=\"excerpt-hellip\"> [\u2026]<\/span><\/p>\n","protected":false},"featured_media":0,"template":"","meta":{"_monsterinsights_skip_tracking":false,"_monsterinsights_sitenote_active":false,"_monsterinsights_sitenote_note":"","_monsterinsights_sitenote_category":0},"product_brand":[],"product_cat":[12291,12509],"product_tag":[],"class_list":{"0":"post-759379","1":"product","2":"type-product","3":"status-publish","5":"product_cat-edebiyat","6":"product_cat-siir","7":"pa_cilt-ciltsiz","8":"pa_tur-kitap","9":"pa_yayinevi-vova-yayinlari","10":"pa_yazar-yakup-turhan","12":"first","13":"instock","14":"sale","15":"shipping-taxable","16":"purchasable","17":"product-type-simple"},"_links":{"self":[{"href":"https:\/\/roveyayinevi.com.tr\/index.php\/wp-json\/wp\/v2\/product\/759379","targetHints":{"allow":["GET"]}}],"collection":[{"href":"https:\/\/roveyayinevi.com.tr\/index.php\/wp-json\/wp\/v2\/product"}],"about":[{"href":"https:\/\/roveyayinevi.com.tr\/index.php\/wp-json\/wp\/v2\/types\/product"}],"wp:attachment":[{"href":"https:\/\/roveyayinevi.com.tr\/index.php\/wp-json\/wp\/v2\/media?parent=759379"}],"wp:term":[{"taxonomy":"product_brand","embeddable":true,"href":"https:\/\/roveyayinevi.com.tr\/index.php\/wp-json\/wp\/v2\/product_brand?post=759379"},{"taxonomy":"product_cat","embeddable":true,"href":"https:\/\/roveyayinevi.com.tr\/index.php\/wp-json\/wp\/v2\/product_cat?post=759379"},{"taxonomy":"product_tag","embeddable":true,"href":"https:\/\/roveyayinevi.com.tr\/index.php\/wp-json\/wp\/v2\/product_tag?post=759379"}],"curies":[{"name":"wp","href":"https:\/\/api.w.org\/{rel}","templated":true}]}}