{"id":759371,"date":"2025-08-28T08:32:47","date_gmt":"2025-08-28T05:32:47","guid":{"rendered":"https:\/\/roveyayinevi.com.tr\/index.php\/urun\/galip-erdem-adanmis-bir-ruh\/"},"modified":"2026-04-16T03:12:31","modified_gmt":"2026-04-16T00:12:31","slug":"galip-erdem-adanmis-bir-ruh","status":"publish","type":"product","link":"https:\/\/roveyayinevi.com.tr\/index.php\/urun\/galip-erdem-adanmis-bir-ruh\/","title":{"rendered":"Galip Erdem Adanm\u0131\u015f Bir Ruh"},"content":{"rendered":"<p>G\u00f6steri\u015fsiz bir adamd\u0131. H\u00e2l ehliydi, di\u011ferk\u00e2md\u0131. Kendisi i\u00e7in de\u011fil ba\u015fkalar\u0131, ilkeleri ve davas\u0131 i\u00e7in ya\u015fad\u0131. Hayat\u0131n\u0131n \u00f6zeti belki de bu idi. \u00d6mr\u00fc boyunca inand\u0131klar\u0131n\u0131 yazd\u0131. Kimseye kar\u015f\u0131 s\u00f6z\u00fcn\u00fc esirgemeyen bir kalem ve fikir ceng\u00e2veriydi. 12 Eyl\u00fcl d\u00f6neminde devlet memurlu\u011fu g\u00f6revinde bulunmas\u0131na ra\u011fmen b\u00fcy\u00fck bir cesaretle ortaya \u00e7\u0131kararak \u0130htilal Konseyi\u2019nin ba\u015fkan ve \u00fcyelerine hitaben \u201cAd\u0131m Galip Erdem. H\u00e2len Ba\u015fbakanl\u0131k m\u00fc\u015faviriyim,\u201d c\u00fcmleleriyle ba\u015flayan hacimli bir rapor yaz\u0131p g\u00f6nderdi. Raporda, \u201c\u0130\u00e7eri att\u0131\u011f\u0131n\u0131z \u00fclk\u00fcc\u00fclerin e\u011fitimlerine, yeti\u015fmelerine elimden geldi\u011fince yard\u0131mc\u0131 oldum. Onlar hakk\u0131nda en sa\u011fl\u0131kl\u0131 bilgiyi benden alabilirsiniz,\u201d diyerek kendisini i\u015faret etmekten imtina etmedi.T\u00fcrk milliyet\u00e7ili\u011fi fikrinin m\u00fcmtaz \u015fahsiyetlerinden Galip Erdem hakk\u0131nda haz\u0131rlanan bu \u00e7al\u0131\u015fmada \u201cT\u00fcrk milliyet\u00e7ilerinin Galip a\u011fabeyi\u201d bir\u00e7ok a\u00e7\u0131dan tahlil edilmi\u015ftir. D\u00f6rt b\u00f6l\u00fcmden olu\u015fan \u00e7al\u0131\u015fman\u0131n \u201cT\u00fcrk Milliyet\u00e7ili\u011fi ve Galip Erdem\u201d ba\u015fl\u0131kl\u0131 ilk b\u00f6l\u00fcm\u00fcnde onun \u015fahsiyeti, hayata bak\u0131\u015f\u0131, T\u00fcrk milliyet\u00e7ili\u011fi ve Turanc\u0131l\u0131k hakk\u0131ndaki g\u00f6r\u00fc\u015fleri, 12 Eyl\u00fcl 1980 Darbesi\u2019nin akabindeki faaliyetleri, T\u00fcrk milliyet\u00e7ili\u011fi fikrinin yay\u0131n d\u00fcnyas\u0131ndaki \u00f6nemli temsilcileri olan Devlet gazetesi ile T\u00fcrk Yurdu, T\u00f6re ve Bozkurt dergilerindeki yaz\u0131lar\u0131 incelenmi\u015ftir. \u201cHat\u0131ralarda Galip Erdem\u201d ba\u015fl\u0131kl\u0131 ikinci b\u00f6l\u00fcmde Erdem\u2019in yak\u0131n \u00e7evresinde bulunan isimlerin hat\u0131ralar\u0131 kay\u0131t alt\u0131na al\u0131nm\u0131\u015ft\u0131r. \u00dc\u00e7\u00fcnc\u00fc b\u00f6l\u00fcm, Galip Erdem\u2019in eserleri ile kendisi hakk\u0131nda yap\u0131lan \u00e7al\u0131\u015fmalar\u0131n de\u011ferlendirildi\u011fi yaz\u0131lardan olu\u015fmaktad\u0131r. D\u00f6rd\u00fcnc\u00fc b\u00f6l\u00fcmde ise Galip Erdem\u2019in t\u00fcm kitap ve yaz\u0131lar\u0131n\u0131n -ilk kez- bir araya getirilmesiyle olu\u015fturulan \u201cGalip Erdem Bibliyografyas\u0131\u201d yer almaktad\u0131r. Geni\u015f bir literat\u00fcr taramas\u0131 yap\u0131larak haz\u0131rlanan bu \u00e7al\u0131\u015fma, Galip Erdem hakk\u0131nda bundan sonra yap\u0131lacak \u00e7al\u0131\u015fmalarda ba\u015fvurulabilecek bir kaynak olma niteli\u011fi ta\u015f\u0131maktad\u0131r.<\/p>\n","protected":false},"excerpt":{"rendered":"<p>G\u00f6steri\u015fsiz bir adamd\u0131. H\u00e2l ehliydi, di\u011ferk\u00e2md\u0131. Kendisi i\u00e7in de\u011fil ba\u015fkalar\u0131, ilkeleri ve davas\u0131 i\u00e7in ya\u015fad\u0131. Hayat\u0131n\u0131n \u00f6zeti belki de bu idi. \u00d6mr\u00fc boyunca inand\u0131klar\u0131n\u0131 yazd\u0131. Kimseye<span class=\"excerpt-hellip\"> [\u2026]<\/span><\/p>\n","protected":false},"featured_media":0,"template":"","meta":{"_monsterinsights_skip_tracking":false,"_monsterinsights_sitenote_active":false,"_monsterinsights_sitenote_note":"","_monsterinsights_sitenote_category":0},"product_brand":[],"product_cat":[14009,12291],"product_tag":[],"class_list":{"0":"post-759371","1":"product","2":"type-product","3":"status-publish","5":"product_cat-biyografi-otobiyografi-edebiyat","6":"product_cat-edebiyat","7":"pa_cilt-ciltsiz","8":"pa_tur-kitap","9":"pa_yayinevi-otuken-nesriyat","10":"pa_yazar-ahmet-sahin","12":"first","13":"instock","14":"sale","15":"shipping-taxable","16":"purchasable","17":"product-type-simple"},"_links":{"self":[{"href":"https:\/\/roveyayinevi.com.tr\/index.php\/wp-json\/wp\/v2\/product\/759371","targetHints":{"allow":["GET"]}}],"collection":[{"href":"https:\/\/roveyayinevi.com.tr\/index.php\/wp-json\/wp\/v2\/product"}],"about":[{"href":"https:\/\/roveyayinevi.com.tr\/index.php\/wp-json\/wp\/v2\/types\/product"}],"wp:attachment":[{"href":"https:\/\/roveyayinevi.com.tr\/index.php\/wp-json\/wp\/v2\/media?parent=759371"}],"wp:term":[{"taxonomy":"product_brand","embeddable":true,"href":"https:\/\/roveyayinevi.com.tr\/index.php\/wp-json\/wp\/v2\/product_brand?post=759371"},{"taxonomy":"product_cat","embeddable":true,"href":"https:\/\/roveyayinevi.com.tr\/index.php\/wp-json\/wp\/v2\/product_cat?post=759371"},{"taxonomy":"product_tag","embeddable":true,"href":"https:\/\/roveyayinevi.com.tr\/index.php\/wp-json\/wp\/v2\/product_tag?post=759371"}],"curies":[{"name":"wp","href":"https:\/\/api.w.org\/{rel}","templated":true}]}}