{"id":759360,"date":"2025-08-28T08:32:29","date_gmt":"2025-08-28T05:32:29","guid":{"rendered":"https:\/\/roveyayinevi.com.tr\/index.php\/urun\/rengarenk-hayvan-atlasim\/"},"modified":"2026-04-16T03:12:31","modified_gmt":"2026-04-16T00:12:31","slug":"rengarenk-hayvan-atlasim","status":"publish","type":"product","link":"https:\/\/roveyayinevi.com.tr\/index.php\/urun\/rengarenk-hayvan-atlasim\/","title":{"rendered":"Rengarenk Hayvan Atlas\u0131m"},"content":{"rendered":"<p>K\u00fc\u00e7\u00fck fareyle d\u00fcnya turuna \u00e7\u0131kmaya haz\u0131r m\u0131s\u0131n? K\u0131tadan k\u0131taya dola\u015f\u0131rken birbirinden ilgin\u00e7 hayvanlar ke\u015ffedebilirsin. Koala neyle beslenir? En h\u0131zl\u0131 ko\u015fan hayvan hangisi? Tembel hayvan neden yava\u015f hareket eder? Renkli sayfalarda gezinirken 260\u2019tan fazla hayvan\u0131 g\u00f6rebilir, k\u00fc\u00e7\u00fck farenin ke\u015ffetti\u011fi hayvanlar\u0131 da gizlendikleri yerden \u00e7\u0131karabilirsin. K\u00fc\u00e7\u00fck fareyi her k\u0131tada bulmay\u0131 unutma! <\/p>\n","protected":false},"excerpt":{"rendered":"<p>K\u00fc\u00e7\u00fck fareyle d\u00fcnya turuna \u00e7\u0131kmaya haz\u0131r m\u0131s\u0131n? K\u0131tadan k\u0131taya dola\u015f\u0131rken birbirinden ilgin\u00e7 hayvanlar ke\u015ffedebilirsin. Koala neyle beslenir? En h\u0131zl\u0131 ko\u015fan hayvan hangisi? Tembel hayvan neden yava\u015f<span class=\"excerpt-hellip\"> [\u2026]<\/span><\/p>\n","protected":false},"featured_media":0,"template":"","meta":{"_monsterinsights_skip_tracking":false,"_monsterinsights_sitenote_active":false,"_monsterinsights_sitenote_note":"","_monsterinsights_sitenote_category":0},"product_brand":[],"product_cat":[12274,12518],"product_tag":[],"class_list":{"0":"post-759360","1":"product","2":"type-product","3":"status-publish","5":"product_cat-cocuk-ve-genclik-kitaplari","6":"product_cat-okul-oncesi-kitaplar","7":"pa_cilt-ciltli","8":"pa_tur-kitap","9":"pa_yayinevi-is-bankasi-kultur-yayinlari","10":"pa_yazar-nastja-holtfreter","12":"first","13":"instock","14":"sale","15":"shipping-taxable","16":"purchasable","17":"product-type-simple"},"_links":{"self":[{"href":"https:\/\/roveyayinevi.com.tr\/index.php\/wp-json\/wp\/v2\/product\/759360","targetHints":{"allow":["GET"]}}],"collection":[{"href":"https:\/\/roveyayinevi.com.tr\/index.php\/wp-json\/wp\/v2\/product"}],"about":[{"href":"https:\/\/roveyayinevi.com.tr\/index.php\/wp-json\/wp\/v2\/types\/product"}],"wp:attachment":[{"href":"https:\/\/roveyayinevi.com.tr\/index.php\/wp-json\/wp\/v2\/media?parent=759360"}],"wp:term":[{"taxonomy":"product_brand","embeddable":true,"href":"https:\/\/roveyayinevi.com.tr\/index.php\/wp-json\/wp\/v2\/product_brand?post=759360"},{"taxonomy":"product_cat","embeddable":true,"href":"https:\/\/roveyayinevi.com.tr\/index.php\/wp-json\/wp\/v2\/product_cat?post=759360"},{"taxonomy":"product_tag","embeddable":true,"href":"https:\/\/roveyayinevi.com.tr\/index.php\/wp-json\/wp\/v2\/product_tag?post=759360"}],"curies":[{"name":"wp","href":"https:\/\/api.w.org\/{rel}","templated":true}]}}