{"id":759358,"date":"2025-08-28T08:32:25","date_gmt":"2025-08-28T05:32:25","guid":{"rendered":"https:\/\/roveyayinevi.com.tr\/index.php\/urun\/matematik-bulmacalari-carpim-tablolari\/"},"modified":"2026-04-16T03:12:31","modified_gmt":"2026-04-16T00:12:31","slug":"matematik-bulmacalari-carpim-tablolari","status":"publish","type":"product","link":"https:\/\/roveyayinevi.com.tr\/index.php\/urun\/matematik-bulmacalari-carpim-tablolari\/","title":{"rendered":"Matematik Bulmacalar\u0131 \u2013 \u00c7arp\u0131m Tablolar\u0131"},"content":{"rendered":"<p>Bu reng\u00e2renk ve e\u011flenceli bulmaca kitab\u0131 \u00e7arp\u0131m tablolar\u0131n\u0131 \u00f6\u011frenmek i\u00e7in yepyeni bir y\u00f6ntem sunuyor. Ormandan ge\u00e7eceksin, roketin y\u0131ld\u0131z tozlar\u0131 aras\u0131nda ilerlemesini sa\u011flayacaks\u0131n ve \u015f\u00f6valyeyi at\u0131na kavu\u015fturacaks\u0131n&#8230; Hepsini de \u00e7arpma ve b\u00f6lme egzersizleri yaparak ger\u00e7ekle\u015ftireceksin! <\/p>\n","protected":false},"excerpt":{"rendered":"<p>Bu reng\u00e2renk ve e\u011flenceli bulmaca kitab\u0131 \u00e7arp\u0131m tablolar\u0131n\u0131 \u00f6\u011frenmek i\u00e7in yepyeni bir y\u00f6ntem sunuyor. Ormandan ge\u00e7eceksin, roketin y\u0131ld\u0131z tozlar\u0131 aras\u0131nda ilerlemesini sa\u011flayacaks\u0131n ve \u015f\u00f6valyeyi at\u0131na kavu\u015fturacaks\u0131n&#8230;<span class=\"excerpt-hellip\"> [\u2026]<\/span><\/p>\n","protected":false},"featured_media":0,"template":"","meta":{"_monsterinsights_skip_tracking":false,"_monsterinsights_sitenote_active":false,"_monsterinsights_sitenote_note":"","_monsterinsights_sitenote_category":0},"product_brand":[],"product_cat":[12274,15842],"product_tag":[],"class_list":{"0":"post-759358","1":"product","2":"type-product","3":"status-publish","5":"product_cat-cocuk-ve-genclik-kitaplari","6":"product_cat-egitici-kitaplar","7":"pa_cilt-ciltsiz","8":"pa_tur-kitap","9":"pa_yayinevi-is-bankasi-kultur-yayinlari","10":"pa_yazar-william-potter","12":"first","13":"instock","14":"sale","15":"shipping-taxable","16":"purchasable","17":"product-type-simple"},"_links":{"self":[{"href":"https:\/\/roveyayinevi.com.tr\/index.php\/wp-json\/wp\/v2\/product\/759358","targetHints":{"allow":["GET"]}}],"collection":[{"href":"https:\/\/roveyayinevi.com.tr\/index.php\/wp-json\/wp\/v2\/product"}],"about":[{"href":"https:\/\/roveyayinevi.com.tr\/index.php\/wp-json\/wp\/v2\/types\/product"}],"wp:attachment":[{"href":"https:\/\/roveyayinevi.com.tr\/index.php\/wp-json\/wp\/v2\/media?parent=759358"}],"wp:term":[{"taxonomy":"product_brand","embeddable":true,"href":"https:\/\/roveyayinevi.com.tr\/index.php\/wp-json\/wp\/v2\/product_brand?post=759358"},{"taxonomy":"product_cat","embeddable":true,"href":"https:\/\/roveyayinevi.com.tr\/index.php\/wp-json\/wp\/v2\/product_cat?post=759358"},{"taxonomy":"product_tag","embeddable":true,"href":"https:\/\/roveyayinevi.com.tr\/index.php\/wp-json\/wp\/v2\/product_tag?post=759358"}],"curies":[{"name":"wp","href":"https:\/\/api.w.org\/{rel}","templated":true}]}}