{"id":759336,"date":"2025-08-28T08:31:43","date_gmt":"2025-08-28T05:31:43","guid":{"rendered":"https:\/\/roveyayinevi.com.tr\/index.php\/urun\/butun-guzellikleri-veren-sensin-ilk-dini-kavramlarim-sukur\/"},"modified":"2026-04-08T03:21:05","modified_gmt":"2026-04-08T00:21:05","slug":"butun-guzellikleri-veren-sensin-ilk-dini-kavramlarim-sukur","status":"publish","type":"product","link":"https:\/\/roveyayinevi.com.tr\/index.php\/urun\/butun-guzellikleri-veren-sensin-ilk-dini-kavramlarim-sukur\/","title":{"rendered":"B\u00fct\u00fcn G\u00fczellikleri Veren Sensin &#8211; \u0130lk Dini Kavramlar\u0131m (\u015e\u00fck\u00fcr)"},"content":{"rendered":"<p>Yavru ay\u0131 g\u00fcn boyu Allah\u2019\u0131n bize verdi\u011fi g\u00fczellikleri seyrediyor. T\u00fcm bu g\u00fczellikler i\u00e7in Allah\u2019a te\u015fekk\u00fcr ediyor.\u201c\u015e\u00fck\u00fcr\u201d kavram\u0131n\u0131 aile s\u0131cakl\u0131\u011f\u0131 ve sevgi ba\u011f\u0131yla okurlara sunan, i\u00e7 \u0131s\u0131tan bir eser.<\/p>\n","protected":false},"excerpt":{"rendered":"<p>Yavru ay\u0131 g\u00fcn boyu Allah\u2019\u0131n bize verdi\u011fi g\u00fczellikleri seyrediyor. T\u00fcm bu g\u00fczellikler i\u00e7in Allah\u2019a te\u015fekk\u00fcr ediyor.\u201c\u015e\u00fck\u00fcr\u201d kavram\u0131n\u0131 aile s\u0131cakl\u0131\u011f\u0131 ve sevgi ba\u011f\u0131yla okurlara sunan, i\u00e7 \u0131s\u0131tan<span class=\"excerpt-hellip\"> [\u2026]<\/span><\/p>\n","protected":false},"featured_media":0,"template":"","meta":{"_monsterinsights_skip_tracking":false,"_monsterinsights_sitenote_active":false,"_monsterinsights_sitenote_note":"","_monsterinsights_sitenote_category":0},"product_brand":[],"product_cat":[12274,12284],"product_tag":[],"class_list":{"0":"post-759336","1":"product","2":"type-product","3":"status-publish","5":"product_cat-cocuk-ve-genclik-kitaplari","6":"product_cat-hikayeler","7":"pa_cilt-ciltsiz","8":"pa_tur-kitap","9":"pa_yayinevi-gulce-kitap","10":"pa_yazar-sureyya-ulker-aydin","12":"first","13":"instock","14":"sale","15":"shipping-taxable","16":"purchasable","17":"product-type-simple"},"_links":{"self":[{"href":"https:\/\/roveyayinevi.com.tr\/index.php\/wp-json\/wp\/v2\/product\/759336","targetHints":{"allow":["GET"]}}],"collection":[{"href":"https:\/\/roveyayinevi.com.tr\/index.php\/wp-json\/wp\/v2\/product"}],"about":[{"href":"https:\/\/roveyayinevi.com.tr\/index.php\/wp-json\/wp\/v2\/types\/product"}],"wp:attachment":[{"href":"https:\/\/roveyayinevi.com.tr\/index.php\/wp-json\/wp\/v2\/media?parent=759336"}],"wp:term":[{"taxonomy":"product_brand","embeddable":true,"href":"https:\/\/roveyayinevi.com.tr\/index.php\/wp-json\/wp\/v2\/product_brand?post=759336"},{"taxonomy":"product_cat","embeddable":true,"href":"https:\/\/roveyayinevi.com.tr\/index.php\/wp-json\/wp\/v2\/product_cat?post=759336"},{"taxonomy":"product_tag","embeddable":true,"href":"https:\/\/roveyayinevi.com.tr\/index.php\/wp-json\/wp\/v2\/product_tag?post=759336"}],"curies":[{"name":"wp","href":"https:\/\/api.w.org\/{rel}","templated":true}]}}