{"id":759332,"date":"2025-08-28T08:31:35","date_gmt":"2025-08-28T05:31:35","guid":{"rendered":"https:\/\/roveyayinevi.com.tr\/index.php\/urun\/doganin-penceresi\/"},"modified":"2026-04-16T03:12:30","modified_gmt":"2026-04-16T00:12:30","slug":"doganin-penceresi","status":"publish","type":"product","link":"https:\/\/roveyayinevi.com.tr\/index.php\/urun\/doganin-penceresi\/","title":{"rendered":"Do\u011fan&#8217;\u0131n Penceresi"},"content":{"rendered":"<p>\u0130lk \u015fiirimi yazd\u0131\u011f\u0131m zaman on ya\u015flar\u0131nda bir \u00e7ocuktum. Yakla\u015f\u0131k iki , \u00fc\u00e7 sene yazd\u0131\u011f\u0131m bir deneme defterim vard\u0131. Her ya\u011fmur ya\u011fd\u0131\u011f\u0131nda o defteri a\u00e7\u0131p yaz\u0131p kapat\u0131rd\u0131m. Bir g\u00fcn o defter s\u0131n\u0131fta ki arkada\u015flar\u0131m\u0131n eline ge\u00e7ip alay konusu olmu\u015ftu. Babaannem gibi yazm\u0131\u015fs\u0131n diye \u00e7ocuklar aras\u0131 o ya\u015fanan kaosun ortas\u0131ndayd\u0131m. \u00c7ok utanm\u0131\u015ft\u0131m ve ay\u0131p bir \u015fey yapt\u0131\u011f\u0131m\u0131 d\u00fc\u015f\u00fcnerek defteri parampar\u00e7a edip \u00e7\u00f6pe att\u0131m. Ge\u00e7en s\u00fcrede \u015fiirler kalemimden de\u011fil belki de haf\u0131zamda bir \u015fekilde \u015fekilleniyordu. Art\u0131k mesle\u011fim do\u011frultusunda emin ad\u0131mlar ile ilerlerken fark\u0131nda olmadan her eserin bir hikayesini d\u00fc\u015f\u00fcn\u00fcyor; o hikayenin yolculu\u011fu ile f\u0131r\u00e7ama ve renklere kar\u0131\u015f\u0131p b\u00fct\u00fcnle\u015fiyordu. Bir g\u00fcn eserlerimin hikayelerini anlat\u0131rken bunlar\u0131 yazsana diye te\u015fvik eden bir arkada\u015f\u0131m bana ge\u00e7mi\u015fin o y\u0131rt\u0131k buru\u015fturulup at\u0131lm\u0131\u015f ka\u011f\u0131tlar\u0131 ile \u00e7\u00f6p kutusunun ba\u015f\u0131nda duran utanga\u00e7 k\u0131z \u00e7ocu\u011funa g\u00f6t\u00fcrd\u00fc. Kolay olmad\u0131 ba\u015flang\u0131\u00e7ta yava\u015f yava\u015f ka\u011f\u0131tlar d\u00fczeldi kalemle kavu\u015ftu derken dizelerimde kendimi ve sonras\u0131nda \u00f6zg\u00fcrce hikayelerini bahsedece\u011fim muazzam eserler \u00fcretmeye ba\u015flad\u0131m. \u015eimdi ise tam oldu\u011fum yerde sizlerleyim. Bu yolculukta bana inanan t\u00fcm dostlar\u0131ma. Her \u015fiirimi hayranl\u0131kla okuyan ba\u015fta siz k\u0131ymetli okurlar\u0131ma te\u015fekk\u00fcrlerimi sunuyorum <\/p>\n","protected":false},"excerpt":{"rendered":"<p>\u0130lk \u015fiirimi yazd\u0131\u011f\u0131m zaman on ya\u015flar\u0131nda bir \u00e7ocuktum. Yakla\u015f\u0131k iki , \u00fc\u00e7 sene yazd\u0131\u011f\u0131m bir deneme defterim vard\u0131. Her ya\u011fmur ya\u011fd\u0131\u011f\u0131nda o defteri a\u00e7\u0131p yaz\u0131p kapat\u0131rd\u0131m.<span class=\"excerpt-hellip\"> [\u2026]<\/span><\/p>\n","protected":false},"featured_media":0,"template":"","meta":{"_monsterinsights_skip_tracking":false,"_monsterinsights_sitenote_active":false,"_monsterinsights_sitenote_note":"","_monsterinsights_sitenote_category":0},"product_brand":[],"product_cat":[12291,12509],"product_tag":[],"class_list":{"0":"post-759332","1":"product","2":"type-product","3":"status-publish","5":"product_cat-edebiyat","6":"product_cat-siir","7":"pa_cilt-ciltsiz","8":"pa_tur-kitap","9":"pa_yayinevi-somut-yayinlari","10":"pa_yazar-melis-dogan","12":"first","13":"instock","14":"sale","15":"shipping-taxable","16":"purchasable","17":"product-type-simple"},"_links":{"self":[{"href":"https:\/\/roveyayinevi.com.tr\/index.php\/wp-json\/wp\/v2\/product\/759332","targetHints":{"allow":["GET"]}}],"collection":[{"href":"https:\/\/roveyayinevi.com.tr\/index.php\/wp-json\/wp\/v2\/product"}],"about":[{"href":"https:\/\/roveyayinevi.com.tr\/index.php\/wp-json\/wp\/v2\/types\/product"}],"wp:attachment":[{"href":"https:\/\/roveyayinevi.com.tr\/index.php\/wp-json\/wp\/v2\/media?parent=759332"}],"wp:term":[{"taxonomy":"product_brand","embeddable":true,"href":"https:\/\/roveyayinevi.com.tr\/index.php\/wp-json\/wp\/v2\/product_brand?post=759332"},{"taxonomy":"product_cat","embeddable":true,"href":"https:\/\/roveyayinevi.com.tr\/index.php\/wp-json\/wp\/v2\/product_cat?post=759332"},{"taxonomy":"product_tag","embeddable":true,"href":"https:\/\/roveyayinevi.com.tr\/index.php\/wp-json\/wp\/v2\/product_tag?post=759332"}],"curies":[{"name":"wp","href":"https:\/\/api.w.org\/{rel}","templated":true}]}}