{"id":759325,"date":"2025-08-28T08:31:22","date_gmt":"2025-08-28T05:31:22","guid":{"rendered":"https:\/\/roveyayinevi.com.tr\/index.php\/urun\/duygu-gunlugum\/"},"modified":"2026-04-16T03:12:30","modified_gmt":"2026-04-16T00:12:30","slug":"duygu-gunlugum","status":"publish","type":"product","link":"https:\/\/roveyayinevi.com.tr\/index.php\/urun\/duygu-gunlugum\/","title":{"rendered":"Duygu G\u00fcnl\u00fc\u011f\u00fcm"},"content":{"rendered":"<p>&#8220;Klinik Psikolog Oya Do\u011fan\u2019\u0131n kitaplar\u0131 \u00e7ocuklar\u0131n g\u00fcndelik hayatta kar\u015f\u0131la\u015fabilecekleri durumlara \u00e7\u00f6z\u00fcm becerileri geli\u015ftiriyor. Her \u00e7ocu\u011fun bu kitaplar\u0131 okumas\u0131 gerekti\u011fine inan\u0131yorum. Bu kitap, akran zorbal\u0131\u011f\u0131 konusunda \u00e7ocuklar\u0131n her zaman faydalanabilecekleri bir ba\u015fucu kitab\u0131.&#8221;- Mert Ar\u0131kZorba birini nas\u0131l tan\u0131r\u0131z? Bir zorbadan kendimizi  nas\u0131l koruruz? Hangi t\u00fcr davran\u0131\u015flar zorbal\u0131k tan\u0131m\u0131na girer? Bizim de bir zorba olup olmad\u0131\u011f\u0131m\u0131z\u0131  nas\u0131l anlar\u0131z? Bu sorular\u0131n cevab\u0131n\u0131 merak ediyorsan, \u015fu an do\u011fru kitab\u0131 eline ald\u0131n. Zorbal\u0131kla ilgili akl\u0131ndaki sorular\u0131n hepsinin cevab\u0131n\u0131 g\u00fcnl\u00fc\u011f\u00fcmde bulacaks\u0131n.  Ben, Mira. Birlikte yazaca\u011f\u0131m\u0131z hik\u00e2yemize ho\u015fgeldin!<\/p>\n","protected":false},"excerpt":{"rendered":"<p>&#8220;Klinik Psikolog Oya Do\u011fan\u2019\u0131n kitaplar\u0131 \u00e7ocuklar\u0131n g\u00fcndelik hayatta kar\u015f\u0131la\u015fabilecekleri durumlara \u00e7\u00f6z\u00fcm becerileri geli\u015ftiriyor. Her \u00e7ocu\u011fun bu kitaplar\u0131 okumas\u0131 gerekti\u011fine inan\u0131yorum. Bu kitap, akran zorbal\u0131\u011f\u0131 konusunda \u00e7ocuklar\u0131n<span class=\"excerpt-hellip\"> [\u2026]<\/span><\/p>\n","protected":false},"featured_media":0,"template":"","meta":{"_monsterinsights_skip_tracking":false,"_monsterinsights_sitenote_active":false,"_monsterinsights_sitenote_note":"","_monsterinsights_sitenote_category":0},"product_brand":[],"product_cat":[12274,12284],"product_tag":[],"class_list":{"0":"post-759325","1":"product","2":"type-product","3":"status-publish","5":"product_cat-cocuk-ve-genclik-kitaplari","6":"product_cat-hikayeler","7":"pa_cilt-ciltsiz","8":"pa_tur-kitap","9":"pa_yayinevi-timas-cocuk","10":"pa_yazar-oya-dogan","12":"first","13":"instock","14":"sale","15":"shipping-taxable","16":"purchasable","17":"product-type-simple"},"_links":{"self":[{"href":"https:\/\/roveyayinevi.com.tr\/index.php\/wp-json\/wp\/v2\/product\/759325","targetHints":{"allow":["GET"]}}],"collection":[{"href":"https:\/\/roveyayinevi.com.tr\/index.php\/wp-json\/wp\/v2\/product"}],"about":[{"href":"https:\/\/roveyayinevi.com.tr\/index.php\/wp-json\/wp\/v2\/types\/product"}],"wp:attachment":[{"href":"https:\/\/roveyayinevi.com.tr\/index.php\/wp-json\/wp\/v2\/media?parent=759325"}],"wp:term":[{"taxonomy":"product_brand","embeddable":true,"href":"https:\/\/roveyayinevi.com.tr\/index.php\/wp-json\/wp\/v2\/product_brand?post=759325"},{"taxonomy":"product_cat","embeddable":true,"href":"https:\/\/roveyayinevi.com.tr\/index.php\/wp-json\/wp\/v2\/product_cat?post=759325"},{"taxonomy":"product_tag","embeddable":true,"href":"https:\/\/roveyayinevi.com.tr\/index.php\/wp-json\/wp\/v2\/product_tag?post=759325"}],"curies":[{"name":"wp","href":"https:\/\/api.w.org\/{rel}","templated":true}]}}