{"id":759310,"date":"2025-08-28T08:30:56","date_gmt":"2025-08-28T05:30:56","guid":{"rendered":"https:\/\/roveyayinevi.com.tr\/index.php\/urun\/mucizevi-tatlicilar-ciltli-somizli\/"},"modified":"2026-04-16T03:12:29","modified_gmt":"2026-04-16T00:12:29","slug":"mucizevi-tatlicilar-ciltli-somizli","status":"publish","type":"product","link":"https:\/\/roveyayinevi.com.tr\/index.php\/urun\/mucizevi-tatlicilar-ciltli-somizli\/","title":{"rendered":"Mucizevi Tatl\u0131c\u0131lar (Ciltli \u015e\u00f6mizli)"},"content":{"rendered":"<p>Kara K\u0131\u015f Hi\u00e7 Bu Kadar Tehlikeli Olmam\u0131\u015ft\u0131\u0130kiz karde\u015fini k\u00fc\u00e7\u00fck ya\u015fta kaybeden Thomasina, onu tekrar g\u00f6rebilece\u011fini s\u00f6yleyen Inigo ile tan\u0131\u015f\u0131nca ba\u015fta her \u015fey r\u00fcya gibi gelir. So\u011fuktan donan nehir \u00fczerinde insanlar panay\u0131r kurmu\u015fken, bir de insanlar\u0131n \u00fcz\u00fcnt\u00fcs\u00fcnden beslenen K\u0131\u015f Baba\u2019n\u0131n panay\u0131r\u0131 vard\u0131r ve Thomasina\u2019n\u0131n \u00fcz\u00fcnt\u00fcs\u00fc, K\u0131\u015f Baba\u2019n\u0131n bug\u00fcne kadar g\u00f6rd\u00fc\u011f\u00fc en derin \u00fcz\u00fcnt\u00fcd\u00fcr.Inigo\u2019nun ona s\u00f6yledi\u011fi her \u015feyi yerine getiren Thomasina, h\u00e2l\u00e2 karde\u015fine ula\u015famay\u0131nca bir \u015feylerin ters gitti\u011fini anlar. Ve v\u00fccudunun her yerini, K\u0131\u015f Baba\u2019n\u0131n panay\u0131r\u0131ndaki insanlar gibi kar taneleri kaplamaktad\u0131r. Kendisini ve di\u011fer insanlar\u0131 kurtarmak i\u00e7in, arkada\u015flar\u0131 Anne ve Henry ile \u00d6teki Buz Panay\u0131r\u0131\u2019n\u0131n ard\u0131ndaki ger\u00e7e\u011fi \u00f6\u011frenmek zorundad\u0131rlar.<\/p>\n","protected":false},"excerpt":{"rendered":"<p>Kara K\u0131\u015f Hi\u00e7 Bu Kadar Tehlikeli Olmam\u0131\u015ft\u0131\u0130kiz karde\u015fini k\u00fc\u00e7\u00fck ya\u015fta kaybeden Thomasina, onu tekrar g\u00f6rebilece\u011fini s\u00f6yleyen Inigo ile tan\u0131\u015f\u0131nca ba\u015fta her \u015fey r\u00fcya gibi gelir. So\u011fuktan<span class=\"excerpt-hellip\"> [\u2026]<\/span><\/p>\n","protected":false},"featured_media":0,"template":"","meta":{"_monsterinsights_skip_tracking":false,"_monsterinsights_sitenote_active":false,"_monsterinsights_sitenote_note":"","_monsterinsights_sitenote_category":0},"product_brand":[],"product_cat":[12291,12711],"product_tag":[],"class_list":{"0":"post-759310","1":"product","2":"type-product","3":"status-publish","5":"product_cat-edebiyat","6":"product_cat-roman-oyku","7":"pa_cilt-ciltli","8":"pa_tur-kitap","9":"pa_yayinevi-genc-timas","10":"pa_yazar-natasha-hastings","12":"first","13":"instock","14":"sale","15":"shipping-taxable","16":"purchasable","17":"product-type-simple"},"_links":{"self":[{"href":"https:\/\/roveyayinevi.com.tr\/index.php\/wp-json\/wp\/v2\/product\/759310","targetHints":{"allow":["GET"]}}],"collection":[{"href":"https:\/\/roveyayinevi.com.tr\/index.php\/wp-json\/wp\/v2\/product"}],"about":[{"href":"https:\/\/roveyayinevi.com.tr\/index.php\/wp-json\/wp\/v2\/types\/product"}],"wp:attachment":[{"href":"https:\/\/roveyayinevi.com.tr\/index.php\/wp-json\/wp\/v2\/media?parent=759310"}],"wp:term":[{"taxonomy":"product_brand","embeddable":true,"href":"https:\/\/roveyayinevi.com.tr\/index.php\/wp-json\/wp\/v2\/product_brand?post=759310"},{"taxonomy":"product_cat","embeddable":true,"href":"https:\/\/roveyayinevi.com.tr\/index.php\/wp-json\/wp\/v2\/product_cat?post=759310"},{"taxonomy":"product_tag","embeddable":true,"href":"https:\/\/roveyayinevi.com.tr\/index.php\/wp-json\/wp\/v2\/product_tag?post=759310"}],"curies":[{"name":"wp","href":"https:\/\/api.w.org\/{rel}","templated":true}]}}