{"id":759302,"date":"2025-08-28T08:30:43","date_gmt":"2025-08-28T05:30:43","guid":{"rendered":"https:\/\/roveyayinevi.com.tr\/index.php\/urun\/altyapi-erkek-voleybolcularda-8-hafta-uygulanan-terabant-egzersizlerin-motorik-ve-fizyolojik-parametrelere-etkisinin-incelenmesi\/"},"modified":"2026-04-16T03:12:29","modified_gmt":"2026-04-16T00:12:29","slug":"altyapi-erkek-voleybolcularda-8-hafta-uygulanan-terabant-egzersizlerin-motorik-ve-fizyolojik-parametrelere-etkisinin-incelenmesi","status":"publish","type":"product","link":"https:\/\/roveyayinevi.com.tr\/index.php\/urun\/altyapi-erkek-voleybolcularda-8-hafta-uygulanan-terabant-egzersizlerin-motorik-ve-fizyolojik-parametrelere-etkisinin-incelenmesi\/","title":{"rendered":"Altyap\u0131 Erkek Voleybolcularda 8 Hafta Uygulanan Terabant Egzersizlerin Motorik Ve Fizyolojik Parametrelere Etkisinin \u0130ncelenmesi"},"content":{"rendered":"<p>\u0130\u00e7indekiler :           1. G\u0130R\u0130\u015e         2. GENEL B\u0130LG\u0130LER         3. GERE\u00c7 ve Y\u00d6NTEM         4. BULGULAR         5. TARTI\u015eMA         6. SONU\u00c7LAR VE \u00d6NER\u0130LER <\/p>\n","protected":false},"excerpt":{"rendered":"<p>\u0130\u00e7indekiler : 1. G\u0130R\u0130\u015e 2. GENEL B\u0130LG\u0130LER 3. GERE\u00c7 ve Y\u00d6NTEM 4. BULGULAR 5. TARTI\u015eMA 6. SONU\u00c7LAR VE \u00d6NER\u0130LER<\/p>\n","protected":false},"featured_media":0,"template":"","meta":{"_monsterinsights_skip_tracking":false,"_monsterinsights_sitenote_active":false,"_monsterinsights_sitenote_note":"","_monsterinsights_sitenote_category":0},"product_brand":[],"product_cat":[13365],"product_tag":[],"class_list":{"0":"post-759302","1":"product","2":"type-product","3":"status-publish","5":"product_cat-saglik","6":"pa_cilt-ciltsiz","7":"pa_tur-kitap","8":"pa_yayinevi-gazi-kitabevi","9":"pa_yazar-ruken-yilmaz-yakup-aktas","11":"first","12":"instock","13":"sale","14":"shipping-taxable","15":"purchasable","16":"product-type-simple"},"_links":{"self":[{"href":"https:\/\/roveyayinevi.com.tr\/index.php\/wp-json\/wp\/v2\/product\/759302","targetHints":{"allow":["GET"]}}],"collection":[{"href":"https:\/\/roveyayinevi.com.tr\/index.php\/wp-json\/wp\/v2\/product"}],"about":[{"href":"https:\/\/roveyayinevi.com.tr\/index.php\/wp-json\/wp\/v2\/types\/product"}],"wp:attachment":[{"href":"https:\/\/roveyayinevi.com.tr\/index.php\/wp-json\/wp\/v2\/media?parent=759302"}],"wp:term":[{"taxonomy":"product_brand","embeddable":true,"href":"https:\/\/roveyayinevi.com.tr\/index.php\/wp-json\/wp\/v2\/product_brand?post=759302"},{"taxonomy":"product_cat","embeddable":true,"href":"https:\/\/roveyayinevi.com.tr\/index.php\/wp-json\/wp\/v2\/product_cat?post=759302"},{"taxonomy":"product_tag","embeddable":true,"href":"https:\/\/roveyayinevi.com.tr\/index.php\/wp-json\/wp\/v2\/product_tag?post=759302"}],"curies":[{"name":"wp","href":"https:\/\/api.w.org\/{rel}","templated":true}]}}