{"id":759296,"date":"2025-08-28T08:30:35","date_gmt":"2025-08-28T05:30:35","guid":{"rendered":"https:\/\/roveyayinevi.com.tr\/index.php\/urun\/anadolu-turk-tarihi-1-buyuk-selcuklu-devleti\/"},"modified":"2026-04-16T03:12:29","modified_gmt":"2026-04-16T00:12:29","slug":"anadolu-turk-tarihi-1-buyuk-selcuklu-devleti","status":"publish","type":"product","link":"https:\/\/roveyayinevi.com.tr\/index.php\/urun\/anadolu-turk-tarihi-1-buyuk-selcuklu-devleti\/","title":{"rendered":"Anadolu T\u00fcrk Tarihi 1 \/ B\u00fcy\u00fck Sel\u00e7uklu Devleti"},"content":{"rendered":"<p>Kitaplar\u0131, televizyon programlar\u0131 ve gezileriyle binlerce insana tarihi sevdiren Talha U\u011furluel, s\u00fcr\u00fckleyici \u00fcslubuyla, seyahatleriyle, foto\u011fraflarla ve zengin g\u00f6rsel kaynaklarla s\u00fcsledi\u011fi bu \u00e7al\u0131\u015fmas\u0131nda B\u00fcy\u00fck Sel\u00e7uklular\u0131 anlat\u0131yor! * T\u00fcrkler tarih sahnesine ne zaman \u00e7\u0131kt\u0131? * Orta Asya\u2019daki T\u00fcrkler, \u0130slamiyet\u2019i, kimlerden ve nas\u0131l \u00f6\u011frendi? * \u00c7inliler ve Abbasiler aras\u0131ndaki m\u00fccadelede T\u00fcrklerin rol\u00fc neydi? * T\u00fcrk tarihinde yayg\u0131n olarak kulland\u0131\u011f\u0131m\u0131z \u201cT\u00fcrkmen\u201d tabirinin O\u011fuzlarla bir ilgisi var m\u0131yd\u0131? * Sel\u00e7uklular kendilerinden \u00f6nceki di\u011fer T\u00fcrk devletleri gibi neden Asya\u2019da kalmad\u0131lar? * Sel\u00e7uklular\u0131 tam ba\u011f\u0131ms\u0131z h\u00e2le getiren Dandanakan Sava\u015f\u0131 ve tarih\u00e7ilerin \u201cD\u00fcnyan\u0131n Gelini\u201d dedi\u011fi Rey hakk\u0131nda bilinmeyenler&#8230; * Y\u0131llard\u0131r aranan Malazgirt Sava\u015f\u0131 alan\u0131 ve \u015fehitlerin mezarlar\u0131\u2026 * B\u00fct\u00fcn bilinmeyenleriyle T\u00fcrklerin Romal\u0131lar\u0131 ilk kez yendi\u011fi Pasinler Sava\u015f\u0131 alan\u0131&#8230; * Sultan Alparslan\u2019\u0131n kabrinin nerede oldu\u011funa dair son bilgiler ve de\u011ferlendirmeler&#8230; * Unutulan T\u00fcrkler: Suriye ve Irak Sel\u00e7uklular\u0131&#8230; * \u015eam ve Kud\u00fcs tarihinde Sel\u00e7uklular\u0131n rol\u00fc&#8230; * Sel\u00e7uklular\u0131n Alt\u0131n \u00c7a\u011f\u0131: Sultan Melik\u015fah d\u00f6nemi&#8230; * Nizamiye Medreseleri ile ba\u015flayan dillere destan e\u011fitim seferberli\u011fi&#8230; Anadolu T\u00fcrk Tarihi: B\u00fcy\u00fck Sel\u00e7uklu Devleti, tarihseverleri \u015fehir \u015fehir gezdiren yepyeni bir kitap\u2026 Eseri okurken Cend\u2019den yola \u00e7\u0131kacak, Ni\u015fabur\u2019dan Merv\u2019e, \u0130sfahan\u2019dan Rey\u2019e, Ani\u2019den Ahlat\u2019a, Antakya\u2019dan Halep\u2019e, Kud\u00fcs\u2019ten Kahire\u2019ye seyahat edeceksiniz. B\u00fcy\u00fck Sel\u00e7uklu medeniyetin izini s\u00fcrerken bir devrin sanat\u0131na ve tarihine \u015fahit olacaks\u0131n\u0131z. Sel\u00e7uklu\u2019nun sanat\u0131na, insan\u0131na, ilmine-irfan\u0131na, g\u00fcn\u00fcm\u00fczde bile karanl\u0131kta kalm\u0131\u015f hayranl\u0131k uyand\u0131ran y\u00f6nlerine \u00e7ok \u015fa\u015f\u0131racaks\u0131n\u0131z&#8230;<\/p>\n","protected":false},"excerpt":{"rendered":"<p>Kitaplar\u0131, televizyon programlar\u0131 ve gezileriyle binlerce insana tarihi sevdiren Talha U\u011furluel, s\u00fcr\u00fckleyici \u00fcslubuyla, seyahatleriyle, foto\u011fraflarla ve zengin g\u00f6rsel kaynaklarla s\u00fcsledi\u011fi bu \u00e7al\u0131\u015fmas\u0131nda B\u00fcy\u00fck Sel\u00e7uklular\u0131 anlat\u0131yor! *<span class=\"excerpt-hellip\"> [\u2026]<\/span><\/p>\n","protected":false},"featured_media":0,"template":"","meta":{"_monsterinsights_skip_tracking":false,"_monsterinsights_sitenote_active":false,"_monsterinsights_sitenote_note":"","_monsterinsights_sitenote_category":0},"product_brand":[],"product_cat":[12304],"product_tag":[],"class_list":{"0":"post-759296","1":"product","2":"type-product","3":"status-publish","5":"product_cat-tarih","6":"pa_cilt-ciltsiz","7":"pa_tur-kitap","8":"pa_yayinevi-timas-yayinlari","9":"pa_yazar-talha-ugurluel","11":"first","12":"instock","13":"sale","14":"shipping-taxable","15":"purchasable","16":"product-type-simple"},"_links":{"self":[{"href":"https:\/\/roveyayinevi.com.tr\/index.php\/wp-json\/wp\/v2\/product\/759296","targetHints":{"allow":["GET"]}}],"collection":[{"href":"https:\/\/roveyayinevi.com.tr\/index.php\/wp-json\/wp\/v2\/product"}],"about":[{"href":"https:\/\/roveyayinevi.com.tr\/index.php\/wp-json\/wp\/v2\/types\/product"}],"wp:attachment":[{"href":"https:\/\/roveyayinevi.com.tr\/index.php\/wp-json\/wp\/v2\/media?parent=759296"}],"wp:term":[{"taxonomy":"product_brand","embeddable":true,"href":"https:\/\/roveyayinevi.com.tr\/index.php\/wp-json\/wp\/v2\/product_brand?post=759296"},{"taxonomy":"product_cat","embeddable":true,"href":"https:\/\/roveyayinevi.com.tr\/index.php\/wp-json\/wp\/v2\/product_cat?post=759296"},{"taxonomy":"product_tag","embeddable":true,"href":"https:\/\/roveyayinevi.com.tr\/index.php\/wp-json\/wp\/v2\/product_tag?post=759296"}],"curies":[{"name":"wp","href":"https:\/\/api.w.org\/{rel}","templated":true}]}}