{"id":759279,"date":"2025-08-28T08:29:58","date_gmt":"2025-08-28T05:29:58","guid":{"rendered":"https:\/\/roveyayinevi.com.tr\/index.php\/urun\/2010-ikinci-uzay-destani\/"},"modified":"2026-04-16T03:12:29","modified_gmt":"2026-04-16T00:12:29","slug":"2010-ikinci-uzay-destani","status":"publish","type":"product","link":"https:\/\/roveyayinevi.com.tr\/index.php\/urun\/2010-ikinci-uzay-destani\/","title":{"rendered":"2010: \u0130kinci Uzay Destan\u0131"},"content":{"rendered":"<p>\u201cGalakside cesur bir gezinti ve 2001: Bir Uzay Destan\u0131\u2019na lay\u0131k bir devam kitab\u0131.\u201d \u2014Carl Sagan   Arthur C. Clarke, bilimi edebiyatla e\u015fsizce birle\u015ftiren, bilimkurgunun \u00fc\u00e7 b\u00fcy\u00fck ustas\u0131ndan biri. \u0130nsan\u0131n evrimini, yapay zek\u00e2n\u0131n geli\u015fimini ve uzay yolculu\u011funu konu edinen 2001: Bir Uzay Destan\u0131\u2019n\u0131n b\u00fcy\u00fcleyici devam kitab\u0131 2010: \u0130kinci Uzay Destan\u0131 ise galaksinin derinliklerine gizemli bir yolculuk.   J\u00fcpiter ve monoliti \u00e7evreleyen gizemli olaydan y\u0131llar sonra Sovyet ve Amerikal\u0131 astronotlar insanl\u0131\u011f\u0131 temelden de\u011fi\u015ftirebilecek potansiyel cevaplar aramak \u00fczere, J\u00fcpiter\u2019in uydular\u0131na ve Discovery\u2019ye do\u011fru yeni bir yolculu\u011fa \u00e7\u0131karlar. G\u00f6revleri: monolitlerin bilmecesini \u00e7\u00f6zmek ve HAL\u2019\u0131 m\u00fcrettebat\u0131 \u00f6ld\u00fcrmeye s\u00fcr\u00fckleyen ko\u015fullar\u0131 anlamak.   \u00c7inli bir ke\u015fif ekibi de ayn\u0131 hedefe y\u00f6nelir ve kurtarma g\u00f6revini, Discovery\u2019nin J\u00fcpiter\u2019in y\u00f6r\u00fcngesindeki esrarengiz monolit hakk\u0131nda sahip olabilece\u011fi de\u011ferli bilgileri ele ge\u00e7irmek i\u00e7in \u00e7\u0131lg\u0131nca bir yar\u0131\u015fa d\u00f6n\u00fc\u015ft\u00fcr\u00fcr.   Bu arada, bir zamanlar Dave Bowman olarak bilinen varl\u0131k \u2013monolitin gizemini \u00e7\u00f6zen tek insan\u2013 hayati bir g\u00f6rev i\u00e7in D\u00fcnya\u2019ya do\u011fru yola \u00e7\u0131kar.   2010: \u0130kinci Uzay Destan\u0131, kozmik gizemlerin ve insan\u0131n bitmeyen bilgi aray\u0131\u015f\u0131n\u0131n \u00f6yk\u00fcs\u00fc. <\/p>\n","protected":false},"excerpt":{"rendered":"<p>\u201cGalakside cesur bir gezinti ve 2001: Bir Uzay Destan\u0131\u2019na lay\u0131k bir devam kitab\u0131.\u201d \u2014Carl Sagan Arthur C. Clarke, bilimi edebiyatla e\u015fsizce birle\u015ftiren, bilimkurgunun \u00fc\u00e7 b\u00fcy\u00fck ustas\u0131ndan<span class=\"excerpt-hellip\"> [\u2026]<\/span><\/p>\n","protected":false},"featured_media":0,"template":"","meta":{"_monsterinsights_skip_tracking":false,"_monsterinsights_sitenote_active":false,"_monsterinsights_sitenote_note":"","_monsterinsights_sitenote_category":0},"product_brand":[],"product_cat":[12540,12291],"product_tag":[],"class_list":{"0":"post-759279","1":"product","2":"type-product","3":"status-publish","5":"product_cat-bilim-kurgu","6":"product_cat-edebiyat","7":"pa_cilt-ciltsiz","8":"pa_tur-kitap","9":"pa_yayinevi-ithaki-yayinlari","10":"pa_yazar-arthur-c-clarke","12":"first","13":"instock","14":"sale","15":"shipping-taxable","16":"purchasable","17":"product-type-simple"},"_links":{"self":[{"href":"https:\/\/roveyayinevi.com.tr\/index.php\/wp-json\/wp\/v2\/product\/759279","targetHints":{"allow":["GET"]}}],"collection":[{"href":"https:\/\/roveyayinevi.com.tr\/index.php\/wp-json\/wp\/v2\/product"}],"about":[{"href":"https:\/\/roveyayinevi.com.tr\/index.php\/wp-json\/wp\/v2\/types\/product"}],"wp:attachment":[{"href":"https:\/\/roveyayinevi.com.tr\/index.php\/wp-json\/wp\/v2\/media?parent=759279"}],"wp:term":[{"taxonomy":"product_brand","embeddable":true,"href":"https:\/\/roveyayinevi.com.tr\/index.php\/wp-json\/wp\/v2\/product_brand?post=759279"},{"taxonomy":"product_cat","embeddable":true,"href":"https:\/\/roveyayinevi.com.tr\/index.php\/wp-json\/wp\/v2\/product_cat?post=759279"},{"taxonomy":"product_tag","embeddable":true,"href":"https:\/\/roveyayinevi.com.tr\/index.php\/wp-json\/wp\/v2\/product_tag?post=759279"}],"curies":[{"name":"wp","href":"https:\/\/api.w.org\/{rel}","templated":true}]}}