{"id":759276,"date":"2025-08-28T08:29:52","date_gmt":"2025-08-28T05:29:52","guid":{"rendered":"https:\/\/roveyayinevi.com.tr\/index.php\/urun\/astroloji-ve-kendini-bulma-sanati\/"},"modified":"2026-03-28T03:16:19","modified_gmt":"2026-03-28T00:16:19","slug":"astroloji-ve-kendini-bulma-sanati","status":"publish","type":"product","link":"https:\/\/roveyayinevi.com.tr\/index.php\/urun\/astroloji-ve-kendini-bulma-sanati\/","title":{"rendered":"Astroloji ve Kendini Bulma Sanat\u0131"},"content":{"rendered":"<p>\u201c\u0130nsan uyanana kadar y\u0131ld\u0131zlar\u0131n esiridir. Uyanm\u0131\u015f bir ki\u015fi ise y\u0131ld\u0131zlara tesir eder.\u201d Muyiddin \u0130bn\u00fc-l Arabi Kendini Bulma Sanat\u0131 serisinin d\u00f6rd\u00fcnc\u00fc kitab\u0131 Astroloji ve Kendini Bulma Sanat\u0131 Literat\u00fcr Hayat etiketiyle kitapseverlerle bulu\u015fuyor. Eskiler d\u00fcnyan\u0131n gidi\u015fat\u0131na \u00e7ark\u0131felek ad\u0131n\u0131 vermi\u015flerdir. Ancak insan \u00e7ark\u0131fele\u011fe girerken, yani zaman ve mek\u00e2n \u00e2lemine bedenlenirken, ruhtan oldu\u011funu unutur. Kendi g\u00fcne\u015finin \u0131\u015f\u0131\u011f\u0131n\u0131, ruhun sonsuz enerjisinden ald\u0131\u011f\u0131 bilgisini derinde bir yere iter ve egosuyla ya\u015famaya ba\u015flar. \u00c7ark\u0131fele\u011fin derdi bize bizi buldurmakt\u0131r. Ka\u00e7\u0131n\u0131lmaz olan kaderse, ba\u015fa gelecek olanlar de\u011fil, al\u0131nmas\u0131 gereken derslerdir. Bu dersleri al\u0131rken olu\u015fan senaryolara, kendi se\u00e7imlerimizle s\u00fcrekli m\u00fcdahale ederiz. Evrende sonsuz say\u0131da senaryo vard\u0131r. Matriks, se\u00e7ti\u011fimiz y\u00f6n\u00fc kapsayarak an\u0131nda yeniden yap\u0131lan\u0131r ve bilincimizi yap\u0131land\u0131rmak i\u00e7in gerekli olan deneyimler, bize bu yeni senaryo \u00fczerinden akar. \u00c7ark\u0131felek her bir can\u0131, kendi \u201cen iyisine\u201d ula\u015fmak i\u00e7in h\u00e2lden h\u00e2le koyarken, insan hi\u00e7 fark\u0131na varmadan b\u00fct\u00fcn insanl\u0131\u011f\u0131n geli\u015fim s\u00fcrecine de do\u011frudan veya dolayl\u0131 yolla katk\u0131da bulunur. \u201c\u2026\u00d6yleyse hayat, d\u00fcnyada bedenlenmi\u015f bir ruhun uyanmak ve \u00f6z\u00fcn\u00fc hat\u0131rlamak i\u00e7in ge\u00e7ti\u011fi duraklar gibiydi. Ne ya\u015fad\u0131\u011f\u0131m\u0131z de\u011fil, ya\u015fad\u0131klar\u0131m\u0131zdan ne \u00e7\u0131kard\u0131\u011f\u0131m\u0131zd\u0131 k\u0131ymetli olan. Ben y\u0131ld\u0131zlar\u0131n kurban\u0131 de\u011fildim! Hayat\u0131n ak\u0131p giden d\u00f6ng\u00fcleri i\u00e7inde kendini fark etmeye \u00e7al\u0131\u015fan bir yolcuydum. Y\u0131ld\u0131zlar ise sadece ge\u00e7mem gereken kap\u0131lara \u0131\u015f\u0131k tutuyordu\u2026\u201d Astroloji ve Kendini Bulma Sanat\u0131, insan\u0131n g\u00f6klerin alt\u0131ndaki bireysel yolculu\u011funu irade ve kader ekseninde incelerken kutsall\u0131\u011f\u0131n g\u00f6kte de\u011fil, i\u00e7imizde oldu\u011funu da g\u00f6steriyor.<\/p>\n","protected":false},"excerpt":{"rendered":"<p>\u201c\u0130nsan uyanana kadar y\u0131ld\u0131zlar\u0131n esiridir. Uyanm\u0131\u015f bir ki\u015fi ise y\u0131ld\u0131zlara tesir eder.\u201d Muyiddin \u0130bn\u00fc-l Arabi Kendini Bulma Sanat\u0131 serisinin d\u00f6rd\u00fcnc\u00fc kitab\u0131 Astroloji ve Kendini Bulma Sanat\u0131<span class=\"excerpt-hellip\"> [\u2026]<\/span><\/p>\n","protected":false},"featured_media":0,"template":"","meta":{"_monsterinsights_skip_tracking":false,"_monsterinsights_sitenote_active":false,"_monsterinsights_sitenote_note":"","_monsterinsights_sitenote_category":0},"product_brand":[],"product_cat":[12364,12376],"product_tag":[],"class_list":{"0":"post-759276","1":"product","2":"type-product","3":"status-publish","5":"product_cat-genel-konular","6":"product_cat-kisisel-gelisim","7":"pa_cilt-ciltsiz","8":"pa_tur-kitap","9":"pa_yayinevi-literatur-yayinevi","10":"pa_yazar-juno-yildiz-gozlemcisi","12":"first","13":"instock","14":"sale","15":"shipping-taxable","16":"purchasable","17":"product-type-simple"},"_links":{"self":[{"href":"https:\/\/roveyayinevi.com.tr\/index.php\/wp-json\/wp\/v2\/product\/759276","targetHints":{"allow":["GET"]}}],"collection":[{"href":"https:\/\/roveyayinevi.com.tr\/index.php\/wp-json\/wp\/v2\/product"}],"about":[{"href":"https:\/\/roveyayinevi.com.tr\/index.php\/wp-json\/wp\/v2\/types\/product"}],"wp:attachment":[{"href":"https:\/\/roveyayinevi.com.tr\/index.php\/wp-json\/wp\/v2\/media?parent=759276"}],"wp:term":[{"taxonomy":"product_brand","embeddable":true,"href":"https:\/\/roveyayinevi.com.tr\/index.php\/wp-json\/wp\/v2\/product_brand?post=759276"},{"taxonomy":"product_cat","embeddable":true,"href":"https:\/\/roveyayinevi.com.tr\/index.php\/wp-json\/wp\/v2\/product_cat?post=759276"},{"taxonomy":"product_tag","embeddable":true,"href":"https:\/\/roveyayinevi.com.tr\/index.php\/wp-json\/wp\/v2\/product_tag?post=759276"}],"curies":[{"name":"wp","href":"https:\/\/api.w.org\/{rel}","templated":true}]}}