{"id":759273,"date":"2025-08-28T08:29:46","date_gmt":"2025-08-28T05:29:46","guid":{"rendered":"https:\/\/roveyayinevi.com.tr\/index.php\/urun\/kucuk-prens-39\/"},"modified":"2026-04-16T03:12:29","modified_gmt":"2026-04-16T00:12:29","slug":"kucuk-prens-39","status":"publish","type":"product","link":"https:\/\/roveyayinevi.com.tr\/index.php\/urun\/kucuk-prens-39\/","title":{"rendered":"K\u00fc\u00e7\u00fck Prens"},"content":{"rendered":"<p>B\u00fct\u00fcn d\u00fcnyada en \u00e7ok okunan edebiyat eserleri aras\u0131nda yer alan K\u00fc\u00e7\u00fck Prens, hem \u00e7ocuklar hem de yeti\u015fkinler i\u00e7in bir ba\u015fucu kitab\u0131. U\u00e7a\u011f\u0131 ar\u0131zaland\u0131ktan sonra Sahra \u00c7\u00f6l\u00fc\u2019ne zorunlu ini\u015f yapan pilot, daha \u00f6nce g\u00f6rd\u00fc\u011f\u00fc hi\u00e7 kimseye benzemeyen K\u00fc\u00e7\u00fck Prens\u2019le kar\u015f\u0131la\u015f\u0131r. Pilotla K\u00fc\u00e7\u00fck Prens aras\u0131ndaki sohbet bir yandan \u00e7ocuklar\u0131n g\u00f6z\u00fcnden yeti\u015fkinlerin d\u00fcnyas\u0131n\u0131 yans\u0131t\u0131rken, \u00f6te yandan K\u00fc\u00e7\u00fck Prens\u2019in bir \u00e7ocuktan beklenmeyecek olgunluktaki karakterini, zekice g\u00f6zlemlerini ortaya koyar. \u00c7ocuklar\u0131n ve yeti\u015fkinlerin d\u00fcnyas\u0131na ayn\u0131 anda hitap edebilmesiyle s\u0131rad\u0131\u015f\u0131 bir edebiyat eseri olan K\u00fc\u00e7\u00fck Prens, Antoine de Saint-Exup\u00e9ry\u2019nin \u00e7izimleriyle ayn\u0131 zamanda g\u00f6rsel bir ziyafet sunuyor. \u201cK\u00fc\u00e7\u00fck Prens, bizi yaln\u0131zl\u0131\u011f\u0131m\u0131zdan kurtaran ve d\u00fcnyan\u0131n b\u00fcy\u00fck gizemlerini anlamam\u0131za yol a\u00e7an b\u00fcy\u00fck bir \u015fairin mesaj\u0131.\u201d Mart\u0131n Heidegger<\/p>\n","protected":false},"excerpt":{"rendered":"<p>B\u00fct\u00fcn d\u00fcnyada en \u00e7ok okunan edebiyat eserleri aras\u0131nda yer alan K\u00fc\u00e7\u00fck Prens, hem \u00e7ocuklar hem de yeti\u015fkinler i\u00e7in bir ba\u015fucu kitab\u0131. U\u00e7a\u011f\u0131 ar\u0131zaland\u0131ktan sonra Sahra \u00c7\u00f6l\u00fc\u2019ne<span class=\"excerpt-hellip\"> [\u2026]<\/span><\/p>\n","protected":false},"featured_media":0,"template":"","meta":{"_monsterinsights_skip_tracking":false,"_monsterinsights_sitenote_active":false,"_monsterinsights_sitenote_note":"","_monsterinsights_sitenote_category":0},"product_brand":[],"product_cat":[12291,12711],"product_tag":[],"class_list":{"0":"post-759273","1":"product","2":"type-product","3":"status-publish","5":"product_cat-edebiyat","6":"product_cat-roman-oyku","7":"pa_cilt-ciltsiz","8":"pa_tur-kitap","9":"pa_yayinevi-iletisim-yayinlari","10":"pa_yazar-antoine-de-saint-exupery","12":"first","13":"instock","14":"sale","15":"shipping-taxable","16":"purchasable","17":"product-type-simple"},"_links":{"self":[{"href":"https:\/\/roveyayinevi.com.tr\/index.php\/wp-json\/wp\/v2\/product\/759273","targetHints":{"allow":["GET"]}}],"collection":[{"href":"https:\/\/roveyayinevi.com.tr\/index.php\/wp-json\/wp\/v2\/product"}],"about":[{"href":"https:\/\/roveyayinevi.com.tr\/index.php\/wp-json\/wp\/v2\/types\/product"}],"wp:attachment":[{"href":"https:\/\/roveyayinevi.com.tr\/index.php\/wp-json\/wp\/v2\/media?parent=759273"}],"wp:term":[{"taxonomy":"product_brand","embeddable":true,"href":"https:\/\/roveyayinevi.com.tr\/index.php\/wp-json\/wp\/v2\/product_brand?post=759273"},{"taxonomy":"product_cat","embeddable":true,"href":"https:\/\/roveyayinevi.com.tr\/index.php\/wp-json\/wp\/v2\/product_cat?post=759273"},{"taxonomy":"product_tag","embeddable":true,"href":"https:\/\/roveyayinevi.com.tr\/index.php\/wp-json\/wp\/v2\/product_tag?post=759273"}],"curies":[{"name":"wp","href":"https:\/\/api.w.org\/{rel}","templated":true}]}}