{"id":759260,"date":"2025-08-28T08:29:23","date_gmt":"2025-08-28T05:29:23","guid":{"rendered":"https:\/\/roveyayinevi.com.tr\/index.php\/urun\/elestirel-teori\/"},"modified":"2026-04-16T03:12:28","modified_gmt":"2026-04-16T00:12:28","slug":"elestirel-teori","status":"publish","type":"product","link":"https:\/\/roveyayinevi.com.tr\/index.php\/urun\/elestirel-teori\/","title":{"rendered":"Ele\u015ftirel Teori"},"content":{"rendered":"<p>Geride b\u0131rakt\u0131\u011f\u0131m\u0131z yirminci y\u00fczy\u0131l, bizlere, b\u00fct\u00fcn kurumlar\u0131yla par\u00e7alanm\u0131\u015f bir miras b\u0131rakt\u0131. Bu par\u00e7alanm\u0131\u015fl\u0131k halini insanl\u0131\u011f\u0131n gelece\u011fe y\u00f6nelik umutlar\u0131n\u0131 ye\u015fertecek \u015fekilde yeniden toparlamak Ele\u015ftirel Teorinin ba\u015fat ere\u011fi olmu\u015ftur. Peki bu nas\u0131l m\u00fcmk\u00fcn olacakt\u0131r? H\u00f6lderlin\u2019in \u201ctehlikenin oldu\u011fu yerde koruyucu g\u00fc\u00e7 de serpilip geli\u015fir\u201d s\u00f6z\u00fcnde ipu\u00e7lar\u0131n\u0131 buldu\u011fumuz bu sorunun cevab\u0131, ku\u015fat\u0131c\u0131 anlam\u0131n\u0131, ele\u015ftirel teorinin toplumsal kurumlar\u0131 k\u0131l\u0131 k\u0131rk yarar bi\u00e7imde ele alan ve sorgulayan d\u00fc\u015f\u00fcn\u00fcrlerinde kazand\u0131. Ele\u015ftirel Teori d\u00fc\u015f\u00fcn\u00fcrleri, \u201cmevcut ko\u015fullar ve kurumlardan mant\u0131ksal \u00e7\u0131kar\u0131mlar yaparak y\u0131k\u0131c\u0131 \u00e7at\u0131\u015fmalar\u0131 azaltacak, \u00f6zg\u00fcrl\u00fck alan\u0131n\u0131n geni\u015flemesini, kaynaklar\u0131n daha ussal ve adil kullan\u0131m\u0131n\u0131\/da\u011f\u0131l\u0131m\u0131n\u0131 sa\u011flayacak ve insani geli\u015fimi daha y\u00fcksek bir a\u015famaya ta\u015f\u0131yacak temel kurumsal de\u011fi\u015fimlerin\u201d neler olabilece\u011fi sorusuyla \u201ckoruyucu g\u00fc\u00e7ler\u201di a\u00e7\u0131\u011fa \u00e7\u0131karmaya \u00e7al\u0131\u015ft\u0131lar. Okur, bu kitaptaki her bir b\u00f6l\u00fcmde bu a\u00e7\u0131\u011fa \u00e7\u0131karma s\u00fcrecine y\u00f6nelik \u00e7abay\u0131 bulacakt\u0131r. <\/p>\n","protected":false},"excerpt":{"rendered":"<p>Geride b\u0131rakt\u0131\u011f\u0131m\u0131z yirminci y\u00fczy\u0131l, bizlere, b\u00fct\u00fcn kurumlar\u0131yla par\u00e7alanm\u0131\u015f bir miras b\u0131rakt\u0131. Bu par\u00e7alanm\u0131\u015fl\u0131k halini insanl\u0131\u011f\u0131n gelece\u011fe y\u00f6nelik umutlar\u0131n\u0131 ye\u015fertecek \u015fekilde yeniden toparlamak Ele\u015ftirel Teorinin ba\u015fat ere\u011fi<span class=\"excerpt-hellip\"> [\u2026]<\/span><\/p>\n","protected":false},"featured_media":0,"template":"","meta":{"_monsterinsights_skip_tracking":false,"_monsterinsights_sitenote_active":false,"_monsterinsights_sitenote_note":"","_monsterinsights_sitenote_category":0},"product_brand":[],"product_cat":[12388,15536],"product_tag":[],"class_list":{"0":"post-759260","1":"product","2":"type-product","3":"status-publish","5":"product_cat-felsefe","6":"product_cat-siyaset-felsefesi","7":"pa_cilt-ciltsiz","8":"pa_tur-kitap","9":"pa_yayinevi-nika-yayinevi","10":"pa_yazar-kolektif","12":"first","13":"instock","14":"sale","15":"shipping-taxable","16":"purchasable","17":"product-type-simple"},"_links":{"self":[{"href":"https:\/\/roveyayinevi.com.tr\/index.php\/wp-json\/wp\/v2\/product\/759260","targetHints":{"allow":["GET"]}}],"collection":[{"href":"https:\/\/roveyayinevi.com.tr\/index.php\/wp-json\/wp\/v2\/product"}],"about":[{"href":"https:\/\/roveyayinevi.com.tr\/index.php\/wp-json\/wp\/v2\/types\/product"}],"wp:attachment":[{"href":"https:\/\/roveyayinevi.com.tr\/index.php\/wp-json\/wp\/v2\/media?parent=759260"}],"wp:term":[{"taxonomy":"product_brand","embeddable":true,"href":"https:\/\/roveyayinevi.com.tr\/index.php\/wp-json\/wp\/v2\/product_brand?post=759260"},{"taxonomy":"product_cat","embeddable":true,"href":"https:\/\/roveyayinevi.com.tr\/index.php\/wp-json\/wp\/v2\/product_cat?post=759260"},{"taxonomy":"product_tag","embeddable":true,"href":"https:\/\/roveyayinevi.com.tr\/index.php\/wp-json\/wp\/v2\/product_tag?post=759260"}],"curies":[{"name":"wp","href":"https:\/\/api.w.org\/{rel}","templated":true}]}}