{"id":759251,"date":"2025-08-28T08:29:08","date_gmt":"2025-08-28T05:29:08","guid":{"rendered":"https:\/\/roveyayinevi.com.tr\/index.php\/urun\/disney-pixar-arabalar-cikartmali-boyama-kitabi-maketini-yap-ve-oyna\/"},"modified":"2026-04-16T03:12:28","modified_gmt":"2026-04-16T00:12:28","slug":"disney-pixar-arabalar-cikartmali-boyama-kitabi-maketini-yap-ve-oyna","status":"publish","type":"product","link":"https:\/\/roveyayinevi.com.tr\/index.php\/urun\/disney-pixar-arabalar-cikartmali-boyama-kitabi-maketini-yap-ve-oyna\/","title":{"rendered":"Disney Pixar Arabalar &#8211; \u00c7\u0131kartmal\u0131 Boyama Kitab\u0131 &#8211; Maketini Yap ve Oyna!"},"content":{"rendered":"<p>En renkli maceralar seni \u00e7a\u011f\u0131r\u0131yor!Her sayfada Arabalar D\u00fcnyas\u0131\u2019ndan h\u0131zl\u0131 dostlar\u0131m\u0131z\u0131n e\u011flenceli maceralar\u0131 seni bekliyor. En sevdi\u011fin karakterleri boya, maketini yap ve reng\u00e2renk \u00e7\u0131kartmalarla g\u00f6z al\u0131c\u0131 sayfalar yarat!<\/p>\n","protected":false},"excerpt":{"rendered":"<p>En renkli maceralar seni \u00e7a\u011f\u0131r\u0131yor!Her sayfada Arabalar D\u00fcnyas\u0131\u2019ndan h\u0131zl\u0131 dostlar\u0131m\u0131z\u0131n e\u011flenceli maceralar\u0131 seni bekliyor. En sevdi\u011fin karakterleri boya, maketini yap ve reng\u00e2renk \u00e7\u0131kartmalarla g\u00f6z al\u0131c\u0131 sayfalar<span class=\"excerpt-hellip\"> [\u2026]<\/span><\/p>\n","protected":false},"featured_media":0,"template":"","meta":{"_monsterinsights_skip_tracking":false,"_monsterinsights_sitenote_active":false,"_monsterinsights_sitenote_note":"","_monsterinsights_sitenote_category":0},"product_brand":[],"product_cat":[12274,15842],"product_tag":[],"class_list":{"0":"post-759251","1":"product","2":"type-product","3":"status-publish","5":"product_cat-cocuk-ve-genclik-kitaplari","6":"product_cat-egitici-kitaplar","7":"pa_cilt-ciltsiz","8":"pa_tur-kitap","9":"pa_yayinevi-dogan-cocuk","10":"pa_yazar-kolektif","12":"first","13":"instock","14":"sale","15":"shipping-taxable","16":"purchasable","17":"product-type-simple"},"_links":{"self":[{"href":"https:\/\/roveyayinevi.com.tr\/index.php\/wp-json\/wp\/v2\/product\/759251","targetHints":{"allow":["GET"]}}],"collection":[{"href":"https:\/\/roveyayinevi.com.tr\/index.php\/wp-json\/wp\/v2\/product"}],"about":[{"href":"https:\/\/roveyayinevi.com.tr\/index.php\/wp-json\/wp\/v2\/types\/product"}],"wp:attachment":[{"href":"https:\/\/roveyayinevi.com.tr\/index.php\/wp-json\/wp\/v2\/media?parent=759251"}],"wp:term":[{"taxonomy":"product_brand","embeddable":true,"href":"https:\/\/roveyayinevi.com.tr\/index.php\/wp-json\/wp\/v2\/product_brand?post=759251"},{"taxonomy":"product_cat","embeddable":true,"href":"https:\/\/roveyayinevi.com.tr\/index.php\/wp-json\/wp\/v2\/product_cat?post=759251"},{"taxonomy":"product_tag","embeddable":true,"href":"https:\/\/roveyayinevi.com.tr\/index.php\/wp-json\/wp\/v2\/product_tag?post=759251"}],"curies":[{"name":"wp","href":"https:\/\/api.w.org\/{rel}","templated":true}]}}