{"id":759247,"date":"2025-08-28T08:28:59","date_gmt":"2025-08-28T05:28:59","guid":{"rendered":"https:\/\/roveyayinevi.com.tr\/index.php\/urun\/etkinliklerle-nasrettin-hoca-fikralari-10-kitap\/"},"modified":"2026-04-16T03:12:28","modified_gmt":"2026-04-16T00:12:28","slug":"etkinliklerle-nasrettin-hoca-fikralari-10-kitap","status":"publish","type":"product","link":"https:\/\/roveyayinevi.com.tr\/index.php\/urun\/etkinliklerle-nasrettin-hoca-fikralari-10-kitap\/","title":{"rendered":"Etkinliklerle Nasrettin Hoca F\u0131kralar\u0131 (10 Kitap)"},"content":{"rendered":"<p>Tema ve De\u011ferler \u2022 De\u011ferlerimiz \u2022 Sab\u0131r \u2022 Mizah \u2022 Akl\u0131n\u0131 Kullanma  D\u00fcnyaca \u00fcnl\u00fc mizah ustas\u0131 Nasrettin Hoca`m\u0131z\u0131n en bilinen f\u0131kralar\u0131ndan derlenmi\u015ftir.Okumaya yeni ba\u015flayan \u00e7ocuklar\u0131n heyecanla ve kahkahalarla okuyaca\u011f\u0131 bu seri, biti\u015fik e\u011fik el yaz\u0131s\u0131 ile haz\u0131rlanm\u0131\u015ft\u0131r. 1-Bana m\u0131 \u0130nan\u0131yorsun E\u015fe\u011fe mi?2-Ye K\u00fcrk\u00fcm Ye3-\u00d6rdek \u00c7orbas\u01314-Eski Aylar\u0131 Ne Yap\u0131yorlar?5-Ya Tutarsa6-Dostlar Al\u0131\u015fveri\u015fte G\u00f6rs\u00fcn7-\u0130pe Un Sermek8-\u00c7\u00f6l Ku\u015fu9-Uykumu Ar\u0131yorum10-Ben Zaten \u0130necektim <\/p>\n","protected":false},"excerpt":{"rendered":"<p>Tema ve De\u011ferler \u2022 De\u011ferlerimiz \u2022 Sab\u0131r \u2022 Mizah \u2022 Akl\u0131n\u0131 Kullanma D\u00fcnyaca \u00fcnl\u00fc mizah ustas\u0131 Nasrettin Hoca`m\u0131z\u0131n en bilinen f\u0131kralar\u0131ndan derlenmi\u015ftir.Okumaya yeni ba\u015flayan \u00e7ocuklar\u0131n heyecanla<span class=\"excerpt-hellip\"> [\u2026]<\/span><\/p>\n","protected":false},"featured_media":0,"template":"","meta":{"_monsterinsights_skip_tracking":false,"_monsterinsights_sitenote_active":false,"_monsterinsights_sitenote_note":"","_monsterinsights_sitenote_category":0},"product_brand":[],"product_cat":[12274,12284],"product_tag":[],"class_list":{"0":"post-759247","1":"product","2":"type-product","3":"status-publish","5":"product_cat-cocuk-ve-genclik-kitaplari","6":"product_cat-hikayeler","7":"pa_cilt-set","8":"pa_tur-kitap","9":"pa_yayinevi-ema-kitap","10":"pa_yazar-kolektif","12":"first","13":"instock","14":"sale","15":"shipping-taxable","16":"purchasable","17":"product-type-simple"},"_links":{"self":[{"href":"https:\/\/roveyayinevi.com.tr\/index.php\/wp-json\/wp\/v2\/product\/759247","targetHints":{"allow":["GET"]}}],"collection":[{"href":"https:\/\/roveyayinevi.com.tr\/index.php\/wp-json\/wp\/v2\/product"}],"about":[{"href":"https:\/\/roveyayinevi.com.tr\/index.php\/wp-json\/wp\/v2\/types\/product"}],"wp:attachment":[{"href":"https:\/\/roveyayinevi.com.tr\/index.php\/wp-json\/wp\/v2\/media?parent=759247"}],"wp:term":[{"taxonomy":"product_brand","embeddable":true,"href":"https:\/\/roveyayinevi.com.tr\/index.php\/wp-json\/wp\/v2\/product_brand?post=759247"},{"taxonomy":"product_cat","embeddable":true,"href":"https:\/\/roveyayinevi.com.tr\/index.php\/wp-json\/wp\/v2\/product_cat?post=759247"},{"taxonomy":"product_tag","embeddable":true,"href":"https:\/\/roveyayinevi.com.tr\/index.php\/wp-json\/wp\/v2\/product_tag?post=759247"}],"curies":[{"name":"wp","href":"https:\/\/api.w.org\/{rel}","templated":true}]}}