{"id":759237,"date":"2025-08-28T08:28:40","date_gmt":"2025-08-28T05:28:40","guid":{"rendered":"https:\/\/roveyayinevi.com.tr\/index.php\/urun\/beynin-evrimi-ve-tanrilarin-ortaya-cikisi\/"},"modified":"2026-04-16T03:12:28","modified_gmt":"2026-04-16T00:12:28","slug":"beynin-evrimi-ve-tanrilarin-ortaya-cikisi","status":"publish","type":"product","link":"https:\/\/roveyayinevi.com.tr\/index.php\/urun\/beynin-evrimi-ve-tanrilarin-ortaya-cikisi\/","title":{"rendered":"Beynin Evrimi ve Tanr\u0131lar\u0131n Ortaya \u00c7\u0131k\u0131\u015f\u0131"},"content":{"rendered":"<p>Geceleri g\u00fcne\u015f nereye gider? Ay neden \u015fekil de\u011fi\u015ftirir? Y\u0131ld\u0131zlar neden hareket ediyor? R\u00fczg\u00e2ra ve ya\u011fmura, g\u00f6k g\u00fcr\u00fclt\u00fcs\u00fcne ve y\u0131ld\u0131r\u0131ma, sele ve kurakl\u0131\u011fa sebep olan \u015fey nedir? D\u00fcnya nas\u0131l ortaya \u00e7\u0131kt\u0131? Ben neden buraday\u0131m? \u00d6ld\u00fckten sonra bana ne olacak? Tanr\u0131lar, en etkili \u015fekilde binlerce y\u0131ld\u0131r bu t\u00fcr do\u011fa olaylar\u0131na ve felsefi sorulara yan\u0131tlar getirmektedir. Hayat yolculu\u011funda tanr\u0131lar\u0131n sembolik ve an\u0131tsal deste\u011fini yan\u0131na almak yapayaln\u0131z insan i\u00e7in huzur ve g\u00fcven verici olmu\u015ftur. D\u00fcnyan\u0131n d\u00f6rt bir yan\u0131ndaki dinler ve mitolojiler insanlar\u0131 Tanr\u0131&#8217;n\u0131n veya tanr\u0131lar\u0131n yaratt\u0131\u011f\u0131n\u0131 \u00f6\u011fretirken, E. Fuller Torrey bu soruya \u015fa\u015f\u0131rt\u0131c\u0131 bir yan\u0131t \u00f6nererek dini inanc\u0131n evrimin bir yan \u00fcr\u00fcn\u00fc olup olmad\u0131\u011f\u0131n\u0131 tart\u0131\u015f\u0131yor. En son sinirbilim ara\u015ft\u0131rmalar\u0131ndan yararlanarak tanr\u0131lar\u0131n k\u00f6kenini insan beynine yerle\u015ftiriyor. Ba\u015flang\u0131\u00e7ta Charles Darwin taraf\u0131ndan \u00f6nerilen bir fikre dayanarak Torrey, tanr\u0131lar\u0131n ortaya \u00e7\u0131k\u0131\u015f\u0131n\u0131n \u00e7e\u015fitli evrimsel fakt\u00f6rlerin tesad\u00fcfi bir sonucu oldu\u011funa dair kan\u0131tlar\u0131 s\u0131ral\u0131yor. Antik kafataslar\u0131 ve eserlerden beyin g\u00f6r\u00fcnt\u00fcleme ve \u00e7ocuk geli\u015fimi ara\u015ft\u0131rmalar\u0131na kadar \u00e7e\u015fitli verileri kullanarak yeni bili\u015fsel yeteneklerin nas\u0131l yeni davran\u0131\u015flara yol a\u00e7t\u0131\u011f\u0131n\u0131n izini s\u00fcr\u00fcyor. Torrey giyim, sanat, \u00e7ift\u00e7ilik ve kentle\u015fme gibi arkeolojik bulgular\u0131 bili\u015fsel geli\u015fmelerle ili\u015fkilendirerek, tanr\u0131lar\u0131n neden ortaya \u00e7\u0131kt\u0131klar\u0131n\u0131 a\u00e7\u0131klayan n\u00f6robiyolojik diziyi detayland\u0131r\u0131yor. Bu kitap inanc\u0131 g\u00f6z ard\u0131 etmiyor, aksine dini inanc\u0131 beyin evriminin ka\u00e7\u0131n\u0131lmaz bir sonucu olarak sunuyor ve evrimsel sinirbilimin \u0131\u015f\u0131\u011f\u0131nda tanr\u0131 kavram\u0131n\u0131n en gizemli detaylar\u0131na \u0131\u015f\u0131k tutuyor. <\/p>\n","protected":false},"excerpt":{"rendered":"<p>Geceleri g\u00fcne\u015f nereye gider? Ay neden \u015fekil de\u011fi\u015ftirir? Y\u0131ld\u0131zlar neden hareket ediyor? R\u00fczg\u00e2ra ve ya\u011fmura, g\u00f6k g\u00fcr\u00fclt\u00fcs\u00fcne ve y\u0131ld\u0131r\u0131ma, sele ve kurakl\u0131\u011fa sebep olan \u015fey nedir?<span class=\"excerpt-hellip\"> [\u2026]<\/span><\/p>\n","protected":false},"featured_media":0,"template":"","meta":{"_monsterinsights_skip_tracking":false,"_monsterinsights_sitenote_active":false,"_monsterinsights_sitenote_note":"","_monsterinsights_sitenote_category":0},"product_brand":[],"product_cat":[12357],"product_tag":[],"class_list":{"0":"post-759237","1":"product","2":"type-product","3":"status-publish","5":"product_cat-psikoloji","6":"pa_cilt-ciltsiz","7":"pa_tur-kitap","8":"pa_yayinevi-diyojen-yayincilik","9":"pa_yazar-e-fuller-torrey","11":"first","12":"instock","13":"sale","14":"shipping-taxable","15":"purchasable","16":"product-type-simple"},"_links":{"self":[{"href":"https:\/\/roveyayinevi.com.tr\/index.php\/wp-json\/wp\/v2\/product\/759237","targetHints":{"allow":["GET"]}}],"collection":[{"href":"https:\/\/roveyayinevi.com.tr\/index.php\/wp-json\/wp\/v2\/product"}],"about":[{"href":"https:\/\/roveyayinevi.com.tr\/index.php\/wp-json\/wp\/v2\/types\/product"}],"wp:attachment":[{"href":"https:\/\/roveyayinevi.com.tr\/index.php\/wp-json\/wp\/v2\/media?parent=759237"}],"wp:term":[{"taxonomy":"product_brand","embeddable":true,"href":"https:\/\/roveyayinevi.com.tr\/index.php\/wp-json\/wp\/v2\/product_brand?post=759237"},{"taxonomy":"product_cat","embeddable":true,"href":"https:\/\/roveyayinevi.com.tr\/index.php\/wp-json\/wp\/v2\/product_cat?post=759237"},{"taxonomy":"product_tag","embeddable":true,"href":"https:\/\/roveyayinevi.com.tr\/index.php\/wp-json\/wp\/v2\/product_tag?post=759237"}],"curies":[{"name":"wp","href":"https:\/\/api.w.org\/{rel}","templated":true}]}}