{"id":759217,"date":"2025-08-28T08:28:02","date_gmt":"2025-08-28T05:28:02","guid":{"rendered":"https:\/\/roveyayinevi.com.tr\/index.php\/urun\/elifin-yolculugu\/"},"modified":"2026-04-16T03:12:28","modified_gmt":"2026-04-16T00:12:28","slug":"elifin-yolculugu","status":"publish","type":"product","link":"https:\/\/roveyayinevi.com.tr\/index.php\/urun\/elifin-yolculugu\/","title":{"rendered":"Elifin Yolculu\u011fu"},"content":{"rendered":"<p>elif, alif, alaph, aleph   T\u00fcm harflerin ba\u015flang\u0131c\u0131 Allah\u2019\u0131n Zat\u0131 Birlik Teklik \u0130nsan-\u0131 K\u00e2mil \u00c2dem Ate\u015f   T\u00fcm harfler elif &#8216;in \u015fekil alm\u0131\u015f halidir&#8230; O, t\u00fcm s\u00f6ylemlere anlam\u0131n\u0131 verir. T\u00fcm yarat\u0131l\u0131\u015f, elif &#8216;in \u015fekil alm\u0131\u015f halidir&#8230; O, t\u00fcm evrene anlam\u0131n\u0131 verir.   \u0130nsan elbisesine \u00fcflenen ruhun elif &#8216;in yolculu\u011fudur k\u00e2inata vesile olan&#8230; <\/p>\n","protected":false},"excerpt":{"rendered":"<p>elif, alif, alaph, aleph T\u00fcm harflerin ba\u015flang\u0131c\u0131 Allah\u2019\u0131n Zat\u0131 Birlik Teklik \u0130nsan-\u0131 K\u00e2mil \u00c2dem Ate\u015f T\u00fcm harfler elif &#8216;in \u015fekil alm\u0131\u015f halidir&#8230; O, t\u00fcm s\u00f6ylemlere anlam\u0131n\u0131<span class=\"excerpt-hellip\"> [\u2026]<\/span><\/p>\n","protected":false},"featured_media":0,"template":"","meta":{"_monsterinsights_skip_tracking":false,"_monsterinsights_sitenote_active":false,"_monsterinsights_sitenote_note":"","_monsterinsights_sitenote_category":0},"product_brand":[],"product_cat":[12777,12291],"product_tag":[],"class_list":{"0":"post-759217","1":"product","2":"type-product","3":"status-publish","5":"product_cat-deneme","6":"product_cat-edebiyat","7":"pa_cilt-ciltsiz","8":"pa_tur-kitap","9":"pa_yayinevi-destek-yayinlari","10":"pa_yazar-erhan-aslan","12":"first","13":"instock","14":"sale","15":"shipping-taxable","16":"purchasable","17":"product-type-simple"},"_links":{"self":[{"href":"https:\/\/roveyayinevi.com.tr\/index.php\/wp-json\/wp\/v2\/product\/759217","targetHints":{"allow":["GET"]}}],"collection":[{"href":"https:\/\/roveyayinevi.com.tr\/index.php\/wp-json\/wp\/v2\/product"}],"about":[{"href":"https:\/\/roveyayinevi.com.tr\/index.php\/wp-json\/wp\/v2\/types\/product"}],"wp:attachment":[{"href":"https:\/\/roveyayinevi.com.tr\/index.php\/wp-json\/wp\/v2\/media?parent=759217"}],"wp:term":[{"taxonomy":"product_brand","embeddable":true,"href":"https:\/\/roveyayinevi.com.tr\/index.php\/wp-json\/wp\/v2\/product_brand?post=759217"},{"taxonomy":"product_cat","embeddable":true,"href":"https:\/\/roveyayinevi.com.tr\/index.php\/wp-json\/wp\/v2\/product_cat?post=759217"},{"taxonomy":"product_tag","embeddable":true,"href":"https:\/\/roveyayinevi.com.tr\/index.php\/wp-json\/wp\/v2\/product_tag?post=759217"}],"curies":[{"name":"wp","href":"https:\/\/api.w.org\/{rel}","templated":true}]}}