{"id":759195,"date":"2025-08-28T08:27:19","date_gmt":"2025-08-28T05:27:19","guid":{"rendered":"https:\/\/roveyayinevi.com.tr\/index.php\/urun\/benden-geri-kalan-benim\/"},"modified":"2026-04-13T03:19:36","modified_gmt":"2026-04-13T00:19:36","slug":"benden-geri-kalan-benim","status":"publish","type":"product","link":"https:\/\/roveyayinevi.com.tr\/index.php\/urun\/benden-geri-kalan-benim\/","title":{"rendered":"Benden Geri Kalan Benim!"},"content":{"rendered":"<p>\u201c\u00dctopya sona erdi\u2026 En b\u00fcy\u00fck utkusuna eri\u015fti sinsi ihanet. Bir yenisini daha ekledi zafer taklar\u0131na, \u201cB\u00fct\u00fcn yollar m\u00fcbah!\u201d diyen mazlum m\u00fclteci! \u2026Ak\u0131tt\u0131 zehirini, Kana kana i\u00e7ti aldanmaya meyyal g\u00f6n\u00fcller, Bir k\u00f6\u015fede inim inim inledi masumiyet, Sessizce can verdi!\u201d  \u015eiire olan \u00f6zleme son verecek bir kitap, Benden Geri Kalan Benim!   Yeri geldi\u011finde;                 \u201cA\u015fk denilen meyi i\u00e7tim,                 F\u00e2ni d\u00fcnya senden ge\u00e7tim,                 Ebedi \u00e2lemi se\u00e7tim,                 Benden geri kalan benim!\u201d gibi d\u00f6rtl\u00fcklerle, Halk \u015eiiri\u2019nin kendine \u00f6zg\u00fc safl\u0131\u011f\u0131ndan izler ta\u015f\u0131yor, yeri geldi\u011finde;                                \u201cPervaneler \u00e7evresinde dolan\u0131rlar ya \u0131\u015f\u0131\u011f\u0131n, Fark\u0131 yoktur pervaneden, bencileyin bir a\u015f\u0131\u011f\u0131n.\u201d benzeri beyitlerle Divan \u015eiiri\u2019ne selam yolluyor. Ayn\u0131 zamanda serbest naz\u0131mdan da nasibini alm\u0131\u015f bir \u015fiir demeti bu kitap: \u201cSeni seviyorum!\u201d demezdim,\/Sen, bilirdin.   G\u00f6z\u00fcn ayd\u0131n!\/Art\u0131k \u00e7ok duyacaks\u0131n bu laflar\u0131,\/Alelade s\u00f6zler gibi;\/ \u201cA\u015fk\u0131m!\u201d diyecekler,\/\u201cHayat\u0131m!\u201d\/\u201cBir tanem!\u201d\/\u201cSenin i\u00e7in \u00f6l\u00fcyorum!\u201d   \u201cSeni seviyorum!\u201d diyecekler,\/Sen, bilemeyeceksin !\u201d Yaln\u0131z hangi bi\u00e7imde olursa olsun, m\u0131sralar, mutlaka ve mutlaka duygu y\u00fckl\u00fc; \u015fiirin olmazsa olmaz\u0131 duygu, her m\u0131sra\u0131nda ve hatta her kelimesinde kendini hissettiriyor, \u015fiir severlere ise hissederek okumak d\u00fc\u015f\u00fcyor yaln\u0131zca. K\u00fclt\u00fcr ve Turizm Bakanl\u0131\u011f\u0131 Sanat\u00e7\u0131 Kart\u0131 sahibi, Halk \u015eairi Hakan Karc\u0131\u2019n\u0131n g\u00f6n\u00fcl kaleminden d\u00f6k\u00fclen m\u0131sralar, ger\u00e7ek \u015fiir tutkunlar\u0131 i\u00e7in tam bir \u015f\u00f6len. <\/p>\n","protected":false},"excerpt":{"rendered":"<p>\u201c\u00dctopya sona erdi\u2026 En b\u00fcy\u00fck utkusuna eri\u015fti sinsi ihanet. Bir yenisini daha ekledi zafer taklar\u0131na, \u201cB\u00fct\u00fcn yollar m\u00fcbah!\u201d diyen mazlum m\u00fclteci! \u2026Ak\u0131tt\u0131 zehirini, Kana kana i\u00e7ti<span class=\"excerpt-hellip\"> [\u2026]<\/span><\/p>\n","protected":false},"featured_media":0,"template":"","meta":{"_monsterinsights_skip_tracking":false,"_monsterinsights_sitenote_active":false,"_monsterinsights_sitenote_note":"","_monsterinsights_sitenote_category":0},"product_brand":[],"product_cat":[12291,12509],"product_tag":[],"class_list":{"0":"post-759195","1":"product","2":"type-product","3":"status-publish","5":"product_cat-edebiyat","6":"product_cat-siir","7":"pa_cilt-ciltsiz","8":"pa_tur-kitap","9":"pa_yayinevi-kaptan-kitap","10":"pa_yazar-hakan-karci","12":"first","13":"instock","14":"sale","15":"shipping-taxable","16":"purchasable","17":"product-type-simple"},"_links":{"self":[{"href":"https:\/\/roveyayinevi.com.tr\/index.php\/wp-json\/wp\/v2\/product\/759195","targetHints":{"allow":["GET"]}}],"collection":[{"href":"https:\/\/roveyayinevi.com.tr\/index.php\/wp-json\/wp\/v2\/product"}],"about":[{"href":"https:\/\/roveyayinevi.com.tr\/index.php\/wp-json\/wp\/v2\/types\/product"}],"wp:attachment":[{"href":"https:\/\/roveyayinevi.com.tr\/index.php\/wp-json\/wp\/v2\/media?parent=759195"}],"wp:term":[{"taxonomy":"product_brand","embeddable":true,"href":"https:\/\/roveyayinevi.com.tr\/index.php\/wp-json\/wp\/v2\/product_brand?post=759195"},{"taxonomy":"product_cat","embeddable":true,"href":"https:\/\/roveyayinevi.com.tr\/index.php\/wp-json\/wp\/v2\/product_cat?post=759195"},{"taxonomy":"product_tag","embeddable":true,"href":"https:\/\/roveyayinevi.com.tr\/index.php\/wp-json\/wp\/v2\/product_tag?post=759195"}],"curies":[{"name":"wp","href":"https:\/\/api.w.org\/{rel}","templated":true}]}}