{"id":759190,"date":"2025-08-28T08:27:13","date_gmt":"2025-08-28T05:27:13","guid":{"rendered":"https:\/\/roveyayinevi.com.tr\/index.php\/urun\/kitap-lik-232-mart-nisan-2024\/"},"modified":"2026-04-16T03:12:27","modified_gmt":"2026-04-16T00:12:27","slug":"kitap-lik-232-mart-nisan-2024","status":"publish","type":"product","link":"https:\/\/roveyayinevi.com.tr\/index.php\/urun\/kitap-lik-232-mart-nisan-2024\/","title":{"rendered":"Kitap-l\u0131k 232 \/ Mart-Nisan 2024"},"content":{"rendered":"<p>\u015eavkar Alt\u0131nel ve Wisconsin, 1963 Yap\u0131 Kredi Yay\u0131nlar\u0131\u2019n\u0131n edebiyat dergisi kitap-l\u0131k\u2019\u0131n yeni say\u0131s\u0131 \u00e7\u0131kt\u0131. 232. say\u0131n\u0131n kapak konusu \u015eavkar Alt\u0131nel ve son kitab\u0131 Wisconsin, 1963. Sezen Ergen Breitegger Alt\u0131nel ile kapsaml\u0131 bir s\u00f6yle\u015fi yapt\u0131. Kaya Gen\u00e7, Alt\u0131nel\u2019in kitab\u0131n\u0131 ki\u015fisel anlat\u0131s\u0131 \u00fcst\u00fcnden uzun bir yaz\u0131yla yorumlad\u0131. Engin Soysal\u2019\u0131n \u201cJulio Cort\u00e1zar ile Bir G\u00fcnde Seksen Devri\u00e2lem\u201d yaz\u0131s\u0131, Haydar Erg\u00fclen\u2019in \u015eubat ay\u0131nda yitirdi\u011fimiz S\u00fcreyya Berfe \u00fcst\u00fcne yaz\u0131s\u0131n\u0131n yan\u0131 s\u0131ra Serdar Rifat ile yeni anlat\u0131s\u0131 Bir G\u00fcn D\u00fc\u015f\u00fc \u00fcst\u00fcne, Ursula K. Le Guin\u2019in M\u00fclks\u00fczler roman\u0131n\u0131n 50. y\u0131l\u0131 dolay\u0131s\u0131yla da yazar\u0131n k\u0131z\u0131 Elisabeth Le Guin ile yap\u0131lan s\u00f6yle\u015filer bu say\u0131n\u0131n di\u011fer \u00f6ne \u00e7\u0131kan sayfalar\u0131. G\u00fcven Turan, Tu\u011frul Tanyol, Mehmet M\u00fcmtaz Tuzcu, Turgay Kant\u00fcrk, Zafer \u015eenocak, Enver Topalo\u011flu, \u00d6mer Erdem, G\u00fcrsel Bekta\u015f, An\u0131l Cihan, Salih Akkaya \u015fiirleri; Feridun Anda\u00e7, Bat\u0131kan K\u00f6se, Sacide Alkar Doster, Adil \u0130zci, Serap Karaku\u015f Besi, Do\u011fu Ka\u015fka \u00f6yk\u00fcleri; Mehmet Erg\u00fcven, G\u00fcrsel Korat, Emrah Yolcu, Ne\u015fe Aksakal yaz\u0131lar\u0131, Erendiz Atas\u00fc, Sevin Okyay, Besim F. Dellalo\u011flu s\u00f6yle\u015fileriyle kitap-l\u0131k dergisinin 232. say\u0131s\u0131nda. kitap-l\u0131k 31 y\u0131ld\u0131r iyi edebiyat\u0131n adresi. <\/p>\n","protected":false},"excerpt":{"rendered":"<p>\u015eavkar Alt\u0131nel ve Wisconsin, 1963 Yap\u0131 Kredi Yay\u0131nlar\u0131\u2019n\u0131n edebiyat dergisi kitap-l\u0131k\u2019\u0131n yeni say\u0131s\u0131 \u00e7\u0131kt\u0131. 232. say\u0131n\u0131n kapak konusu \u015eavkar Alt\u0131nel ve son kitab\u0131 Wisconsin, 1963. Sezen<span class=\"excerpt-hellip\"> [\u2026]<\/span><\/p>\n","protected":false},"featured_media":0,"template":"","meta":{"_monsterinsights_skip_tracking":false,"_monsterinsights_sitenote_active":false,"_monsterinsights_sitenote_note":"","_monsterinsights_sitenote_category":0},"product_brand":[],"product_cat":[13527],"product_tag":[],"class_list":{"0":"post-759190","1":"product","2":"type-product","3":"status-publish","5":"product_cat-sureli-yayinlar","6":"pa_cilt-ciltsiz","7":"pa_tur-dergi","8":"pa_yayinevi-yapi-kredi-yayinlari-dergi","9":"pa_yazar-kolektif","11":"first","12":"instock","13":"sale","14":"shipping-taxable","15":"purchasable","16":"product-type-simple"},"_links":{"self":[{"href":"https:\/\/roveyayinevi.com.tr\/index.php\/wp-json\/wp\/v2\/product\/759190","targetHints":{"allow":["GET"]}}],"collection":[{"href":"https:\/\/roveyayinevi.com.tr\/index.php\/wp-json\/wp\/v2\/product"}],"about":[{"href":"https:\/\/roveyayinevi.com.tr\/index.php\/wp-json\/wp\/v2\/types\/product"}],"wp:attachment":[{"href":"https:\/\/roveyayinevi.com.tr\/index.php\/wp-json\/wp\/v2\/media?parent=759190"}],"wp:term":[{"taxonomy":"product_brand","embeddable":true,"href":"https:\/\/roveyayinevi.com.tr\/index.php\/wp-json\/wp\/v2\/product_brand?post=759190"},{"taxonomy":"product_cat","embeddable":true,"href":"https:\/\/roveyayinevi.com.tr\/index.php\/wp-json\/wp\/v2\/product_cat?post=759190"},{"taxonomy":"product_tag","embeddable":true,"href":"https:\/\/roveyayinevi.com.tr\/index.php\/wp-json\/wp\/v2\/product_tag?post=759190"}],"curies":[{"name":"wp","href":"https:\/\/api.w.org\/{rel}","templated":true}]}}