{"id":759187,"date":"2025-08-28T08:27:07","date_gmt":"2025-08-28T05:27:07","guid":{"rendered":"https:\/\/roveyayinevi.com.tr\/index.php\/urun\/hayali-bir-hayat-sieglinde-geisel-ile-soylesi\/"},"modified":"2026-04-16T03:12:27","modified_gmt":"2026-04-16T00:12:27","slug":"hayali-bir-hayat-sieglinde-geisel-ile-soylesi","status":"publish","type":"product","link":"https:\/\/roveyayinevi.com.tr\/index.php\/urun\/hayali-bir-hayat-sieglinde-geisel-ile-soylesi\/","title":{"rendered":"Hayali Bir Hayat &#8211; Sieglinde Geisel ile S\u00f6yle\u015fi"},"content":{"rendered":"<p>Okuman\u0131n Tarihi, Geceleyin K\u00fct\u00fcphane, Kelimeler \u015eehri gibi kitaplar\u0131yla d\u00fcnya \u00e7ap\u0131nda bir okur kitlesine kavu\u015fsa da kendini her \u015feyden \u00f6nce bir okur olarak tan\u0131mlayan Alberto Manguel, Covid-19 pandemisinin ilk y\u0131l\u0131nda \u0130svi\u00e7reli gazeteci Sieglinde Geisel\u2019e verdi\u011fi s\u00f6yle\u015fide hayat\u0131nda ve okurlu\u011funda rol oynayan her \u015feyi i\u00e7tenlikle anlat\u0131yor: S\u0131ra d\u0131\u015f\u0131 anne ve babas\u0131n\u0131, ona Alman k\u00fclt\u00fcr\u00fcn\u00fc tan\u0131tan dad\u0131s\u0131 Ellin\u2019in damgas\u0131n\u0131 vurdu\u011fu \u00e7ocuklu\u011funu, anne babas\u0131n\u0131n memleketi Arjantin\u2019le olan ikircikli ili\u015fkisini, hayat\u0131 boyunca yolda\u015f\u0131 olmu\u015f yazarlarla kitaplar\u0131, Mondion\u2019daki art\u0131k efsanele\u015fmi\u015f k\u00fct\u00fcphanesini nas\u0131l kurdu\u011funu ve nas\u0131l kaybetti\u011fini, ge\u00e7irdi\u011fi fel\u00e7ten sonra konu\u015fma yetisini nas\u0131l yeniden kazand\u0131\u011f\u0131n\u0131, kukla yapma hobisini&#8230; Hayali Bir Hayat, Alberto Manguel\u2019in kelimelerden in\u015fa edilmi\u015f d\u00fcnyas\u0131na ve bu d\u00fcnyan\u0131n kaynaklar\u0131na samimi bir yolculuk.   \u201cManguel\u2019i okumak, bilge, kozmopolit bir dostla \u015fehirde bir gezintiye \u00e7\u0131kmaya ya da beraber tela\u015fs\u0131z bir yemek yemeye benziyor.\u201d The Economist <\/p>\n","protected":false},"excerpt":{"rendered":"<p>Okuman\u0131n Tarihi, Geceleyin K\u00fct\u00fcphane, Kelimeler \u015eehri gibi kitaplar\u0131yla d\u00fcnya \u00e7ap\u0131nda bir okur kitlesine kavu\u015fsa da kendini her \u015feyden \u00f6nce bir okur olarak tan\u0131mlayan Alberto Manguel, Covid-19<span class=\"excerpt-hellip\"> [\u2026]<\/span><\/p>\n","protected":false},"featured_media":0,"template":"","meta":{"_monsterinsights_skip_tracking":false,"_monsterinsights_sitenote_active":false,"_monsterinsights_sitenote_note":"","_monsterinsights_sitenote_category":0},"product_brand":[],"product_cat":[12291,30969],"product_tag":[],"class_list":{"0":"post-759187","1":"product","2":"type-product","3":"status-publish","5":"product_cat-edebiyat","6":"product_cat-soylesi-edebiyat","7":"pa_cilt-ciltsiz","8":"pa_tur-kitap","9":"pa_yayinevi-yapi-kredi-yayinlari","10":"pa_yazar-alberto-manguel","12":"first","13":"instock","14":"sale","15":"shipping-taxable","16":"purchasable","17":"product-type-simple"},"_links":{"self":[{"href":"https:\/\/roveyayinevi.com.tr\/index.php\/wp-json\/wp\/v2\/product\/759187","targetHints":{"allow":["GET"]}}],"collection":[{"href":"https:\/\/roveyayinevi.com.tr\/index.php\/wp-json\/wp\/v2\/product"}],"about":[{"href":"https:\/\/roveyayinevi.com.tr\/index.php\/wp-json\/wp\/v2\/types\/product"}],"wp:attachment":[{"href":"https:\/\/roveyayinevi.com.tr\/index.php\/wp-json\/wp\/v2\/media?parent=759187"}],"wp:term":[{"taxonomy":"product_brand","embeddable":true,"href":"https:\/\/roveyayinevi.com.tr\/index.php\/wp-json\/wp\/v2\/product_brand?post=759187"},{"taxonomy":"product_cat","embeddable":true,"href":"https:\/\/roveyayinevi.com.tr\/index.php\/wp-json\/wp\/v2\/product_cat?post=759187"},{"taxonomy":"product_tag","embeddable":true,"href":"https:\/\/roveyayinevi.com.tr\/index.php\/wp-json\/wp\/v2\/product_tag?post=759187"}],"curies":[{"name":"wp","href":"https:\/\/api.w.org\/{rel}","templated":true}]}}