{"id":759178,"date":"2025-08-28T08:26:53","date_gmt":"2025-08-28T05:26:53","guid":{"rendered":"https:\/\/roveyayinevi.com.tr\/index.php\/urun\/bits-and-pieces-of-ankara\/"},"modified":"2026-04-03T03:15:29","modified_gmt":"2026-04-03T00:15:29","slug":"bits-and-pieces-of-ankara","status":"publish","type":"product","link":"https:\/\/roveyayinevi.com.tr\/index.php\/urun\/bits-and-pieces-of-ankara\/","title":{"rendered":"Bits and Pieces of Ankara"},"content":{"rendered":"<p>The Series of Cultural Heritage takes a breath in Ankara with its third book. This time we are going through the worldly-wise city Ankara, the capital of our country which has hosted many Anatolian civilizations. We are getting on our bikes to travel through Ankara, introduced to us by Pelin G\u00fcne\u015f with her humorous language. With its unforgettable taste, historical structures and civilizations\u2026   ***   Ali and his family move to one of the old neighbourhoods of Ankara. At first Ali can no way get used to here; however, in time he begins to enjoy this new life that began in a three-storey house with a yard on one of the narrow streets of Kalei\u00e7i. Here is an extraordinary district of Ankara where you can experience the life in a neighbourhood with its historical fortress walls, small craft stores, coffee houses, antiques and even many museums. Ali is now the prince of Ankara Fortress with his grey bicycle and the old streets of the city are all under his command. Then suddenly he comes up with an idea. He decides to establish a business with his friends in his new neighbourhood. However, first they need to mingle with the aged city Ankara, listen to it and search for its chests a bit.     Theme: Where we are in place and time Concepts and Key Words: INDIVIDUAL AND SOCIETY, friendship, TIME AND SPACE, research, observation, discovery, cultural heritage, city planning, COMMUNICATION, entrepreneurship, OUR NATIONAL CULTURE, museum, personal heritage Attitudes and Values: Appreciating the value, cooperation, being eager, curiosity, trust, self-control, respect, love, responsibility Profile Features: Inquirer, caring, reflective K\u0130TAPTAN   \u201cWhere did this move in mid-December come from?\u201d my father grumbled along the way. The location of our new house that my mother found made neither my father nor me happy. The narrow streets, the shabby, neglected houses we passed, made my father even more angry, he was persistently trying to dissuade my mother: \u201cLook darling, I understand you, you are trying to do your best for this place. That\u2019s your job, okay, I agree with that, but we don\u2019t have to live here, do we?\u201d \u201cHow many times have we talked, Orhan&#8230; If I want to do this project right, I have to live here. I have to experience the life here with all its problems, sorrows and joys.\u201d I\u2019ve been listening to similar things for months. I am eleven years old. I have been living in the same city since I was born, but I had never been to this part of Ankara before. When I looked around and asked my mother, \u201cWhat\u2019s the name of this village, mom?\u201d, my mother\u2019s strange turned first to me and then to my father. Shaking her head, she said, \u201cYou see, the child we raised thinks that the heart of the city he lives in is a distant village. Should we go like this?\u201d My father shrugged indifferently: \u201cHe has a lot of time ahead of him, he\u2019ll learn when he gets older.\u201d My mother would not be convinced: \u201cThis project will only take two years, I\u2019ve said it a thousand times. During this time, I have to live here and follow the project. When it\u2019s over, I\u2019m sure you\u2019ll want to stay here. Let\u2019s not argue anymore, the boy is also cold,\u201d she said, tugging the scarf around my neck up to my nose once again. *** \u201cDon\u2019t you wonder who lived in the city we live in and what they did?\u201d \u201cThe Hittites, Phrygians, Sumerians etc\u2026 I saw the war tools in the museum today. Then there were some household appliances, clay tablets, murals; the girls loved the jewellery. Whim-wham things.\u201d My father giggled at my \u201cwhim-wham\u201d word. After the newspaper, of course. \u201cThe Anatolian Civilizations Museum only exists in Ankara, you know. Artefacts belonging to civilizations that lived in that region are also exhibited in museums in other cities. Gaziantep, Hatay and Antalya museums are very rich in this respect. Of course, not only museums, but also castles, bridges, buildings and even streets from centuries ago tell the history of the city.\u201d \u201cWhat else is there in Ankara?\u201d I said. \u201cYou say.\u201d I thought and thought, I couldn\u2019t find much. \u201cAtakule, Parliament, An\u0131tkabir, errr\u2026\u201d \u201cThey are today\u2019s buildings, there are many older ones as well. All of them give us information about the history of the city. Ankara is a very special city. The Republic was founded here; Ankara became the model city of the new country. There are many reasons why it was chosen as the capital city. One of them is that it has hosted seventeen civilizations until today. Unfortunately, very little remains of them today. The artefacts that have survived until today are mostly those made in the first period of the republic. For example, the first parliament building is now the Museum of the War of Independence. State Painting and Sculpture Museum, Opera house, some bank buildings are from this period. There are inns, mansions, mosques and baths from the Seljuk period; you probably remember \u00c7engel Inn and Pirin\u00e7 Inn. You know the bronze statue called the Sun Course in S\u0131hhiye Square, right? It is a copied monument of a Hittite work. It is also one of the symbols of Ankara.\u201d  <\/p>\n","protected":false},"excerpt":{"rendered":"<p>The Series of Cultural Heritage takes a breath in Ankara with its third book. This time we are going through the worldly-wise city Ankara, the capital<span class=\"excerpt-hellip\"> [\u2026]<\/span><\/p>\n","protected":false},"featured_media":0,"template":"","meta":{"_monsterinsights_skip_tracking":false,"_monsterinsights_sitenote_active":false,"_monsterinsights_sitenote_note":"","_monsterinsights_sitenote_category":0},"product_brand":[],"product_cat":[12274],"product_tag":[],"class_list":{"0":"post-759178","1":"product","2":"type-product","3":"status-publish","5":"product_cat-cocuk-ve-genclik-kitaplari","6":"pa_cilt-ciltsiz","7":"pa_tur-kitap","8":"pa_yayinevi-elma-cocuk","9":"pa_yazar-pelin-gunes","11":"first","12":"instock","13":"sale","14":"shipping-taxable","15":"purchasable","16":"product-type-simple"},"_links":{"self":[{"href":"https:\/\/roveyayinevi.com.tr\/index.php\/wp-json\/wp\/v2\/product\/759178","targetHints":{"allow":["GET"]}}],"collection":[{"href":"https:\/\/roveyayinevi.com.tr\/index.php\/wp-json\/wp\/v2\/product"}],"about":[{"href":"https:\/\/roveyayinevi.com.tr\/index.php\/wp-json\/wp\/v2\/types\/product"}],"wp:attachment":[{"href":"https:\/\/roveyayinevi.com.tr\/index.php\/wp-json\/wp\/v2\/media?parent=759178"}],"wp:term":[{"taxonomy":"product_brand","embeddable":true,"href":"https:\/\/roveyayinevi.com.tr\/index.php\/wp-json\/wp\/v2\/product_brand?post=759178"},{"taxonomy":"product_cat","embeddable":true,"href":"https:\/\/roveyayinevi.com.tr\/index.php\/wp-json\/wp\/v2\/product_cat?post=759178"},{"taxonomy":"product_tag","embeddable":true,"href":"https:\/\/roveyayinevi.com.tr\/index.php\/wp-json\/wp\/v2\/product_tag?post=759178"}],"curies":[{"name":"wp","href":"https:\/\/api.w.org\/{rel}","templated":true}]}}