{"id":759170,"date":"2025-08-28T08:26:38","date_gmt":"2025-08-28T05:26:38","guid":{"rendered":"https:\/\/roveyayinevi.com.tr\/index.php\/urun\/herkes-onu-s-a-v-anlatiyor-2\/"},"modified":"2026-01-28T03:48:00","modified_gmt":"2026-01-28T00:48:00","slug":"herkes-onu-s-a-v-anlatiyor-2","status":"publish","type":"product","link":"https:\/\/roveyayinevi.com.tr\/index.php\/urun\/herkes-onu-s-a-v-anlatiyor-2\/","title":{"rendered":"Herkes O\u2019nu (s.a.v.) Anlat\u0131yor-2"},"content":{"rendered":"<p>G\u00f6zlerinizi kapat\u0131n ve zaman\u0131n, \u00e7\u00f6lde savrulan kum taneleri gibi geriye akmas\u0131na izin verin. Tarih bin be\u015f y\u00fcz y\u0131l \u00f6nceye gitsin, takvim Asr-\u0131 Saadet\u2019i g\u00f6stersin, g\u00f6zlerimiz Hane-i Saadet\u2019e \u00e7evrilsin. G\u00fczel Peygamberimizin hat\u0131ralar\u0131, k\u0131zlar\u0131n\u0131n dilinden y\u00fcre\u011fimize de\u011fsin. Bu kitap; k\u0131zlar\u0131 Zeyneb, Rukiyye, \u00dcmm\u00fc G\u00fcls\u00fcm ve Fat\u0131ma\u2019n\u0131n dilinden Hz. Muhammed\u2019i (s.a.v.) anlat\u0131yor. Saatler geriye d\u00f6n\u00fcyor, tarih yeniden canlan\u0131yor ve&#8230; \u201cK\u0131zlar\u0131 O\u2019nu (s.a.v.) Anlat\u0131yor\u201d \u201cBabac\u0131\u011f\u0131m beni kuca\u011f\u0131na alm\u0131\u015f, herkesin huzurunda \u2018babas\u0131n\u0131n s\u00fcs\u00fc\u2019 anlam\u0131na gelen ismimi koymu\u015f: Zeyneb\u2026\u201d Muhabbetle babac\u0131\u011f\u0131n\u0131 anlatan k\u0131z\u0131 Hazreti Zeyneb&#8230; \u201cBabac\u0131\u011f\u0131mla anneci\u011fim \u00e7ok iyi ge\u00e7inen, birbirlerini sevgileriyle besleyen, a\u015fklar\u0131n\u0131 ve muhabbetlerini hep taze tutan bir kar\u0131-kocayd\u0131. G\u00f6zleri birbirine de\u011fdi\u011finde anlard\u0131m onu; b\u00f6yle bir sevda hi\u00e7bir zaman diliminde ya\u015fanmam\u0131\u015ft\u0131r derdim kendi kendime.\u201d Ailesindeki muhabbeti a\u015fkla anlatan Hazreti Rukiyye&#8230; \u201cBabac\u0131\u011f\u0131m\u0131 o g\u00fcne kadar hi\u00e7 b\u00f6yle \u00fczg\u00fcn g\u00f6rmemi\u015ftim; onca s\u0131k\u0131nt\u0131ya u\u011fram\u0131\u015f, onca eziyete maruz kalm\u0131\u015ft\u0131 ama bu ac\u0131 O\u2019na hepsini unutturmu\u015f gibiydi. Hatice\u2019si yoktu art\u0131k.\u201d Babas\u0131yla hat\u0131ralar\u0131n\u0131 anbean anlatan Hazreti \u00dcmm\u00fc G\u00fcls\u00fcm&#8230; \u201cBen Fat\u0131ma. Nam-\u0131 di\u011fer \u2018\u00dcmm\u00fc Eb\u00eeha\u2019, yani \u2018babas\u0131n\u0131n annesi\u2019. B\u00f6yle derlerdi bana. Babac\u0131\u011f\u0131ma olan a\u015f\u0131r\u0131 d\u00fc\u015fk\u00fcnl\u00fc\u011f\u00fcmden, ilgimden ve sevgimden dolay\u0131 bu k\u00fcnyeyi vermi\u015flerdi.\u201d Ya\u015fad\u0131\u011f\u0131 an\u0131lar\u0131 ilmek ilmek sat\u0131rlara dokuyan Hazreti Fat\u0131ma&#8230; <\/p>\n","protected":false},"excerpt":{"rendered":"<p>G\u00f6zlerinizi kapat\u0131n ve zaman\u0131n, \u00e7\u00f6lde savrulan kum taneleri gibi geriye akmas\u0131na izin verin. Tarih bin be\u015f y\u00fcz y\u0131l \u00f6nceye gitsin, takvim Asr-\u0131 Saadet\u2019i g\u00f6stersin, g\u00f6zlerimiz Hane-i<span class=\"excerpt-hellip\"> [\u2026]<\/span><\/p>\n","protected":false},"featured_media":0,"template":"","meta":{"_monsterinsights_skip_tracking":false,"_monsterinsights_sitenote_active":false,"_monsterinsights_sitenote_note":"","_monsterinsights_sitenote_category":0},"product_brand":[],"product_cat":[14009,12291],"product_tag":[],"class_list":{"0":"post-759170","1":"product","2":"type-product","3":"status-publish","5":"product_cat-biyografi-otobiyografi-edebiyat","6":"product_cat-edebiyat","7":"pa_cilt-ciltsiz","8":"pa_tur-kitap","9":"pa_yayinevi-aile-yayinlari","10":"pa_yazar-hatice-kubra-tongar","12":"first","13":"instock","14":"sale","15":"shipping-taxable","16":"purchasable","17":"product-type-simple"},"_links":{"self":[{"href":"https:\/\/roveyayinevi.com.tr\/index.php\/wp-json\/wp\/v2\/product\/759170","targetHints":{"allow":["GET"]}}],"collection":[{"href":"https:\/\/roveyayinevi.com.tr\/index.php\/wp-json\/wp\/v2\/product"}],"about":[{"href":"https:\/\/roveyayinevi.com.tr\/index.php\/wp-json\/wp\/v2\/types\/product"}],"wp:attachment":[{"href":"https:\/\/roveyayinevi.com.tr\/index.php\/wp-json\/wp\/v2\/media?parent=759170"}],"wp:term":[{"taxonomy":"product_brand","embeddable":true,"href":"https:\/\/roveyayinevi.com.tr\/index.php\/wp-json\/wp\/v2\/product_brand?post=759170"},{"taxonomy":"product_cat","embeddable":true,"href":"https:\/\/roveyayinevi.com.tr\/index.php\/wp-json\/wp\/v2\/product_cat?post=759170"},{"taxonomy":"product_tag","embeddable":true,"href":"https:\/\/roveyayinevi.com.tr\/index.php\/wp-json\/wp\/v2\/product_tag?post=759170"}],"curies":[{"name":"wp","href":"https:\/\/api.w.org\/{rel}","templated":true}]}}