{"id":759161,"date":"2025-08-28T08:26:24","date_gmt":"2025-08-28T05:26:24","guid":{"rendered":"https:\/\/roveyayinevi.com.tr\/index.php\/urun\/baloncuklar-bul-ve-say\/"},"modified":"2026-04-16T03:11:55","modified_gmt":"2026-04-16T00:11:55","slug":"baloncuklar-bul-ve-say","status":"publish","type":"product","link":"https:\/\/roveyayinevi.com.tr\/index.php\/urun\/baloncuklar-bul-ve-say\/","title":{"rendered":"Baloncuklar &#8211; Bul ve Say"},"content":{"rendered":"<p>\u00c7ocu\u011funuzun g\u00f6revi \u00e7\u0131kartmalar\u0131 resimlerdeki uygun yerlere yap\u0131\u015ft\u0131rmak. \u00c7ocu\u011funuz bu kitab\u0131 \u00e7ok sevecek. \u00c7\u00fcnk\u00fc: Yuvarlak oldu\u011fu i\u00e7in \u00e7\u0131kartmalar\u0131 \u00e7\u0131karmak ve yap\u0131\u015ft\u0131rmak kolay. K\u0131sa metinler haf\u0131za geli\u015fimini destekler ve tekrar etmesi e\u011flencelidir. G\u00fczel \u00e7izimler dikkat \u00e7ekicidir ve odaklanmaya yard\u0131mc\u0131 olur. <\/p>\n","protected":false},"excerpt":{"rendered":"<p>\u00c7ocu\u011funuzun g\u00f6revi \u00e7\u0131kartmalar\u0131 resimlerdeki uygun yerlere yap\u0131\u015ft\u0131rmak. \u00c7ocu\u011funuz bu kitab\u0131 \u00e7ok sevecek. \u00c7\u00fcnk\u00fc: Yuvarlak oldu\u011fu i\u00e7in \u00e7\u0131kartmalar\u0131 \u00e7\u0131karmak ve yap\u0131\u015ft\u0131rmak kolay. K\u0131sa metinler haf\u0131za geli\u015fimini destekler<span class=\"excerpt-hellip\"> [\u2026]<\/span><\/p>\n","protected":false},"featured_media":0,"template":"","meta":{"_monsterinsights_skip_tracking":false,"_monsterinsights_sitenote_active":false,"_monsterinsights_sitenote_note":"","_monsterinsights_sitenote_category":0},"product_brand":[],"product_cat":[12554,12274],"product_tag":[],"class_list":{"0":"post-759161","1":"product","2":"type-product","3":"status-publish","5":"product_cat-cikartmali-kitaplar","6":"product_cat-cocuk-ve-genclik-kitaplari","7":"pa_cilt-ciltsiz","8":"pa_tur-kitap","9":"pa_yayinevi-0-6-yas-yayinlari","10":"pa_yazar-barbaros-ozcan","12":"first","13":"instock","14":"sale","15":"shipping-taxable","16":"purchasable","17":"product-type-simple"},"_links":{"self":[{"href":"https:\/\/roveyayinevi.com.tr\/index.php\/wp-json\/wp\/v2\/product\/759161","targetHints":{"allow":["GET"]}}],"collection":[{"href":"https:\/\/roveyayinevi.com.tr\/index.php\/wp-json\/wp\/v2\/product"}],"about":[{"href":"https:\/\/roveyayinevi.com.tr\/index.php\/wp-json\/wp\/v2\/types\/product"}],"wp:attachment":[{"href":"https:\/\/roveyayinevi.com.tr\/index.php\/wp-json\/wp\/v2\/media?parent=759161"}],"wp:term":[{"taxonomy":"product_brand","embeddable":true,"href":"https:\/\/roveyayinevi.com.tr\/index.php\/wp-json\/wp\/v2\/product_brand?post=759161"},{"taxonomy":"product_cat","embeddable":true,"href":"https:\/\/roveyayinevi.com.tr\/index.php\/wp-json\/wp\/v2\/product_cat?post=759161"},{"taxonomy":"product_tag","embeddable":true,"href":"https:\/\/roveyayinevi.com.tr\/index.php\/wp-json\/wp\/v2\/product_tag?post=759161"}],"curies":[{"name":"wp","href":"https:\/\/api.w.org\/{rel}","templated":true}]}}