{"id":759157,"date":"2025-08-28T08:26:17","date_gmt":"2025-08-28T05:26:17","guid":{"rendered":"https:\/\/roveyayinevi.com.tr\/index.php\/urun\/minik-ogrenciler-sayma-zamani\/"},"modified":"2026-04-16T03:11:55","modified_gmt":"2026-04-16T00:11:55","slug":"minik-ogrenciler-sayma-zamani","status":"publish","type":"product","link":"https:\/\/roveyayinevi.com.tr\/index.php\/urun\/minik-ogrenciler-sayma-zamani\/","title":{"rendered":"Minik \u00d6\u011frenciler &#8211; Sayma Zaman\u0131"},"content":{"rendered":"<p>\u00d6\u011frenme ve e\u011flenme zaman\u0131! \u00c7ocu\u011funuz Minik \u00d6\u011frenciler Serisi ile yaz\u0131 yazmay\u0131, say\u0131 saymay\u0131, \u00e7e\u015fitli \u015fekilleri, farkl\u0131 renkleri ve z\u0131tl\u0131klar\u0131 tan\u0131yacak. D\u00f6rt farkl\u0131 kitaptan olu\u015fan bu seri ile \u00e7ocu\u011funuz \u00f6\u011frenirken e\u011flenecek ve yeni bilgileri ke\u015ffetmeye ba\u015flayacak. E\u011flence ba\u015flas\u0131n\u2026 <\/p>\n","protected":false},"excerpt":{"rendered":"<p>\u00d6\u011frenme ve e\u011flenme zaman\u0131! \u00c7ocu\u011funuz Minik \u00d6\u011frenciler Serisi ile yaz\u0131 yazmay\u0131, say\u0131 saymay\u0131, \u00e7e\u015fitli \u015fekilleri, farkl\u0131 renkleri ve z\u0131tl\u0131klar\u0131 tan\u0131yacak. D\u00f6rt farkl\u0131 kitaptan olu\u015fan bu seri<span class=\"excerpt-hellip\"> [\u2026]<\/span><\/p>\n","protected":false},"featured_media":0,"template":"","meta":{"_monsterinsights_skip_tracking":false,"_monsterinsights_sitenote_active":false,"_monsterinsights_sitenote_note":"","_monsterinsights_sitenote_category":0},"product_brand":[],"product_cat":[12274,15842],"product_tag":[],"class_list":{"0":"post-759157","1":"product","2":"type-product","3":"status-publish","5":"product_cat-cocuk-ve-genclik-kitaplari","6":"product_cat-egitici-kitaplar","7":"pa_cilt-ciltsiz","8":"pa_tur-kitap","9":"pa_yayinevi-parilti-yayinlari","10":"pa_yazar-barbaros-ozcan","12":"first","13":"instock","14":"sale","15":"shipping-taxable","16":"purchasable","17":"product-type-simple"},"_links":{"self":[{"href":"https:\/\/roveyayinevi.com.tr\/index.php\/wp-json\/wp\/v2\/product\/759157","targetHints":{"allow":["GET"]}}],"collection":[{"href":"https:\/\/roveyayinevi.com.tr\/index.php\/wp-json\/wp\/v2\/product"}],"about":[{"href":"https:\/\/roveyayinevi.com.tr\/index.php\/wp-json\/wp\/v2\/types\/product"}],"wp:attachment":[{"href":"https:\/\/roveyayinevi.com.tr\/index.php\/wp-json\/wp\/v2\/media?parent=759157"}],"wp:term":[{"taxonomy":"product_brand","embeddable":true,"href":"https:\/\/roveyayinevi.com.tr\/index.php\/wp-json\/wp\/v2\/product_brand?post=759157"},{"taxonomy":"product_cat","embeddable":true,"href":"https:\/\/roveyayinevi.com.tr\/index.php\/wp-json\/wp\/v2\/product_cat?post=759157"},{"taxonomy":"product_tag","embeddable":true,"href":"https:\/\/roveyayinevi.com.tr\/index.php\/wp-json\/wp\/v2\/product_tag?post=759157"}],"curies":[{"name":"wp","href":"https:\/\/api.w.org\/{rel}","templated":true}]}}