{"id":759130,"date":"2025-08-28T08:25:30","date_gmt":"2025-08-28T05:25:30","guid":{"rendered":"https:\/\/roveyayinevi.com.tr\/index.php\/urun\/babadan-iki-kelam\/"},"modified":"2026-04-03T03:15:28","modified_gmt":"2026-04-03T00:15:28","slug":"babadan-iki-kelam","status":"publish","type":"product","link":"https:\/\/roveyayinevi.com.tr\/index.php\/urun\/babadan-iki-kelam\/","title":{"rendered":"Babadan \u0130ki Kelam"},"content":{"rendered":"<p>Bir \u00f6m\u00fcr dedi\u011finde bir \u00e7ift dudak, \u00f6ylesine uzun, heyecanl\u0131 ve muhte\u015fem gelir ki, tarifi m\u00fcmk\u00fcns\u00fcz o u\u00e7suz bucaks\u0131z konak\u2026 Ebediyen teslim olup, tutunup gidesin gelir, sorgusuz sualsiz\u2026 Ne ac\u0131kaca\u011f\u0131n, ne susayaca\u011f\u0131n, ne \u00fc\u015f\u00fcyece\u011fin, \u00fcz\u00fclece\u011fin, \u00f6zleyece\u011fin, g\u00f6zya\u015f\u0131 d\u00f6kece\u011fin ne de, ne deler gelir akl\u0131na. Dayam\u0131\u015f\u0131nd\u0131r s\u0131rt\u0131n\u0131 bir kere\u2026 Her t\u00f6kezledi\u011finde elinden tutacak, \u00f6n\u00fcndeki t\u00fcmsekleri kald\u0131racak, her duraksad\u0131\u011f\u0131nda yan\u0131nda, ufkunu yeniden a\u00e7acak ve her defas\u0131nda bir \u00f6mre, bir \u00f6m\u00fcr adayacak gizeme. Ya bir sevdad\u0131r o, ya bir dost y\u00fcre\u011fe girmi\u015f ya da bir evlat, yani, \u00f6yle ya da b\u00f6yle Yaradan\u2019dan emanet\u2026 Asl\u0131na bakarsan emanetlerle doludur hayat. Bir kere bu can en b\u00fcy\u00fck emanet iyi bakacaks\u0131n ona, ho\u015f tutacaks\u0131n, bo\u015f b\u0131rakmayacaks\u0131n. \u0130llaki i\u00e7ine bir yaren koyacaks\u0131n, ba\u015f tac\u0131 yapacaks\u0131n, g\u00f6nl\u00fcn\u00fcn mertli\u011fine yak\u0131\u015f\u0131r \u015fekilde koruyup kollay\u0131p \u00f6m\u00fcrl\u00fck sahip \u00e7\u0131kacaks\u0131n. O seni anlatacak sen onu, konu\u015fmadan, yazmadan, \u00e7izmeden\u2026 Bir ayna misali ona tuttu\u011funda \u0131\u015f\u0131\u011f\u0131, kendini g\u00f6receksin, kendine tuttu\u011funda onu. Ba\u011flaman\u0131n ad\u0131 olacak, \u015fiirinin tad\u0131\u2026 Mest edecek herkesi hep, duyuldu\u011funda hik\u00e2yenin feryad\u0131. G\u00fczel an\u0131lar b\u0131rakacaks\u0131n ak\u0131llarda, efsane dokunu\u015flar\u2026 \u00c7\u00fcnk\u00fc kiminin akl\u0131nda bunlar kal\u0131r hep, kimininse k\u00f6t\u00fc hat\u0131ralar. Kimi hat\u0131rlad\u0131k\u00e7a tebess\u00fcm eder mutlu olur i\u00e7in i\u00e7in, kimi tekrar tekrar y\u0131k\u0131l\u0131r, \u00f6fkelenir gereksizce her defas\u0131nda\u2026 \u0130\u015fte b\u00f6yledir bu d\u00fcnya. K\u0131ymetini bilen ya\u015far \u015fiir tad\u0131nda, bilmeyense heder olur gider, tiraj\u0131 komik bu b\u00fcy\u00fck oratoryo da\u2026 \u0130ster efsane ya\u015fa, ister mazbut, sessiz veya hoyrat\u00e7a. Mutlaka vard\u0131r herkesin sahnesinde ac\u0131 tatl\u0131, \u015feceresini bile tutamad\u0131\u011f\u0131 onlarca hat\u0131ra. \u0130\u015fte bu y\u00fczden herkes hayat\u0131n\u0131 yazd\u0131\u011f\u0131nda roman olur ona. \u015eiir gibi ya\u015fanm\u0131\u015ft\u0131r an be an her hayat sahibinin perdesinde ve kitap olur hepsi birden sahneleri birle\u015ftirdi\u011finde.   Her \u015fiir bir kitap, her kitap bir hayatsa, Ve i\u015fte bu kitap, hediyem olsun \u00e7ocuk sana\u2026 <\/p>\n","protected":false},"excerpt":{"rendered":"<p>Bir \u00f6m\u00fcr dedi\u011finde bir \u00e7ift dudak, \u00f6ylesine uzun, heyecanl\u0131 ve muhte\u015fem gelir ki, tarifi m\u00fcmk\u00fcns\u00fcz o u\u00e7suz bucaks\u0131z konak\u2026 Ebediyen teslim olup, tutunup gidesin gelir, sorgusuz<span class=\"excerpt-hellip\"> [\u2026]<\/span><\/p>\n","protected":false},"featured_media":0,"template":"","meta":{"_monsterinsights_skip_tracking":false,"_monsterinsights_sitenote_active":false,"_monsterinsights_sitenote_note":"","_monsterinsights_sitenote_category":0},"product_brand":[],"product_cat":[12291,12509],"product_tag":[],"class_list":{"0":"post-759130","1":"product","2":"type-product","3":"status-publish","5":"product_cat-edebiyat","6":"product_cat-siir","7":"pa_cilt-ciltsiz","8":"pa_tur-kitap","9":"pa_yayinevi-zet-yayinlari","10":"pa_yazar-tamer-alpgunduz","12":"first","13":"instock","14":"sale","15":"shipping-taxable","16":"purchasable","17":"product-type-simple"},"_links":{"self":[{"href":"https:\/\/roveyayinevi.com.tr\/index.php\/wp-json\/wp\/v2\/product\/759130","targetHints":{"allow":["GET"]}}],"collection":[{"href":"https:\/\/roveyayinevi.com.tr\/index.php\/wp-json\/wp\/v2\/product"}],"about":[{"href":"https:\/\/roveyayinevi.com.tr\/index.php\/wp-json\/wp\/v2\/types\/product"}],"wp:attachment":[{"href":"https:\/\/roveyayinevi.com.tr\/index.php\/wp-json\/wp\/v2\/media?parent=759130"}],"wp:term":[{"taxonomy":"product_brand","embeddable":true,"href":"https:\/\/roveyayinevi.com.tr\/index.php\/wp-json\/wp\/v2\/product_brand?post=759130"},{"taxonomy":"product_cat","embeddable":true,"href":"https:\/\/roveyayinevi.com.tr\/index.php\/wp-json\/wp\/v2\/product_cat?post=759130"},{"taxonomy":"product_tag","embeddable":true,"href":"https:\/\/roveyayinevi.com.tr\/index.php\/wp-json\/wp\/v2\/product_tag?post=759130"}],"curies":[{"name":"wp","href":"https:\/\/api.w.org\/{rel}","templated":true}]}}