{"id":759115,"date":"2025-08-28T08:25:11","date_gmt":"2025-08-28T05:25:11","guid":{"rendered":"https:\/\/roveyayinevi.com.tr\/index.php\/urun\/babamin-sevgisi-ekmek-kokardi\/"},"modified":"2026-04-03T03:15:28","modified_gmt":"2026-04-03T00:15:28","slug":"babamin-sevgisi-ekmek-kokardi","status":"publish","type":"product","link":"https:\/\/roveyayinevi.com.tr\/index.php\/urun\/babamin-sevgisi-ekmek-kokardi\/","title":{"rendered":"Babam\u0131n Sevgisi Ekmek Kokard\u0131"},"content":{"rendered":"<p>\u201cEskiden oturdu\u011fun o mahalle var ya oray\u0131 \u00f6zlersin. \u00c7ocuklu\u011funu \u00f6zlersin.  Senden gidenleri \u00f6zlersin. \u00d6len yak\u0131nlar\u0131n\u0131 \u00f6zlersin. Art\u0131k i\u015fime yaramaz deyip de \u00e7\u00f6pe att\u0131\u011f\u0131n, Ya da birine verdi\u011fin oyuncaklar\u0131n\u0131 \u00f6zlersin. Geride b\u0131rakt\u0131\u011f\u0131n insanlar\u0131n\u0131 \u00f6zlersin. En k\u00f6t\u00fcs\u00fc de ne biliyor musun? \u00d6zlediklerinin hi\u00e7birisi geri gelmez. Sadece \u00f6zlersin\u2026 SUNAY AKIN    \u0130lk bask\u0131s\u0131 2015 y\u0131l\u0131nda yay\u0131nlanan ayn\u0131 yumurta ikizleri olan \u201cBABAMIN SEVG\u0130S\u0130 EKMEK KOKARDI ve ANAMIN KAZI,\u201d an\u0131 romanlar\u0131n\u0131 \u00fczerinden tam dokuz y\u0131l ge\u00e7ti. Bunlardan sonra \u00f6yk\u00fc- roman t\u00fcr\u00fcnde 12 kitap yaz\u0131ld\u0131. SUNAY Ak\u0131n\u2019dan okudu\u011fum \u201cSADACE \u00d6ZLERS\u0130N\u201d \u015fiiri, \u00f6z\u00fcme \u00f6zledikleri bir kez daha su \u00fcst\u00fcne \u00e7\u0131kard\u0131. Bu konu yazm\u0131\u015f olduklar\u0131m\u0131 elden ge\u00e7irip yeni an\u0131msad\u0131klar\u0131m\u0131 ekleyerek yeniden bir \u201cACABA\u201d \u2026  <\/p>\n","protected":false},"excerpt":{"rendered":"<p>\u201cEskiden oturdu\u011fun o mahalle var ya oray\u0131 \u00f6zlersin. \u00c7ocuklu\u011funu \u00f6zlersin. Senden gidenleri \u00f6zlersin. \u00d6len yak\u0131nlar\u0131n\u0131 \u00f6zlersin. Art\u0131k i\u015fime yaramaz deyip de \u00e7\u00f6pe att\u0131\u011f\u0131n, Ya da birine<span class=\"excerpt-hellip\"> [\u2026]<\/span><\/p>\n","protected":false},"featured_media":0,"template":"","meta":{"_monsterinsights_skip_tracking":false,"_monsterinsights_sitenote_active":false,"_monsterinsights_sitenote_note":"","_monsterinsights_sitenote_category":0},"product_brand":[],"product_cat":[12777,12291],"product_tag":[],"class_list":{"0":"post-759115","1":"product","2":"type-product","3":"status-publish","5":"product_cat-deneme","6":"product_cat-edebiyat","7":"pa_cilt-ciltsiz","8":"pa_tur-kitap","9":"pa_yayinevi-platanus-publishing","10":"pa_yazar-atiye-guner-tumuklu","12":"first","13":"instock","14":"sale","15":"shipping-taxable","16":"purchasable","17":"product-type-simple"},"_links":{"self":[{"href":"https:\/\/roveyayinevi.com.tr\/index.php\/wp-json\/wp\/v2\/product\/759115","targetHints":{"allow":["GET"]}}],"collection":[{"href":"https:\/\/roveyayinevi.com.tr\/index.php\/wp-json\/wp\/v2\/product"}],"about":[{"href":"https:\/\/roveyayinevi.com.tr\/index.php\/wp-json\/wp\/v2\/types\/product"}],"wp:attachment":[{"href":"https:\/\/roveyayinevi.com.tr\/index.php\/wp-json\/wp\/v2\/media?parent=759115"}],"wp:term":[{"taxonomy":"product_brand","embeddable":true,"href":"https:\/\/roveyayinevi.com.tr\/index.php\/wp-json\/wp\/v2\/product_brand?post=759115"},{"taxonomy":"product_cat","embeddable":true,"href":"https:\/\/roveyayinevi.com.tr\/index.php\/wp-json\/wp\/v2\/product_cat?post=759115"},{"taxonomy":"product_tag","embeddable":true,"href":"https:\/\/roveyayinevi.com.tr\/index.php\/wp-json\/wp\/v2\/product_tag?post=759115"}],"curies":[{"name":"wp","href":"https:\/\/api.w.org\/{rel}","templated":true}]}}