{"id":759114,"date":"2025-08-28T08:25:10","date_gmt":"2025-08-28T05:25:10","guid":{"rendered":"https:\/\/roveyayinevi.com.tr\/index.php\/urun\/gobeklitepe-yerlesmesinin-terk-edilmesini-tetikleyen-dogal-faktorler\/"},"modified":"2026-04-16T03:11:54","modified_gmt":"2026-04-16T00:11:54","slug":"gobeklitepe-yerlesmesinin-terk-edilmesini-tetikleyen-dogal-faktorler","status":"publish","type":"product","link":"https:\/\/roveyayinevi.com.tr\/index.php\/urun\/gobeklitepe-yerlesmesinin-terk-edilmesini-tetikleyen-dogal-faktorler\/","title":{"rendered":"G\u00f6beklitepe Yerle\u015fmesinin Terk Edilmesini Tetikleyen Do\u011fal Fakt\u00f6rler"},"content":{"rendered":"<p>Plastik olarak g\u00fcnl\u00fck ya\u015fam\u0131m\u0131za giren polimer malzemelerin \u00e7o\u011fu fosil yak\u0131tlardan elde edilmekte ve s\u00fcrd\u00fcr\u00fclebilir olmayan kat\u0131 at\u0131klar olu\u015fturarak, \u00e7e\u015fitli ekolojik sorunlar meydana getirmektedir. T\u00fcrkiye Teknoloji Geli\u015ftirme Vakf\u0131n\u0131n ileri teknoloji projeleri 2010 y\u0131l\u0131 raporuna g\u00f6re; T\u00fcrkiye\u2019de tar\u0131m sekt\u00f6r\u00fcnde y\u0131ll\u0131k 50-65 Milyon ton at\u0131k ortaya \u00e7\u0131kmaktad\u0131r. Bu at\u0131klar\u0131n b\u00fcy\u00fck bir b\u00f6l\u00fcm\u00fc yak\u0131larak yok edilmekte olup, ekolojik ve ekonomik olarak zarara neden olmaktad\u0131r. \u00c7eltik, bu\u011fday, pamuk, ay\u00e7i\u00e7e\u011fi, m\u0131s\u0131r, gibi tar\u0131msal at\u0131klar\u0131ndan olu\u015fan, biyo k\u00fctle kaynaklar\u0131ndan \u00fcretilen yak\u0131tlar\u0131 elde edebilmek i\u00e7in harcanan enerji, biyo yak\u0131tlar\u0131n sa\u011flad\u0131\u011f\u0131 enerjiden daha fazla olmaktad\u0131r. Bu at\u0131klar\u0131n biyo yak\u0131ta d\u00f6n\u00fc\u015ft\u00fcr\u00fclmesi s\u00fcrecinde b\u00fcy\u00fck miktarda end\u00fcstriyel at\u0131k ortaya \u00e7\u0131kmaktad\u0131r. Biyokompozit uygulamalar\u0131nda takviye olan tar\u0131msal at\u0131klar beton takviyesi ve yonga levha \u00fcretiminde, kullan\u0131larak cam y\u00fcn\u00fc veya karbon bazl\u0131 di\u011fer kompozitlere alternatif olu\u015fturmaktad\u0131r. Trakya b\u00f6lgesinde \u00e7ok fazla yeti\u015ftirilen \u00e7eltik bitkisi hasat edildikten sonra geriye kalan sap k\u0131s\u0131mlar\u0131 bir sonraki ekim i\u015flemine kadar aylarca tarlada \u00e7\u00fcr\u00fcme ve bozunma olmadan kalmaktad\u0131r. Bu at\u0131klar yak\u0131larak uzakla\u015ft\u0131r\u0131lmaya \u00e7al\u0131\u015f\u0131lmaktad\u0131r. Bu kitapda \u00e7eltik saplar\u0131ndan tekstilde kullan\u0131labilir yeni bir elyaf ve dokusuz y\u00fczey \u00fcretilmi\u015ftir. Ayr\u0131ca elde edilen dokusuz y\u00fczeyi, takviye malzemesi olarak kullanarak biyokompozit malzeme \u00fcretmek ama\u00e7lanm\u0131\u015ft\u0131r.<\/p>\n","protected":false},"excerpt":{"rendered":"<p>Plastik olarak g\u00fcnl\u00fck ya\u015fam\u0131m\u0131za giren polimer malzemelerin \u00e7o\u011fu fosil yak\u0131tlardan elde edilmekte ve s\u00fcrd\u00fcr\u00fclebilir olmayan kat\u0131 at\u0131klar olu\u015fturarak, \u00e7e\u015fitli ekolojik sorunlar meydana getirmektedir. T\u00fcrkiye Teknoloji Geli\u015ftirme<span class=\"excerpt-hellip\"> [\u2026]<\/span><\/p>\n","protected":false},"featured_media":0,"template":"","meta":{"_monsterinsights_skip_tracking":false,"_monsterinsights_sitenote_active":false,"_monsterinsights_sitenote_note":"","_monsterinsights_sitenote_category":0},"product_brand":[],"product_cat":[12573,12566],"product_tag":[],"class_list":{"0":"post-759114","1":"product","2":"type-product","3":"status-publish","5":"product_cat-akademik-kitaplar","6":"product_cat-egitim","7":"pa_cilt-ciltsiz","8":"pa_tur-kitap","9":"pa_yayinevi-platanus-publishing","10":"pa_yazar-abdulkadir-guzel-mehmet-ozcanli","12":"first","13":"instock","14":"sale","15":"shipping-taxable","16":"purchasable","17":"product-type-simple"},"_links":{"self":[{"href":"https:\/\/roveyayinevi.com.tr\/index.php\/wp-json\/wp\/v2\/product\/759114","targetHints":{"allow":["GET"]}}],"collection":[{"href":"https:\/\/roveyayinevi.com.tr\/index.php\/wp-json\/wp\/v2\/product"}],"about":[{"href":"https:\/\/roveyayinevi.com.tr\/index.php\/wp-json\/wp\/v2\/types\/product"}],"wp:attachment":[{"href":"https:\/\/roveyayinevi.com.tr\/index.php\/wp-json\/wp\/v2\/media?parent=759114"}],"wp:term":[{"taxonomy":"product_brand","embeddable":true,"href":"https:\/\/roveyayinevi.com.tr\/index.php\/wp-json\/wp\/v2\/product_brand?post=759114"},{"taxonomy":"product_cat","embeddable":true,"href":"https:\/\/roveyayinevi.com.tr\/index.php\/wp-json\/wp\/v2\/product_cat?post=759114"},{"taxonomy":"product_tag","embeddable":true,"href":"https:\/\/roveyayinevi.com.tr\/index.php\/wp-json\/wp\/v2\/product_tag?post=759114"}],"curies":[{"name":"wp","href":"https:\/\/api.w.org\/{rel}","templated":true}]}}