{"id":759101,"date":"2025-08-28T08:24:45","date_gmt":"2025-08-28T05:24:45","guid":{"rendered":"https:\/\/roveyayinevi.com.tr\/index.php\/urun\/ataturku-anlayan-cocuk-gokay-ile-yildiz\/"},"modified":"2026-04-16T03:11:53","modified_gmt":"2026-04-16T00:11:53","slug":"ataturku-anlayan-cocuk-gokay-ile-yildiz","status":"publish","type":"product","link":"https:\/\/roveyayinevi.com.tr\/index.php\/urun\/ataturku-anlayan-cocuk-gokay-ile-yildiz\/","title":{"rendered":"Atat\u00fcrk\u2019\u00fc Anlayan \u00c7ocuk-G\u00f6kay \u0130le Y\u0131ld\u0131z"},"content":{"rendered":"<p>G\u00f6kay, Y\u0131ld\u0131z ve di\u011fer arkada\u015flar\u0131 ile birlikte okulda ne\u015fe dolu g\u00fcnler ya\u015famaya nevam ediyor. Aileleri onlarla daha fazla vakit ge\u00e7irmeye ba\u015flay\u0131nca y\u00fczleri g\u00fcl\u00fcyor elbette.                Merak duygular\u0131 da her zaman onlarla birlikte. \u00dclk\u00fc \u00d6\u011fretmen\u2019in a\u00e7t\u0131\u011f\u0131 yeni ufuklar onlar\u0131 daha da merakland\u0131r\u0131yor ve yeni sorular beliriyor zihinlerinde.                Yazar amcan\u0131n s\u0131n\u0131fta ne i\u015fi var? \u0130mzal\u0131 kitap da ne demek? Atat\u00fcrk\u2019\u00fc herkes anl\u0131yor mu? \u00c7ocuklar daha m\u0131 kolay anl\u0131yor yoksa? Atat\u00fcrk, \u00fclke i\u00e7in ve \u00e7ocuklar i\u00e7in neler yapt\u0131? Aziz Sancar da kim? Nobel \u00d6d\u00fcl\u00fc \u00e7ok mu \u00f6nemli? Aziz Sancar\u2019\u0131n Nobel Madalyas\u0131, \u015fimdi nerede? \u00c7apraz k\u0131vrak badi badiler de nereden \u00e7\u0131kt\u0131?                \u00c7ocuklar\u0131m\u0131z i\u00e7in g\u00fcvenli i\u00e7erikte, kolayca okunan ve e\u011flendirirken d\u00fc\u015f\u00fcnd\u00fcren kitaplar\u0131 bulmakta olduk\u00e7a zorland\u0131\u011f\u0131m\u0131z bu d\u00f6nemde, 10\u2019dan fazla kitab\u0131 K\u00fclt\u00fcr ve Turizm Bakanl\u0131\u011f\u0131 taraf\u0131ndan sat\u0131n al\u0131narak k\u00fct\u00fcphanelerimizde \u00e7ocuklar\u0131m\u0131z\u0131n istifadesine sunulan Hakan Karc\u0131 taraf\u0131ndan yaz\u0131lan G\u00f6kay ile Y\u0131ld\u0131z serisinin bu ikinci kitab\u0131 da her zamanki gibi harika. \u0130lkokula giden \u00e7ocuklar\u0131m\u0131z da d\u00fc\u015f\u00fcn\u00fclerek, Milli E\u011fitim Bakanl\u0131\u011f\u0131 taraf\u0131ndan belirlenen Dik Temel Harfler ile dizgisi yap\u0131lan, serinin bu ikinci kitab\u0131 da, \u00f6zellikle 6-9 ya\u015f aral\u0131\u011f\u0131ndaki \u00e7ocuklar\u0131m\u0131z ba\u015fta olmak \u00fczere t\u00fcm \u00e7ocuklar\u0131m\u0131za, keyifli ve e\u011flenceli dakikalar vaat ediyor. <\/p>\n","protected":false},"excerpt":{"rendered":"<p>G\u00f6kay, Y\u0131ld\u0131z ve di\u011fer arkada\u015flar\u0131 ile birlikte okulda ne\u015fe dolu g\u00fcnler ya\u015famaya nevam ediyor. Aileleri onlarla daha fazla vakit ge\u00e7irmeye ba\u015flay\u0131nca y\u00fczleri g\u00fcl\u00fcyor elbette. Merak duygular\u0131<span class=\"excerpt-hellip\"> [\u2026]<\/span><\/p>\n","protected":false},"featured_media":0,"template":"","meta":{"_monsterinsights_skip_tracking":false,"_monsterinsights_sitenote_active":false,"_monsterinsights_sitenote_note":"","_monsterinsights_sitenote_category":0},"product_brand":[],"product_cat":[12274,12284],"product_tag":[],"class_list":{"0":"post-759101","1":"product","2":"type-product","3":"status-publish","5":"product_cat-cocuk-ve-genclik-kitaplari","6":"product_cat-hikayeler","7":"pa_cilt-ciltsiz","8":"pa_tur-kitap","9":"pa_yayinevi-kaptan-kitap","10":"pa_yazar-hakan-karci","12":"first","13":"instock","14":"sale","15":"shipping-taxable","16":"purchasable","17":"product-type-simple"},"_links":{"self":[{"href":"https:\/\/roveyayinevi.com.tr\/index.php\/wp-json\/wp\/v2\/product\/759101","targetHints":{"allow":["GET"]}}],"collection":[{"href":"https:\/\/roveyayinevi.com.tr\/index.php\/wp-json\/wp\/v2\/product"}],"about":[{"href":"https:\/\/roveyayinevi.com.tr\/index.php\/wp-json\/wp\/v2\/types\/product"}],"wp:attachment":[{"href":"https:\/\/roveyayinevi.com.tr\/index.php\/wp-json\/wp\/v2\/media?parent=759101"}],"wp:term":[{"taxonomy":"product_brand","embeddable":true,"href":"https:\/\/roveyayinevi.com.tr\/index.php\/wp-json\/wp\/v2\/product_brand?post=759101"},{"taxonomy":"product_cat","embeddable":true,"href":"https:\/\/roveyayinevi.com.tr\/index.php\/wp-json\/wp\/v2\/product_cat?post=759101"},{"taxonomy":"product_tag","embeddable":true,"href":"https:\/\/roveyayinevi.com.tr\/index.php\/wp-json\/wp\/v2\/product_tag?post=759101"}],"curies":[{"name":"wp","href":"https:\/\/api.w.org\/{rel}","templated":true}]}}