{"id":759099,"date":"2025-08-28T08:24:41","date_gmt":"2025-08-28T05:24:41","guid":{"rendered":"https:\/\/roveyayinevi.com.tr\/index.php\/urun\/kahramanlar-ve-sefiller\/"},"modified":"2026-04-16T03:11:53","modified_gmt":"2026-04-16T00:11:53","slug":"kahramanlar-ve-sefiller","status":"publish","type":"product","link":"https:\/\/roveyayinevi.com.tr\/index.php\/urun\/kahramanlar-ve-sefiller\/","title":{"rendered":"Kahramanlar ve Sefiller"},"content":{"rendered":"<p>HER ZAMAN KAHRAMANLAR HATIRLANIR, SEF\u0130LLER\u0130N \u0130SE SADECE VARLI\u011eI B\u0130L\u0130N\u0130R.   Alt\u0131 y\u00fczy\u0131l ayn\u0131 co\u011frafyaya h\u00e2kim olan Osmanl\u0131 \u0130mparatorlu\u011fu\u2019nun mantalitesini zaman\u0131n \u015fartlar\u0131na uyduramamas\u0131, ge\u00e7mi\u015fiyle ya\u015fay\u0131p, bilimsellikten uzak yakla\u015f\u0131m tarzlar\u0131n\u0131 inatla s\u00fcrd\u00fcrmesi, bunu eski de\u011ferlerini korumak olarak kutsamas\u0131 ka\u00e7\u0131n\u0131lmaz sonu getirmekteydi. \u00dclkeler aras\u0131 ileti\u015fim artm\u0131\u015ft\u0131. S\u00f6m\u00fcrgeci d\u0131\u015f g\u00fc\u00e7ler bilimselliklerinin ve ekonomik g\u00fc\u00e7lerinin yard\u0131m\u0131yla devletin a\u00e7\u0131k yaralar\u0131n\u0131 ka\u015f\u0131yarak do\u011fru kararlar al\u0131nmas\u0131n\u0131 engelliyorlard\u0131.   Yap\u0131lan nadir olumlu i\u015flerden biri, yar\u0131m as\u0131r sonra gerilemeyi durduracak neslin yeti\u015ftirilmeye ba\u015flanmas\u0131yd\u0131. Cemal bu neslin bir temsilcisiydi. Aile ve toplum de\u011ferlerine ba\u011fl\u0131l\u0131kta tam bir Osmanl\u0131, ald\u0131\u011f\u0131 e\u011fitimlerin etkisiyle her t\u00fcrl\u00fc noksanl\u0131\u011f\u0131 ele\u015ftiren, s\u00fcregelen d\u00fczen ile ideallerinin arabuluculu\u011funu yapmakta olan bir subay.   Evlili\u011finin ilk y\u0131llar\u0131nda ya\u015fad\u0131\u011f\u0131 y\u0131k\u0131mlar onu memleketin bir k\u00f6\u015fesine kirli bir sava\u015f\u0131n i\u00e7ine atm\u0131\u015ft\u0131. Ya\u015fad\u0131klar\u0131n\u0131 unutmak i\u00e7in tek \u015fans\u0131 kendini mesle\u011fine vermekti. \u201cT\u00fcm ac\u0131lar zamanla k\u00fcllenir\u201d s\u00f6z\u00fcn\u00fc do\u011frularcas\u0131na ya\u015fam\u0131n bo\u015f oldu\u011funa karar veren ruh halinden \u00e7\u0131karak g\u00fczeller g\u00fczeli bir kad\u0131n\u0131n cazibesine kap\u0131l\u0131p hayata yeniden ba\u015flad\u0131.   1868-1914 aras\u0131 devlet y\u00f6netimi, toplum hayat\u0131, i\u00e7 d\u0131\u015f siyasi ili\u015fkiler ekseninde bir Osmanl\u0131 subay\u0131n\u0131n k\u0131sac\u0131k hayat ser\u00fcvenini okurken yak\u0131n tarihimize yeniden g\u00f6z atma f\u0131rsat\u0131n\u0131 bulacaks\u0131n\u0131z. <\/p>\n","protected":false},"excerpt":{"rendered":"<p>HER ZAMAN KAHRAMANLAR HATIRLANIR, SEF\u0130LLER\u0130N \u0130SE SADECE VARLI\u011eI B\u0130L\u0130N\u0130R. Alt\u0131 y\u00fczy\u0131l ayn\u0131 co\u011frafyaya h\u00e2kim olan Osmanl\u0131 \u0130mparatorlu\u011fu\u2019nun mantalitesini zaman\u0131n \u015fartlar\u0131na uyduramamas\u0131, ge\u00e7mi\u015fiyle ya\u015fay\u0131p, bilimsellikten uzak yakla\u015f\u0131m<span class=\"excerpt-hellip\"> [\u2026]<\/span><\/p>\n","protected":false},"featured_media":0,"template":"","meta":{"_monsterinsights_skip_tracking":false,"_monsterinsights_sitenote_active":false,"_monsterinsights_sitenote_note":"","_monsterinsights_sitenote_category":0},"product_brand":[],"product_cat":[12291,12745],"product_tag":[],"class_list":{"0":"post-759099","1":"product","2":"type-product","3":"status-publish","5":"product_cat-edebiyat","6":"product_cat-tarihi-roman","7":"pa_cilt-ciltsiz","8":"pa_tur-kitap","9":"pa_yayinevi-destek-yayinlari","10":"pa_yazar-asil-unsal","12":"first","13":"instock","14":"sale","15":"shipping-taxable","16":"purchasable","17":"product-type-simple"},"_links":{"self":[{"href":"https:\/\/roveyayinevi.com.tr\/index.php\/wp-json\/wp\/v2\/product\/759099","targetHints":{"allow":["GET"]}}],"collection":[{"href":"https:\/\/roveyayinevi.com.tr\/index.php\/wp-json\/wp\/v2\/product"}],"about":[{"href":"https:\/\/roveyayinevi.com.tr\/index.php\/wp-json\/wp\/v2\/types\/product"}],"wp:attachment":[{"href":"https:\/\/roveyayinevi.com.tr\/index.php\/wp-json\/wp\/v2\/media?parent=759099"}],"wp:term":[{"taxonomy":"product_brand","embeddable":true,"href":"https:\/\/roveyayinevi.com.tr\/index.php\/wp-json\/wp\/v2\/product_brand?post=759099"},{"taxonomy":"product_cat","embeddable":true,"href":"https:\/\/roveyayinevi.com.tr\/index.php\/wp-json\/wp\/v2\/product_cat?post=759099"},{"taxonomy":"product_tag","embeddable":true,"href":"https:\/\/roveyayinevi.com.tr\/index.php\/wp-json\/wp\/v2\/product_tag?post=759099"}],"curies":[{"name":"wp","href":"https:\/\/api.w.org\/{rel}","templated":true}]}}