{"id":759094,"date":"2025-08-28T08:24:33","date_gmt":"2025-08-28T05:24:33","guid":{"rendered":"https:\/\/roveyayinevi.com.tr\/index.php\/urun\/gobeklitepe-sembolizmi\/"},"modified":"2026-04-16T03:11:53","modified_gmt":"2026-04-16T00:11:53","slug":"gobeklitepe-sembolizmi","status":"publish","type":"product","link":"https:\/\/roveyayinevi.com.tr\/index.php\/urun\/gobeklitepe-sembolizmi\/","title":{"rendered":"G\u00f6beklitepe Sembolizmi"},"content":{"rendered":"<p>G\u00f6beklitepe, insanl\u0131k tarihindeki en b\u00fcy\u00fck gizemlerden birini bar\u0131nd\u0131ran antik bir yerle\u015fimdir. Bu gizemli alan, binlerce y\u0131l \u00f6nce in\u015fa edilmi\u015f olmas\u0131na ra\u011fmen, bug\u00fcn h\u00e2l\u00e2 \u00e7\u00f6z\u00fclmeyi bekleyen bir\u00e7ok s\u0131rr\u0131 i\u00e7inde saklamaktad\u0131r. \u201cG\u00f6beklitepe Sembolizmi\u201d, bu esrarengiz mek\u00e2n\u0131n sembollerini ve i\u015faretlerini anlamaya y\u00f6nelik bir yolculu\u011fa \u00e7\u0131k\u0131yor. Kitapta, G\u00f6beklitepe&#8217;deki sembollerin sadece basit tasvirler olmad\u0131\u011f\u0131n\u0131, aksine belirli bir \u00f6r\u00fcnt\u00fc i\u00e7inde anlaml\u0131 bir dil olu\u015fturdu\u011funu g\u00f6receksiniz. Yazar, bu sembollerin derinliklerine inerek, antik insanlar\u0131n ileti\u015fim kurma ve d\u00fc\u015f\u00fcncelerini aktarma \u015fekillerini \u00e7\u00f6zmeye \u00e7al\u0131\u015f\u0131yor. Bu kitap, G\u00f6beklitepe&#8217;nin sembolizminin \u00f6tesine ge\u00e7erek, insanl\u0131\u011f\u0131n d\u00fc\u015f\u00fcnsel evrimi hakk\u0131nda yeni bak\u0131\u015f a\u00e7\u0131lar\u0131 sunmay\u0131 ama\u00e7l\u0131yor. G\u00f6beklitepe Sembolizmi, ak\u0131c\u0131 bir dille kaleme al\u0131nm\u0131\u015f ve titiz ara\u015ft\u0131rmalara dayal\u0131 bir eserdir. Dinler tarihi, antropoloji, arkeoloji ve sembolizm alanlar\u0131ndaki okuyucular i\u00e7in vazge\u00e7ilmez bir ba\u015fvuru kayna\u011f\u0131 olacakt\u0131r. G\u00f6beklitepe&#8217;nin sembollerinin ard\u0131ndaki gizemi \u00e7\u00f6zmeye haz\u0131r m\u0131s\u0131n\u0131z? <\/p>\n","protected":false},"excerpt":{"rendered":"<p>G\u00f6beklitepe, insanl\u0131k tarihindeki en b\u00fcy\u00fck gizemlerden birini bar\u0131nd\u0131ran antik bir yerle\u015fimdir. Bu gizemli alan, binlerce y\u0131l \u00f6nce in\u015fa edilmi\u015f olmas\u0131na ra\u011fmen, bug\u00fcn h\u00e2l\u00e2 \u00e7\u00f6z\u00fclmeyi bekleyen bir\u00e7ok<span class=\"excerpt-hellip\"> [\u2026]<\/span><\/p>\n","protected":false},"featured_media":0,"template":"","meta":{"_monsterinsights_skip_tracking":false,"_monsterinsights_sitenote_active":false,"_monsterinsights_sitenote_note":"","_monsterinsights_sitenote_category":0},"product_brand":[],"product_cat":[52477,52478],"product_tag":[],"class_list":{"0":"post-759094","1":"product","2":"type-product","3":"status-publish","5":"product_cat-arastirma","6":"product_cat-arkeoloji","7":"pa_cilt-ciltsiz","8":"pa_tur-kitap","9":"pa_yayinevi-myrina-yayinlari","10":"pa_yazar-omer-uzunel","12":"first","13":"instock","14":"sale","15":"shipping-taxable","16":"purchasable","17":"product-type-simple"},"_links":{"self":[{"href":"https:\/\/roveyayinevi.com.tr\/index.php\/wp-json\/wp\/v2\/product\/759094","targetHints":{"allow":["GET"]}}],"collection":[{"href":"https:\/\/roveyayinevi.com.tr\/index.php\/wp-json\/wp\/v2\/product"}],"about":[{"href":"https:\/\/roveyayinevi.com.tr\/index.php\/wp-json\/wp\/v2\/types\/product"}],"wp:attachment":[{"href":"https:\/\/roveyayinevi.com.tr\/index.php\/wp-json\/wp\/v2\/media?parent=759094"}],"wp:term":[{"taxonomy":"product_brand","embeddable":true,"href":"https:\/\/roveyayinevi.com.tr\/index.php\/wp-json\/wp\/v2\/product_brand?post=759094"},{"taxonomy":"product_cat","embeddable":true,"href":"https:\/\/roveyayinevi.com.tr\/index.php\/wp-json\/wp\/v2\/product_cat?post=759094"},{"taxonomy":"product_tag","embeddable":true,"href":"https:\/\/roveyayinevi.com.tr\/index.php\/wp-json\/wp\/v2\/product_tag?post=759094"}],"curies":[{"name":"wp","href":"https:\/\/api.w.org\/{rel}","templated":true}]}}