{"id":759064,"date":"2025-08-28T08:23:43","date_gmt":"2025-08-28T05:23:43","guid":{"rendered":"https:\/\/roveyayinevi.com.tr\/index.php\/urun\/sosyalist-feminizm\/"},"modified":"2026-04-16T03:11:53","modified_gmt":"2026-04-16T00:11:53","slug":"sosyalist-feminizm","status":"publish","type":"product","link":"https:\/\/roveyayinevi.com.tr\/index.php\/urun\/sosyalist-feminizm\/","title":{"rendered":"Sosyalist Feminizm"},"content":{"rendered":"<p>\u201cBu kitapta incelenen pek \u00e7ok olgu, ya\u015fad\u0131\u011f\u0131m\u0131z s\u0131k\u0131nt\u0131n\u0131n hem nesnel hem de \u00f6znel oldu\u011funu, s\u0131n\u0131f ayr\u0131m\u0131n\u0131n, \u0131rk\u00e7\u0131l\u0131\u011f\u0131n, cinsiyet\u00e7ili\u011fin, heteroseksizmin ve yabanc\u0131la\u015fman\u0131n k\u00f6kl\u00fc yap\u0131lar\u0131yla ba\u011flant\u0131l\u0131 oldu\u011funu g\u00f6steriyor. Kad\u0131nlara, beyaz olmayanlara ve toplumsal cinsiyet ikili\u011fine uymayanlara y\u00f6nelik sald\u0131r\u0131lar ara vermeden devam ediyor&#8230;\u201d Frieda Afary, Hegel\u2019den Butler\u2019a \u00e7ok geni\u015f bir d\u00fc\u015f\u00fcnce hazinesinden yararlanarak g\u00fcn\u00fcm\u00fcz\u00fcn meselelerini, otoriter sa\u011f pop\u00fclizmi, kad\u0131n d\u00fc\u015fmanl\u0131\u011f\u0131n\u0131, homofobiyi, \u0131rk\u00e7\u0131l\u0131\u011f\u0131 birlikte ele alabilecek bir sosyalist feminizmin ana hatlar\u0131n\u0131 \u00e7iziyor. Bug\u00fcn i\u00e7inde ya\u015fad\u0131\u011f\u0131m\u0131z felaketlerin kapitalizmin egemen k\u0131ld\u0131\u011f\u0131 yabanc\u0131la\u015fm\u0131\u015f emek olgusuyla ba\u011flant\u0131lar\u0131n\u0131 kuruyor ve nesnel ile \u00f6znel aras\u0131ndaki mesafeyi kapat\u0131yor. Sosyalist Feminizm-Yeni Bir Yakla\u015f\u0131m, \u201ctahakk\u00fcm\u00fc yenmek\u201d i\u00e7in, \u201ckapitalist-\u0131rk\u00e7\u0131-homofobik ataerkilli\u011fin 21. y\u00fczy\u0131ldaki tezah\u00fcrlerine h\u00fcmanist bir alternatif\u201d geli\u015ftirmek i\u00e7in sosyalist feminist \u00f6rg\u00fctlenmenin perspektiflerini tart\u0131\u015f\u0131yor. Hem sosyalist feminist gelene\u011fin birikimine a\u015fina olmak hem de bug\u00fcn\u00fc b\u00f6yle bir \u0131\u015f\u0131kta g\u00f6rmek i\u00e7in g\u00fc\u00e7l\u00fc bir \u00e7al\u0131\u015fma.<\/p>\n","protected":false},"excerpt":{"rendered":"<p>\u201cBu kitapta incelenen pek \u00e7ok olgu, ya\u015fad\u0131\u011f\u0131m\u0131z s\u0131k\u0131nt\u0131n\u0131n hem nesnel hem de \u00f6znel oldu\u011funu, s\u0131n\u0131f ayr\u0131m\u0131n\u0131n, \u0131rk\u00e7\u0131l\u0131\u011f\u0131n, cinsiyet\u00e7ili\u011fin, heteroseksizmin ve yabanc\u0131la\u015fman\u0131n k\u00f6kl\u00fc yap\u0131lar\u0131yla ba\u011flant\u0131l\u0131 oldu\u011funu g\u00f6steriyor.<span class=\"excerpt-hellip\"> [\u2026]<\/span><\/p>\n","protected":false},"featured_media":0,"template":"","meta":{"_monsterinsights_skip_tracking":false,"_monsterinsights_sitenote_active":false,"_monsterinsights_sitenote_note":"","_monsterinsights_sitenote_category":0},"product_brand":[],"product_cat":[12337],"product_tag":[],"class_list":{"0":"post-759064","1":"product","2":"type-product","3":"status-publish","5":"product_cat-politika-siyaset","6":"pa_cilt-ciltsiz","7":"pa_tur-kitap","8":"pa_yayinevi-iletisim-yayinlari","9":"pa_yazar-frieda-afary","11":"first","12":"instock","13":"sale","14":"shipping-taxable","15":"purchasable","16":"product-type-simple"},"_links":{"self":[{"href":"https:\/\/roveyayinevi.com.tr\/index.php\/wp-json\/wp\/v2\/product\/759064","targetHints":{"allow":["GET"]}}],"collection":[{"href":"https:\/\/roveyayinevi.com.tr\/index.php\/wp-json\/wp\/v2\/product"}],"about":[{"href":"https:\/\/roveyayinevi.com.tr\/index.php\/wp-json\/wp\/v2\/types\/product"}],"wp:attachment":[{"href":"https:\/\/roveyayinevi.com.tr\/index.php\/wp-json\/wp\/v2\/media?parent=759064"}],"wp:term":[{"taxonomy":"product_brand","embeddable":true,"href":"https:\/\/roveyayinevi.com.tr\/index.php\/wp-json\/wp\/v2\/product_brand?post=759064"},{"taxonomy":"product_cat","embeddable":true,"href":"https:\/\/roveyayinevi.com.tr\/index.php\/wp-json\/wp\/v2\/product_cat?post=759064"},{"taxonomy":"product_tag","embeddable":true,"href":"https:\/\/roveyayinevi.com.tr\/index.php\/wp-json\/wp\/v2\/product_tag?post=759064"}],"curies":[{"name":"wp","href":"https:\/\/api.w.org\/{rel}","templated":true}]}}