{"id":759049,"date":"2025-08-28T08:23:22","date_gmt":"2025-08-28T05:23:22","guid":{"rendered":"https:\/\/roveyayinevi.com.tr\/index.php\/urun\/dostluk\/"},"modified":"2026-04-16T03:11:52","modified_gmt":"2026-04-16T00:11:52","slug":"dostluk","status":"publish","type":"product","link":"https:\/\/roveyayinevi.com.tr\/index.php\/urun\/dostluk\/","title":{"rendered":"Dostluk"},"content":{"rendered":"<p>Dostluk, bir yandan iki ki\u015finin yak\u0131nl\u0131k kurmas\u0131n\u0131 sa\u011flayan, s\u00f6zde ve deneyimde a\u00e7\u0131kl\u0131\u011f\u0131, duygulan\u0131mlar\u0131, e\u015fitli\u011fi, kar\u015f\u0131l\u0131kl\u0131l\u0131\u011f\u0131, \u00f6zeni i\u00e7eren, yaln\u0131zca kurulmas\u0131n\u0131n taraflar\u0131n tercihine kalmas\u0131 anlam\u0131nda de\u011fil, bir\u00e7ok anlamda \u00f6zg\u00fcrl\u00fc\u011f\u00fc de i\u00e7eren bir ili\u015fki. \u00d6te yandan, insanlar\u0131n, iktidar ili\u015fkileriyle \u00f6r\u00fcl\u00fc bir b\u00fct\u00fcnsellik i\u00e7erisinde birbiriyle ili\u015fkilenmesi amac\u0131yla in\u015fa edilen bir dostluk kurgusu var: D\u0131\u015flay\u0131c\u0131l\u0131k, e\u015fitlik yerine t\u00fcrde\u015flik, \u00f6zg\u00fcrl\u00fck yerine uyum ve kapal\u0131l\u0131k sunan ama ayn\u0131 zamanda i\u00e7erisinde bulunan insanlara bir gruba ait olman\u0131n duygulan\u0131mlar\u0131n\u0131 sa\u011flayan bir siyasal aidiyet bi\u00e7imi. Siyasal biraradal\u0131klar\u0131 dostluk kavram\u0131 etraf\u0131nda ele alan bu inceleme, dostlu\u011fu hem siyasal d\u00fc\u015f\u00fcnce i\u00e7inde hem de siyasal biraradal\u0131klar\u0131n somut formlar\u0131 ba\u011flam\u0131nda konumland\u0131rma u\u011fra\u015f\u0131nda. D\u0131\u015flay\u0131c\u0131 siyasal formlar\u0131n yaratt\u0131\u011f\u0131 kimliklendirmelerin kar\u015f\u0131s\u0131nda, fark\u0131 muhafaza eden e\u015fitlik\u00e7i siyasal imkanlar\u0131n aray\u0131\u015f\u0131nda dostluk ile yol almay\u0131 deniyor. <\/p>\n","protected":false},"excerpt":{"rendered":"<p>Dostluk, bir yandan iki ki\u015finin yak\u0131nl\u0131k kurmas\u0131n\u0131 sa\u011flayan, s\u00f6zde ve deneyimde a\u00e7\u0131kl\u0131\u011f\u0131, duygulan\u0131mlar\u0131, e\u015fitli\u011fi, kar\u015f\u0131l\u0131kl\u0131l\u0131\u011f\u0131, \u00f6zeni i\u00e7eren, yaln\u0131zca kurulmas\u0131n\u0131n taraflar\u0131n tercihine kalmas\u0131 anlam\u0131nda de\u011fil, bir\u00e7ok anlamda<span class=\"excerpt-hellip\"> [\u2026]<\/span><\/p>\n","protected":false},"featured_media":0,"template":"","meta":{"_monsterinsights_skip_tracking":false,"_monsterinsights_sitenote_active":false,"_monsterinsights_sitenote_note":"","_monsterinsights_sitenote_category":0},"product_brand":[],"product_cat":[12337],"product_tag":[],"class_list":{"0":"post-759049","1":"product","2":"type-product","3":"status-publish","5":"product_cat-politika-siyaset","6":"pa_cilt-ciltsiz","7":"pa_tur-kitap","8":"pa_yayinevi-ayrinti-yayinlari","9":"pa_yazar-seray-kumlu","11":"first","12":"instock","13":"sale","14":"shipping-taxable","15":"purchasable","16":"product-type-simple"},"_links":{"self":[{"href":"https:\/\/roveyayinevi.com.tr\/index.php\/wp-json\/wp\/v2\/product\/759049","targetHints":{"allow":["GET"]}}],"collection":[{"href":"https:\/\/roveyayinevi.com.tr\/index.php\/wp-json\/wp\/v2\/product"}],"about":[{"href":"https:\/\/roveyayinevi.com.tr\/index.php\/wp-json\/wp\/v2\/types\/product"}],"wp:attachment":[{"href":"https:\/\/roveyayinevi.com.tr\/index.php\/wp-json\/wp\/v2\/media?parent=759049"}],"wp:term":[{"taxonomy":"product_brand","embeddable":true,"href":"https:\/\/roveyayinevi.com.tr\/index.php\/wp-json\/wp\/v2\/product_brand?post=759049"},{"taxonomy":"product_cat","embeddable":true,"href":"https:\/\/roveyayinevi.com.tr\/index.php\/wp-json\/wp\/v2\/product_cat?post=759049"},{"taxonomy":"product_tag","embeddable":true,"href":"https:\/\/roveyayinevi.com.tr\/index.php\/wp-json\/wp\/v2\/product_tag?post=759049"}],"curies":[{"name":"wp","href":"https:\/\/api.w.org\/{rel}","templated":true}]}}