{"id":759048,"date":"2025-08-28T08:23:21","date_gmt":"2025-08-28T05:23:21","guid":{"rendered":"https:\/\/roveyayinevi.com.tr\/index.php\/urun\/cocuklar-icin-tiyatro-oyunlari\/"},"modified":"2026-04-16T03:11:52","modified_gmt":"2026-04-16T00:11:52","slug":"cocuklar-icin-tiyatro-oyunlari","status":"publish","type":"product","link":"https:\/\/roveyayinevi.com.tr\/index.php\/urun\/cocuklar-icin-tiyatro-oyunlari\/","title":{"rendered":"\u00c7ocuklar \u0130\u00e7in Tiyatro Oyunlar\u0131"},"content":{"rendered":"<p>Yarat\u0131c\u0131l\u0131k, ele\u015ftirel d\u00fc\u015f\u00fcnme, kendini ifade etme ve d\u00fcnyaya ba\u015fka pencerelerden bakma \u00e7ocuklar\u0131m\u0131z\u0131n kazanmas\u0131n\u0131 istedi\u011fimiz, onlar\u0131 hayata haz\u0131rlayan \u00f6zelliklerdir. Birey olarak ya\u015famsal konulara dahil olma ve s\u00f6z\u00fcn\u00fc s\u00f6yleme becerileri ise \u00e7ok erken ya\u015flarda \u00e7e\u015fitli yarat\u0131c\u0131 yollarla kazand\u0131r\u0131l\u0131r. Bunlardan biri de tiyatro sanat\u0131n\u0131n a\u00e7t\u0131\u011f\u0131 sonsuz yarat\u0131c\u0131 aland\u0131r.  Nazl\u0131 Ba\u015faran\u2019\u0131n toplumsal cinsiyet, iklim de\u011fi\u015fikli\u011fi, farkl\u0131 olan\u0131 kapsama ve de\u011fi\u015fime \u00f6n ayak olma gibi olduk\u00e7a meydan okuyan konularda kaleme ald\u0131\u011f\u0131 \u00c7ocuklar \u0130\u00e7in Tiyatro Oyunlar\u0131 bu alanda metin aray\u0131\u015f\u0131nda olan e\u011fitimciler ve \u00e7ocuk tiyatrosu \u00e7al\u0131\u015fmalar\u0131 yapan herkes i\u00e7in harika bir kaynak. Ba\u015faran\u2019\u0131n \u00e7ocuklarla y\u00fcr\u00fctt\u00fc\u011f\u00fc drama \u00e7al\u0131\u015fmalar\u0131ndan do\u011fan bu tiyatro oyunlar\u0131n\u0131n \u00e7ocuklar\u0131 keyifle ve fark\u0131ndal\u0131kla sahne \u0131\u015f\u0131klar\u0131n\u0131n alt\u0131na davet edece\u011fini umuyoruz. <\/p>\n","protected":false},"excerpt":{"rendered":"<p>Yarat\u0131c\u0131l\u0131k, ele\u015ftirel d\u00fc\u015f\u00fcnme, kendini ifade etme ve d\u00fcnyaya ba\u015fka pencerelerden bakma \u00e7ocuklar\u0131m\u0131z\u0131n kazanmas\u0131n\u0131 istedi\u011fimiz, onlar\u0131 hayata haz\u0131rlayan \u00f6zelliklerdir. Birey olarak ya\u015famsal konulara dahil olma ve s\u00f6z\u00fcn\u00fc<span class=\"excerpt-hellip\"> [\u2026]<\/span><\/p>\n","protected":false},"featured_media":0,"template":"","meta":{"_monsterinsights_skip_tracking":false,"_monsterinsights_sitenote_active":false,"_monsterinsights_sitenote_note":"","_monsterinsights_sitenote_category":0},"product_brand":[],"product_cat":[12274],"product_tag":[],"class_list":{"0":"post-759048","1":"product","2":"type-product","3":"status-publish","5":"product_cat-cocuk-ve-genclik-kitaplari","6":"pa_cilt-ciltsiz","7":"pa_tur-kitap","8":"pa_yayinevi-dinozor-cocuk","9":"pa_yazar-nazli-basaran","11":"first","12":"instock","13":"sale","14":"shipping-taxable","15":"purchasable","16":"product-type-simple"},"_links":{"self":[{"href":"https:\/\/roveyayinevi.com.tr\/index.php\/wp-json\/wp\/v2\/product\/759048","targetHints":{"allow":["GET"]}}],"collection":[{"href":"https:\/\/roveyayinevi.com.tr\/index.php\/wp-json\/wp\/v2\/product"}],"about":[{"href":"https:\/\/roveyayinevi.com.tr\/index.php\/wp-json\/wp\/v2\/types\/product"}],"wp:attachment":[{"href":"https:\/\/roveyayinevi.com.tr\/index.php\/wp-json\/wp\/v2\/media?parent=759048"}],"wp:term":[{"taxonomy":"product_brand","embeddable":true,"href":"https:\/\/roveyayinevi.com.tr\/index.php\/wp-json\/wp\/v2\/product_brand?post=759048"},{"taxonomy":"product_cat","embeddable":true,"href":"https:\/\/roveyayinevi.com.tr\/index.php\/wp-json\/wp\/v2\/product_cat?post=759048"},{"taxonomy":"product_tag","embeddable":true,"href":"https:\/\/roveyayinevi.com.tr\/index.php\/wp-json\/wp\/v2\/product_tag?post=759048"}],"curies":[{"name":"wp","href":"https:\/\/api.w.org\/{rel}","templated":true}]}}