{"id":759031,"date":"2025-08-28T08:22:55","date_gmt":"2025-08-28T05:22:55","guid":{"rendered":"https:\/\/roveyayinevi.com.tr\/index.php\/urun\/begonvil-2\/"},"modified":"2026-04-11T14:27:11","modified_gmt":"2026-04-11T11:27:11","slug":"begonvil-2","status":"publish","type":"product","link":"https:\/\/roveyayinevi.com.tr\/index.php\/urun\/begonvil-2\/","title":{"rendered":"Begonvil"},"content":{"rendered":"<p>Kendi yolumda ilerlerken; yasan\u0131\u015fl\u0131klar\u0131n tecr\u00fcbesiyle sanki hayat\u0131m\u0131n portre sergisinde ilerliyormu\u015fum gibi, hayat\u0131mda olmamas\u0131 gereken; beni yoran uzak ve yak\u0131n, bencil, \u00e7ok bencil yarg\u0131lay\u0131c\u0131 ve y\u0131prat\u0131c\u0131 herkesin portresini \u00e7\u0131kar\u0131p \u00e7\u0131kar\u0131p at\u0131yorum. Duvar\u0131mda sadece oldu\u011fum gibi, ko\u015fulsuz \u015farts\u0131z bana kollar\u0131n\u0131 a\u00e7an ne malik ne de Halik\u2019in bilmemesi gereken iyilikleri y\u00fcze vurmayanlar\u0131 hayat\u0131mda tutuyorum. \u00dcst\u00fcmden inen y\u00fck\u00fcn hafifli\u011fini s\u00f6zc\u00fcklerle anlatamam. Herkes kendi yolunda giderken, kendi da\u011flar\u0131yla ta\u015flar\u0131yla ilgilensin. Bug\u00fcne kadar ne direkt m\u00fcdahale ile ne de uzaktan kimseye ac\u0131mas\u0131z yarg\u0131, ele\u015ftiri su\u00e7lamalarda bulunmayan biri olarak (\u0130nanmasi g\u00fc\u00e7 de\u011fil mi? Ger\u00e7ekten!) iznim olmadan hi\u00e7 kimsenin ki\u015fisel alan\u0131ma girmesine art\u0131k asla izin vermiyorum. Herkes kendi aya\u011f\u0131n\u0131n \u00e7amurunu temizlesin. Kalbimin temiz sesi, ku\u015flar\u0131m, \u00e7i\u00e7eklerim, b\u00f6ceklerim, d\u00fcnyan\u0131n sessiz varl\u0131klar\u0131n\u0131n sevgisi ile \u00f6yle me\u015fgul\u00fcm ki, her sabah uyand\u0131\u011f\u0131mda g\u00f6ky\u00fcz\u00fcne bak\u0131p havay\u0131 kucakl\u0131yorum ve kendimi ko\u015fulsuz sevebildi\u011fim i\u00e7in \u015f\u00fckrediyorum. Kendi yolunda giderken \u00f6n\u00fcne bakanlara Selam Olsun!<\/p>\n","protected":false},"excerpt":{"rendered":"<p>Kendi yolumda ilerlerken; yasan\u0131\u015fl\u0131klar\u0131n tecr\u00fcbesiyle sanki hayat\u0131m\u0131n portre sergisinde ilerliyormu\u015fum gibi, hayat\u0131mda olmamas\u0131 gereken; beni yoran uzak ve yak\u0131n, bencil, \u00e7ok bencil yarg\u0131lay\u0131c\u0131 ve y\u0131prat\u0131c\u0131 herkesin<span class=\"excerpt-hellip\"> [\u2026]<\/span><\/p>\n","protected":false},"featured_media":0,"template":"","meta":{"_monsterinsights_skip_tracking":false,"_monsterinsights_sitenote_active":false,"_monsterinsights_sitenote_note":"","_monsterinsights_sitenote_category":0},"product_brand":[],"product_cat":[12777,12291],"product_tag":[],"class_list":{"0":"post-759031","1":"product","2":"type-product","3":"status-publish","5":"product_cat-deneme","6":"product_cat-edebiyat","7":"pa_cilt-ciltsiz","8":"pa_tur-kitap","9":"pa_yayinevi-mavi-nefes-yayinlari","10":"pa_yazar-yasemin-turhan","12":"first","13":"instock","14":"sale","15":"shipping-taxable","16":"purchasable","17":"product-type-simple"},"_links":{"self":[{"href":"https:\/\/roveyayinevi.com.tr\/index.php\/wp-json\/wp\/v2\/product\/759031","targetHints":{"allow":["GET"]}}],"collection":[{"href":"https:\/\/roveyayinevi.com.tr\/index.php\/wp-json\/wp\/v2\/product"}],"about":[{"href":"https:\/\/roveyayinevi.com.tr\/index.php\/wp-json\/wp\/v2\/types\/product"}],"wp:attachment":[{"href":"https:\/\/roveyayinevi.com.tr\/index.php\/wp-json\/wp\/v2\/media?parent=759031"}],"wp:term":[{"taxonomy":"product_brand","embeddable":true,"href":"https:\/\/roveyayinevi.com.tr\/index.php\/wp-json\/wp\/v2\/product_brand?post=759031"},{"taxonomy":"product_cat","embeddable":true,"href":"https:\/\/roveyayinevi.com.tr\/index.php\/wp-json\/wp\/v2\/product_cat?post=759031"},{"taxonomy":"product_tag","embeddable":true,"href":"https:\/\/roveyayinevi.com.tr\/index.php\/wp-json\/wp\/v2\/product_tag?post=759031"}],"curies":[{"name":"wp","href":"https:\/\/api.w.org\/{rel}","templated":true}]}}