{"id":759028,"date":"2025-08-28T08:22:42","date_gmt":"2025-08-28T05:22:42","guid":{"rendered":"https:\/\/roveyayinevi.com.tr\/index.php\/urun\/homo-esteticus-demokrasi-caginda-begeninin-icadi\/"},"modified":"2026-04-16T03:11:52","modified_gmt":"2026-04-16T00:11:52","slug":"homo-esteticus-demokrasi-caginda-begeninin-icadi","status":"publish","type":"product","link":"https:\/\/roveyayinevi.com.tr\/index.php\/urun\/homo-esteticus-demokrasi-caginda-begeninin-icadi\/","title":{"rendered":"Homo Esteticus \u2013 Demokrasi \u00c7a\u011f\u0131nda Be\u011feninin \u0130cad\u0131"},"content":{"rendered":"<p>Luc Ferry Homo Esteticus\u2019ta, modern felsefenin do\u011fu\u015funu estetik tarihi \u00e7er\u00e7evesinde anlat\u0131yor. Ferry\u2019ye g\u00f6re modern \u00e7a\u011f, estetik alanda \u00f6znel be\u011feninin ortaya \u00e7\u0131kmas\u0131, siyasal alanda ise toplumsal s\u00f6zle\u015fme modellerinin ve ak\u0131lc\u0131 siyaset felsefesinin do\u011fu\u015fuyla birlikte tan\u0131mlan\u0131r. 20. y\u00fczy\u0131l sanat\u00e7\u0131lar\u0131n\u0131n \u00f6zerklikten ziyade bireyselli\u011fi \u00f6n plana \u00e7\u0131kard\u0131\u011f\u0131 \u201cpostmodern u\u011frak\u201d ise avangart ak\u0131mlar\u0131 beraberinde getirir. Ayd\u0131nlanma ile birlikte, kayna\u011f\u0131 ilahi otorite olan ve de\u011fi\u015fmez bir de\u011ferler d\u00fczenini yans\u0131tan sanat ve d\u00fcnya g\u00f6r\u00fc\u015f\u00fcne a\u011f\u0131r bir darbe indirildi. Otonomiye dayanan ak\u0131lc\u0131 bir etik kurma giri\u015fimlerine sahne olan bu d\u00f6nemde, estetik ve ki\u015fisel zevk \u00f6ne \u00e7\u0131kt\u0131. Hemen ard\u0131ndan, 20. y\u00fczy\u0131lda bireyselli\u011fin otonominin \u00f6n\u00fcne ge\u00e7ti\u011fi yeni bir hareket ba\u015flad\u0131. Evrensel bir akl\u0131n ba\u011flar\u0131ndan s\u0131yr\u0131lman\u0131n gerekli oldu\u011funun vurguland\u0131\u011f\u0131 bu ak\u0131m\u0131n ba\u015f\u0131n\u0131 Nietzsche \u00e7ekti. Luc Ferry i\u015fte tam bu noktada postmodernizmin sivri u\u00e7lar\u0131na kar\u015f\u0131 \u00e7\u0131karak akli standartlar ve sanatsal \u00f6zg\u00fcrl\u00fck aras\u0131nda bir denge kurulmas\u0131 gere\u011finin alt\u0131n\u0131 \u00e7iziyor. \u00d6zellikle Kant ve Hegel esteti\u011fini derinlikli ve kar\u015f\u0131la\u015ft\u0131rmal\u0131 bir \u015fekilde ele alan Homo Esteticus, estetik alan\u0131nda \u00f6nemli bir bo\u015flu\u011fu dolduruyor.<\/p>\n","protected":false},"excerpt":{"rendered":"<p>Luc Ferry Homo Esteticus\u2019ta, modern felsefenin do\u011fu\u015funu estetik tarihi \u00e7er\u00e7evesinde anlat\u0131yor. Ferry\u2019ye g\u00f6re modern \u00e7a\u011f, estetik alanda \u00f6znel be\u011feninin ortaya \u00e7\u0131kmas\u0131, siyasal alanda ise toplumsal s\u00f6zle\u015fme<span class=\"excerpt-hellip\"> [\u2026]<\/span><\/p>\n","protected":false},"featured_media":0,"template":"","meta":{"_monsterinsights_skip_tracking":false,"_monsterinsights_sitenote_active":false,"_monsterinsights_sitenote_note":"","_monsterinsights_sitenote_category":0},"product_brand":[],"product_cat":[16038,12388],"product_tag":[],"class_list":{"0":"post-759028","1":"product","2":"type-product","3":"status-publish","5":"product_cat-arastirma-inceleme-referans-felsefe","6":"product_cat-felsefe","7":"pa_cilt-ciltsiz","8":"pa_tur-kitap","9":"pa_yayinevi-is-bankasi-kultur-yayinlari","10":"pa_yazar-luc-ferry","12":"first","13":"instock","14":"sale","15":"shipping-taxable","16":"purchasable","17":"product-type-simple"},"_links":{"self":[{"href":"https:\/\/roveyayinevi.com.tr\/index.php\/wp-json\/wp\/v2\/product\/759028","targetHints":{"allow":["GET"]}}],"collection":[{"href":"https:\/\/roveyayinevi.com.tr\/index.php\/wp-json\/wp\/v2\/product"}],"about":[{"href":"https:\/\/roveyayinevi.com.tr\/index.php\/wp-json\/wp\/v2\/types\/product"}],"wp:attachment":[{"href":"https:\/\/roveyayinevi.com.tr\/index.php\/wp-json\/wp\/v2\/media?parent=759028"}],"wp:term":[{"taxonomy":"product_brand","embeddable":true,"href":"https:\/\/roveyayinevi.com.tr\/index.php\/wp-json\/wp\/v2\/product_brand?post=759028"},{"taxonomy":"product_cat","embeddable":true,"href":"https:\/\/roveyayinevi.com.tr\/index.php\/wp-json\/wp\/v2\/product_cat?post=759028"},{"taxonomy":"product_tag","embeddable":true,"href":"https:\/\/roveyayinevi.com.tr\/index.php\/wp-json\/wp\/v2\/product_tag?post=759028"}],"curies":[{"name":"wp","href":"https:\/\/api.w.org\/{rel}","templated":true}]}}

Homo Esteticus – Demokrasi Çağında Beğeninin İcadı

<p>Luc Ferry Homo Esteticus’ta, modern felsefenin doğuşunu estetik tarihi çerçevesinde anlatıyor. Ferry’ye göre modern çağ, estetik alanda öznel beğeninin ortaya çıkması, siyasal alanda ise toplumsal sözleşme modellerinin ve akılcı siyaset felsefesinin doğuşuyla birlikte tanımlanır. 20. yüzyıl sanatçılarının özerklikten ziyade bireyselliği ön plana çıkardığı “postmodern uğrak” ise avangart akımları beraberinde getirir. Aydınlanma ile birlikte, kaynağı ilahi otorite olan ve değişmez bir değerler düzenini yansıtan sanat ve dünya görüşüne ağır bir darbe indirildi. Otonomiye dayanan akılcı bir etik kurma girişimlerine sahne olan bu dönemde, estetik ve kişisel zevk öne çıktı. Hemen ardından, 20. yüzyılda bireyselliğin otonominin önüne geçtiği yeni bir hareket başladı. Evrensel bir aklın bağlarından sıyrılmanın gerekli olduğunun vurgulandığı bu akımın başını Nietzsche çekti. Luc Ferry işte tam bu noktada postmodernizmin sivri uçlarına karşı çıkarak akli standartlar ve sanatsal özgürlük arasında bir denge kurulması gereğinin altını çiziyor. Özellikle Kant ve Hegel estetiğini derinlikli ve karşılaştırmalı bir şekilde ele alan Homo Esteticus, estetik alanında önemli bir boşluğu dolduruyor.</p>

<p>Luc Ferry Homo Esteticus’ta, modern felsefenin doğuşunu estetik tarihi çerçevesinde anlatıyor. Ferry’ye göre modern çağ, estetik alanda öznel beğeninin ortaya çıkması, siyasal alanda ise toplumsal sözleşme<span class="excerpt-hellip"> […]</span></p>
